-- Table structure for table `ps_country_shop`
--

CREATE TABLE `ps_country_shop` (
  `id_country` int(11) unsigned NOT NULL,
  `id_shop` int(11) unsigned NOT NULL,
  PRIMARY KEY (`id_country`,`id_shop`),
  KEY `id_shop` (`id_shop`)
) ENGINE=InnoDB DEFAULT CHARSET=utf8;

--
-- Dumping data for table `ps_country_shop`
--

INSERT INTO `ps_country_shop` VALUES (1,1),(2,1),(3,1),(4,1),(5,1),(6,1),(7,1),(8,1),(9,1),(10,1),(11,1),(12,1),(13,1),(14,1),(15,1),(16,1),(17,1),(18,1),(19,1),(20,1),(21,1),(22,1),(23,1),(24,1),(25,1),(26,1),(27,1),(28,1),(29,1),(30,1),(31,1),(32,1),(33,1),(34,1),(35,1),(36,1),(37,1),(38,1),(39,1),(40,1),(41,1),(42,1),(43,1),(44,1),(45,1),(46,1),(47,1),(48,1),(49,1),(50,1),(51,1),(52,1),(53,1),(54,1),(55,1),(56,1),(57,1),(58,1),(59,1),(60,1),(61,1),(62,1),(63,1),(64,1),(65,1),(66,1),(67,1),(68,1),(69,1),(70,1),(71,1),(72,1),(73,1),(74,1),(75,1),(76,1),(77,1),(78,1),(79,1),(80,1),(81,1),(82,1),(83,1),(84,1),(85,1),(86,1),(87,1),(88,1),(89,1),(90,1),(91,1),(92,1),(93,1),(94,1),(95,1),(96,1),(97,1),(98,1),(99,1),(100,1),(101,1),(102,1),(103,1),(104,1),(105,1),(106,1),(107,1),(108,1),(109,1),(110,1),(111,1),(112,1),(113,1),(114,1),(115,1),(116,1),(117,1),(118,1),(119,1),(120,1),(121,1),(122,1),(123,1),(124,1),(125,1),(126,1),(127,1),(128,1),(129,1),(130,1),(131,1),(132,1),(133,1),(134,1),(135,1),(136,1),(137,1),(138,1),(139,1),(140,1),(141,1),(142,1),(143,1),(144,1),(145,1),(146,1),(147,1),(148,1),(149,1),(150,1),(151,1),(152,1),(153,1),(154,1),(155,1),(156,1),(157,1),(158,1),(159,1),(160,1),(161,1),(162,1),(163,1),(164,1),(165,1),(166,1),(167,1),(168,1),(169,1),(170,1),(171,1),(172,1),(173,1),(174,1),(175,1),(176,1),(177,1),(178,1),(179,1),(180,1),(181,1),(182,1),(183,1),(184,1),(185,1),(186,1),(187,1),(188,1),(189,1),(190,1),(191,1),(192,1),(193,1),(194,1),(195,1),(196,1),(197,1),(198,1),(199,1),(200,1),(201,1),(202,1),(203,1),(204,1),(205,1),(206,1),(207,1),(208,1),(209,1),(210,1),(211,1),(212,1),(213,1),(214,1),(215,1),(216,1),(217,1),(218,1),(219,1),(220,1),(221,1),(222,1),(223,1),(224,1),(225,1),(226,1),(227,1),(228,1),(229,1),(230,1),(231,1),(232,1),(233,1),(234,1),(235,1),(236,1),(237,1),(238,1),(239,1),(240,1),(241,1),(242,1),(243,1),(244,1);

--
-- Table structure for table `ps_cronjobs`
--

CREATE TABLE `ps_cronjobs` (
  `id_cronjob` int(10) NOT NULL AUTO_INCREMENT,
  `id_module` int(10) DEFAULT NULL,
  `description` text,
  `task` text,
  `hour` int(11) DEFAULT '-1',
  `day` int(11) DEFAULT '-1',
  `month` int(11) DEFAULT '-1',
  `day_of_week` int(11) DEFAULT '-1',
  `updated_at` datetime DEFAULT NULL,
  `one_shot` tinyint(1) NOT NULL DEFAULT '0',
  `active` tinyint(1) DEFAULT '0',
  `id_shop` int(11) DEFAULT '0',
  `id_shop_group` int(11) DEFAULT '0',
  PRIMARY KEY (`id_cronjob`),
  KEY `id_module` (`id_module`)
) ENGINE=InnoDB DEFAULT CHARSET=utf8;

--
-- Dumping data for table `ps_cronjobs`
--


--
-- Table structure for table `ps_currency`
--

CREATE TABLE `ps_currency` (
  `id_currency` int(10) unsigned NOT NULL AUTO_INCREMENT,
  `name` varchar(64) NOT NULL,
  `iso_code` varchar(3) NOT NULL DEFAULT '0',
  `conversion_rate` decimal(13,6) NOT NULL,
  `deleted` tinyint(1) unsigned NOT NULL DEFAULT '0',
  `active` tinyint(1) unsigned NOT NULL DEFAULT '1',
  PRIMARY KEY (`id_currency`)
) ENGINE=InnoDB AUTO_INCREMENT=2 DEFAULT CHARSET=utf8;

--
-- Dumping data for table `ps_currency`
--

INSERT INTO `ps_currency` VALUES (1,'US Dollar','USD',1.000000,0,1);

--
-- Table structure for table `ps_currency_shop`
--

CREATE TABLE `ps_currency_shop` (
  `id_currency` int(11) unsigned NOT NULL,
  `id_shop` int(11) unsigned NOT NULL,
  `conversion_rate` decimal(13,6) NOT NULL,
  PRIMARY KEY (`id_currency`,`id_shop`),
  KEY `id_shop` (`id_shop`)
) ENGINE=InnoDB DEFAULT CHARSET=utf8;

--
-- Dumping data for table `ps_currency_shop`
--

INSERT INTO `ps_currency_shop` VALUES (1,1,1.000000);

--
-- Table structure for table `ps_customer`
--

CREATE TABLE `ps_customer` (
  `id_customer` int(10) unsigned NOT NULL AUTO_INCREMENT,
  `id_shop_group` int(11) unsigned NOT NULL DEFAULT '1',
  `id_shop` int(11) unsigned NOT NULL DEFAULT '1',
  `id_gender` int(10) unsigned NOT NULL,
  `id_default_group` int(10) unsigned NOT NULL DEFAULT '1',
  `id_lang` int(10) unsigned DEFAULT NULL,
  `id_risk` int(10) unsigned NOT NULL DEFAULT '1',
  `company` varchar(64) DEFAULT NULL,
  `siret` varchar(14) DEFAULT NULL,
  `ape` varchar(5) DEFAULT NULL,
  `firstname` varchar(255) NOT NULL,
  `lastname` varchar(255) NOT NULL,
  `email` varchar(128) NOT NULL,
  `passwd` varchar(60) NOT NULL,
  `last_passwd_gen` timestamp NOT NULL DEFAULT CURRENT_TIMESTAMP,
  `birthday` date DEFAULT NULL,
  `newsletter` tinyint(1) unsigned NOT NULL DEFAULT '0',
  `ip_registration_newsletter` varchar(15) DEFAULT NULL,
  `newsletter_date_add` datetime DEFAULT NULL,
  `optin` tinyint(1) unsigned NOT NULL DEFAULT '0',
  `website` varchar(128) DEFAULT NULL,
  `outstanding_allow_amount` decimal(20,6) NOT NULL DEFAULT '0.000000',
  `show_public_prices` tinyint(1) unsigned NOT NULL DEFAULT '0',
  `max_payment_days` int(10) unsigned NOT NULL DEFAULT '60',
  `secure_key` varchar(32) NOT NULL DEFAULT '-1',
  `note` text,
  `active` tinyint(1) unsigned NOT NULL DEFAULT '0',
  `is_guest` tinyint(1) NOT NULL DEFAULT '0',
  `deleted` tinyint(1) NOT NULL DEFAULT '0',
  `date_add` datetime NOT NULL,
  `date_upd` datetime NOT NULL,
  `reset_password_token` varchar(40) DEFAULT NULL,
  `reset_password_validity` datetime DEFAULT NULL,
  PRIMARY KEY (`id_customer`),
  KEY `customer_email` (`email`),
  KEY `customer_login` (`email`,`passwd`),
  KEY `id_customer_passwd` (`id_customer`,`passwd`),
  KEY `id_gender` (`id_gender`),
  KEY `id_shop_group` (`id_shop_group`),
  KEY `id_shop` (`id_shop`,`date_add`)
) ENGINE=InnoDB AUTO_INCREMENT=8 DEFAULT CHARSET=utf8;

--
-- Dumping data for table `ps_customer`
--

INSERT INTO `ps_customer` VALUES (1,1,1,1,3,1,0,'','','','John','DOE','pub@prestashop.com','355a1c75a4e479b7a3d5dcec0a252de6','2017-07-03 07:43:40','1970-01-15',1,'','2013-12-13 08:19:15',1,'',0.000000,0,0,'22dc4a7bca05e293e6a0eeb92977cc4c','',1,0,0,'2017-07-03 15:43:40','2017-07-03 15:43:40','','0000-00-00 00:00:00'),(4,1,1,2,3,1,1,NULL,NULL,NULL,'Dezz','Yung','dezzyung@gmail.com','ee214966c47419997fa42fd166bac825','2018-07-26 19:37:56','0000-00-00',1,NULL,'2018-07-27 03:37:56',0,NULL,0.000000,0,60,'8243f939418d7619b02654a621226bba',NULL,1,0,0,'2018-07-27 03:37:56','2018-07-27 03:37:57',NULL,'0000-00-00 00:00:00'),(5,1,1,2,3,1,1,NULL,NULL,NULL,'John','Test','test@mail.ru','4cceb74023f5a6d958c1c6f343012b22','2018-07-26 19:38:31','0000-00-00',1,NULL,'2018-07-27 03:38:31',0,NULL,0.000000,0,60,'305b9969b87033698f302393d1337dbe',NULL,1,0,0,'2018-07-27 03:38:31','2018-07-27 03:39:25',NULL,'0000-00-00 00:00:00'),(6,1,1,1,3,1,1,NULL,NULL,NULL,'storeprestamodules','storeprestamodules','kykyryzopresto@gmail.com','2c17bbb9a20f94b97e9bdc57f466891e','2018-07-26 19:41:24','0000-00-00',1,NULL,'2018-07-27 03:41:24',0,NULL,0.000000,0,60,'c017502bb7f1a987aea03b4bdfb54476',NULL,1,0,0,'2018-07-27 03:41:24','2018-07-27 03:41:25',NULL,'0000-00-00 00:00:00'),(7,1,1,1,3,1,0,'','','','Anonymous','Anonymous','anonymous@anonymous.com','prestashop','2018-07-26 20:56:35','0000-00-00',0,'','0000-00-00 00:00:00',0,'',0.000000,0,0,'ee064a5c79f618aae805bc9b74cb8686','',0,0,0,'2018-07-27 04:56:35','2018-07-27 04:56:35','','0000-00-00 00:00:00');

--
-- Table structure for table `ps_customer_group`
--

CREATE TABLE `ps_customer_group` (
  `id_customer` int(10) unsigned NOT NULL,
  `id_group` int(10) unsigned NOT NULL,
  PRIMARY KEY (`id_customer`,`id_group`),
  KEY `customer_login` (`id_group`),
  KEY `id_customer` (`id_customer`)
) ENGINE=InnoDB DEFAULT CHARSET=utf8;

--
-- Dumping data for table `ps_customer_group`
--

INSERT INTO `ps_customer_group` VALUES (1,3),(4,3),(5,3),(6,3),(7,3);

--
-- Table structure for table `ps_customer_linked_social_account`
--

CREATE TABLE `ps_customer_linked_social_account` (
  `id_customer` int(11) NOT NULL AUTO_INCREMENT,
  `id_shop` int(11) NOT NULL DEFAULT '0',
  `type` int(11) NOT NULL DEFAULT '0',
  `email` text,
  KEY `id_customer` (`id_customer`),
  KEY `id_shop` (`id_shop`),
  KEY `type` (`type`)
) ENGINE=InnoDB AUTO_INCREMENT=7 DEFAULT CHARSET=utf8;

--
-- Dumping data for table `ps_customer_linked_social_account`
--

INSERT INTO `ps_customer_linked_social_account` VALUES (4,1,1,'dezzyung@gmail.com'),(5,1,1,'damon_cs@mail.ru'),(6,1,2,'330365955');

--
-- Table structure for table `ps_customer_message`
--

CREATE TABLE `ps_customer_message` (
  `id_customer_message` int(10) unsigned NOT NULL AUTO_INCREMENT,
  `id_customer_thread` int(11) DEFAULT NULL,
  `id_employee` int(10) unsigned DEFAULT NULL,
  `message` mediumtext NOT NULL,
  `file_name` varchar(18) DEFAULT NULL,
  `ip_address` varchar(16) DEFAULT NULL,
  `user_agent` varchar(128) DEFAULT NULL,
  `date_add` datetime NOT NULL,
  `date_upd` datetime NOT NULL,
  `private` tinyint(4) NOT NULL DEFAULT '0',
  `read` tinyint(1) NOT NULL DEFAULT '0',
  PRIMARY KEY (`id_customer_message`),
  KEY `id_customer_thread` (`id_customer_thread`),
  KEY `id_employee` (`id_employee`)
) ENGINE=InnoDB DEFAULT CHARSET=utf8;

--
-- Dumping data for table `ps_customer_message`
--


--
-- Table structure for table `ps_customer_message_sync_imap`
--

CREATE TABLE `ps_customer_message_sync_imap` (
  `md5_header` varbinary(32) NOT NULL,
  KEY `md5_header_index` (`md5_header`(4))
) ENGINE=InnoDB DEFAULT CHARSET=utf8;

--
-- Dumping data for table `ps_customer_message_sync_imap`
--


--
-- Table structure for table `ps_customer_thread`
--

CREATE TABLE `ps_customer_thread` (
  `id_customer_thread` int(11) unsigned NOT NULL AUTO_INCREMENT,
  `id_shop` int(11) unsigned NOT NULL DEFAULT '1',
  `id_lang` int(10) unsigned NOT NULL,
  `id_contact` int(10) unsigned NOT NULL,
  `id_customer` int(10) unsigned DEFAULT NULL,
  `id_order` int(10) unsigned DEFAULT NULL,
  `id_product` int(10) unsigned DEFAULT NULL,
  `status` enum('open','closed','pending1','pending2') NOT NULL DEFAULT 'open',
  `email` varchar(128) NOT NULL,
  `token` varchar(12) DEFAULT NULL,
  `date_add` datetime NOT NULL,
  `date_upd` datetime NOT NULL,
  PRIMARY KEY (`id_customer_thread`),
  KEY `id_shop` (`id_shop`),
  KEY `id_lang` (`id_lang`),
  KEY `id_contact` (`id_contact`),
  KEY `id_customer` (`id_customer`),
  KEY `id_order` (`id_order`),
  KEY `id_product` (`id_product`)
) ENGINE=InnoDB DEFAULT CHARSET=utf8;

--
-- Dumping data for table `ps_customer_thread`
--


--
-- Table structure for table `ps_customers_statistics_spm`
--

CREATE TABLE `ps_customers_statistics_spm` (
  `id` int(11) NOT NULL AUTO_INCREMENT,
  `customer_id` int(10) NOT NULL,
  `email_stat` text,
  `id_shop` int(11) NOT NULL DEFAULT '0',
  `type` int(11) NOT NULL DEFAULT '0',
  `code` varchar(255) NOT NULL DEFAULT '-',
  `code_until` varchar(255) NOT NULL DEFAULT '-',
  `id_discount` int(11) NOT NULL DEFAULT '0',
  `date_create` timestamp NOT NULL DEFAULT CURRENT_TIMESTAMP,
  PRIMARY KEY (`id`),
  KEY `customer_id` (`customer_id`),
  KEY `id_shop` (`id_shop`),
  KEY `type` (`type`)
) ENGINE=InnoDB AUTO_INCREMENT=4 DEFAULT CHARSET=utf8;

--
-- Dumping data for table `ps_customers_statistics_spm`
--

INSERT INTO `ps_customers_statistics_spm` VALUES (1,4,'dezzyung@gmail.com',1,1,'SPM-FACEBOOK-XGVXUYIA','2019-07-27 03:37:56',1,'2018-07-27 07:37:56'),(2,5,'damon_cs@mail.ru',1,1,'SPM-FACEBOOK-QETFQB1D','2019-07-27 03:38:31',2,'2018-07-27 07:38:31'),(3,6,'kykyryzopresto@gmail.com',1,2,'SPM-TWITTER-D3L0LGRV','2019-07-27 03:41:24',3,'2018-07-27 07:41:24');

--
-- Table structure for table `ps_customization`
--

CREATE TABLE `ps_customization` (
  `id_customization` int(10) unsigned NOT NULL AUTO_INCREMENT,
  `id_product_attribute` int(10) unsigned NOT NULL DEFAULT '0',
  `id_address_delivery` int(10) unsigned NOT NULL DEFAULT '0',
  `id_cart` int(10) unsigned NOT NULL,
  `id_product` int(10) NOT NULL,
  `quantity` int(10) NOT NULL,
  `quantity_refunded` int(11) NOT NULL DEFAULT '0',
  `quantity_returned` int(11) NOT NULL DEFAULT '0',
  `in_cart` tinyint(1) unsigned NOT NULL DEFAULT '0',
  PRIMARY KEY (`id_customization`,`id_cart`,`id_product`,`id_address_delivery`),
  KEY `id_product_attribute` (`id_product_attribute`),
  KEY `id_cart_product` (`id_cart`,`id_product`,`id_product_attribute`)
) ENGINE=InnoDB DEFAULT CHARSET=utf8;

--
-- Dumping data for table `ps_customization`
--


--
-- Table structure for table `ps_customization_field`
--

CREATE TABLE `ps_customization_field` (
  `id_customization_field` int(10) unsigned NOT NULL AUTO_INCREMENT,
  `id_product` int(10) unsigned NOT NULL,
  `type` tinyint(1) NOT NULL,
  `required` tinyint(1) NOT NULL,
  `is_module` tinyint(1) NOT NULL DEFAULT '0',
  PRIMARY KEY (`id_customization_field`),
  KEY `id_product` (`id_product`)
) ENGINE=InnoDB DEFAULT CHARSET=utf8;

--
-- Dumping data for table `ps_customization_field`
--


--
-- Table structure for table `ps_customization_field_lang`
--

CREATE TABLE `ps_customization_field_lang` (
  `id_customization_field` int(10) unsigned NOT NULL,
  `id_lang` int(10) unsigned NOT NULL,
  `id_shop` int(10) unsigned NOT NULL DEFAULT '1',
  `name` varchar(255) NOT NULL,
  PRIMARY KEY (`id_customization_field`,`id_lang`,`id_shop`)
) ENGINE=InnoDB DEFAULT CHARSET=utf8;

--
-- Dumping data for table `ps_customization_field_lang`
--


--
-- Table structure for table `ps_customized_data`
--

CREATE TABLE `ps_customized_data` (
  `id_customization` int(10) unsigned NOT NULL,
  `type` tinyint(1) NOT NULL,
  `index` int(3) NOT NULL,
  `value` varchar(255) NOT NULL,
  `id_module` int(10) NOT NULL DEFAULT '0',
  `price` decimal(20,6) NOT NULL DEFAULT '0.000000',
  `weight` decimal(20,6) NOT NULL DEFAULT '0.000000',
  PRIMARY KEY (`id_customization`,`type`,`index`)
) ENGINE=InnoDB DEFAULT CHARSET=utf8;

--
-- Dumping data for table `ps_customized_data`
--


--
-- Table structure for table `ps_date_range`
--

CREATE TABLE `ps_date_range` (
  `id_date_range` int(10) unsigned NOT NULL AUTO_INCREMENT,
  `time_start` datetime NOT NULL,
  `time_end` datetime NOT NULL,
  PRIMARY KEY (`id_date_range`)
) ENGINE=InnoDB DEFAULT CHARSET=utf8;

--
-- Dumping data for table `ps_date_range`
--


--
-- Table structure for table `ps_delivery`
--

CREATE TABLE `ps_delivery` (
  `id_delivery` int(10) unsigned NOT NULL AUTO_INCREMENT,
  `id_shop` int(10) unsigned DEFAULT NULL,
  `id_shop_group` int(10) unsigned DEFAULT NULL,
  `id_carrier` int(10) unsigned NOT NULL,
  `id_range_price` int(10) unsigned DEFAULT NULL,
  `id_range_weight` int(10) unsigned DEFAULT NULL,
  `id_zone` int(10) unsigned NOT NULL,
  `price` decimal(20,6) NOT NULL,
  PRIMARY KEY (`id_delivery`),
  KEY `id_zone` (`id_zone`),
  KEY `id_carrier` (`id_carrier`,`id_zone`),
  KEY `id_range_price` (`id_range_price`),
  KEY `id_range_weight` (`id_range_weight`)
) ENGINE=InnoDB AUTO_INCREMENT=5 DEFAULT CHARSET=utf8;

--
-- Dumping data for table `ps_delivery`
--

INSERT INTO `ps_delivery` VALUES (1,NULL,NULL,2,0,1,1,5.000000),(2,NULL,NULL,2,0,1,2,5.000000),(3,NULL,NULL,2,1,0,1,5.000000),(4,NULL,NULL,2,1,0,2,5.000000);

--
-- Table structure for table `ps_emailsubscription`
--

CREATE TABLE `ps_emailsubscription` (
  `id` int(6) NOT NULL AUTO_INCREMENT,
  `id_shop` int(10) unsigned NOT NULL DEFAULT '1',
  `id_shop_group` int(10) unsigned NOT NULL DEFAULT '1',
  `email` varchar(255) NOT NULL,
  `newsletter_date_add` datetime DEFAULT NULL,
  `ip_registration_newsletter` varchar(15) NOT NULL,
  `http_referer` varchar(255) DEFAULT NULL,
  `active` tinyint(1) NOT NULL DEFAULT '0',
  PRIMARY KEY (`id`)
) ENGINE=InnoDB DEFAULT CHARSET=utf8;

--
-- Dumping data for table `ps_emailsubscription`
--


--
-- Table structure for table `ps_employee`
--

CREATE TABLE `ps_employee` (
  `id_employee` int(10) unsigned NOT NULL AUTO_INCREMENT,
  `id_profile` int(10) unsigned NOT NULL,
  `id_lang` int(10) unsigned NOT NULL DEFAULT '0',
  `lastname` varchar(32) NOT NULL,
  `firstname` varchar(32) NOT NULL,
  `email` varchar(128) NOT NULL,
  `passwd` varchar(60) NOT NULL,
  `last_passwd_gen` timestamp NOT NULL DEFAULT CURRENT_TIMESTAMP,
  `stats_date_from` date DEFAULT NULL,
  `stats_date_to` date DEFAULT NULL,
  `stats_compare_from` date DEFAULT NULL,
  `stats_compare_to` date DEFAULT NULL,
  `stats_compare_option` int(1) unsigned NOT NULL DEFAULT '1',
  `preselect_date_range` varchar(32) DEFAULT NULL,
  `bo_color` varchar(32) DEFAULT NULL,
  `bo_theme` varchar(32) DEFAULT NULL,
  `bo_css` varchar(64) DEFAULT NULL,
  `default_tab` int(10) unsigned NOT NULL DEFAULT '0',
  `bo_width` int(10) unsigned NOT NULL DEFAULT '0',
  `bo_menu` tinyint(1) NOT NULL DEFAULT '1',
  `active` tinyint(1) unsigned NOT NULL DEFAULT '0',
  `optin` tinyint(1) unsigned NOT NULL DEFAULT '1',
  `id_last_order` int(10) unsigned NOT NULL DEFAULT '0',
  `id_last_customer_message` int(10) unsigned NOT NULL DEFAULT '0',
  `id_last_customer` int(10) unsigned NOT NULL DEFAULT '0',
  `last_connection_date` date DEFAULT NULL,
  `reset_password_token` varchar(40) DEFAULT NULL,
  `reset_password_validity` datetime DEFAULT NULL,
  PRIMARY KEY (`id_employee`),
  KEY `employee_login` (`email`,`passwd`),
  KEY `id_employee_passwd` (`id_employee`,`passwd`),
  KEY `id_profile` (`id_profile`)
) ENGINE=InnoDB AUTO_INCREMENT=3 DEFAULT CHARSET=utf8;

--
-- Dumping data for table `ps_employee`
--

INSERT INTO `ps_employee` VALUES (1,1,1,'Test','Test','kykyryzopresto@gmail.com','$2y$10$4ei/6q6mVhYqk7NKjlUST.1qtlvj6xUYeXZzDnC7PE3LG2qpgZEWm','2017-07-03 07:43:39','2017-06-03','2017-07-03','0000-00-00','0000-00-00',1,NULL,NULL,'default','admin-theme.css',1,0,1,1,1,0,0,0,NULL,NULL,'0000-00-00 00:00:00'),(2,5,1,'demo','demo','demo@demo.com','$2y$10$n.knBI9tR9w2DvsgeAituOYi5vtxVLNMrs4mU3bHDUv9CJrqXLzai','2018-07-26 19:33:04','2018-06-27','2018-07-27','0000-00-00','0000-00-00',1,'','','default','admin-theme.css',43,0,1,1,1,5,0,1,NULL,'','0000-00-00 00:00:00');

--
-- Table structure for table `ps_employee_shop`
--

CREATE TABLE `ps_employee_shop` (
  `id_employee` int(11) unsigned NOT NULL,
  `id_shop` int(11) unsigned NOT NULL,
  PRIMARY KEY (`id_employee`,`id_shop`),
  KEY `id_shop` (`id_shop`)
) ENGINE=InnoDB DEFAULT CHARSET=utf8;

--
-- Dumping data for table `ps_employee_shop`
--

INSERT INTO `ps_employee_shop` VALUES (1,1),(2,1);

--
-- Table structure for table `ps_fb_customer`
--

CREATE TABLE `ps_fb_customer` (
  `customer_id` int(10) NOT NULL,
  `fb_id` bigint(20) NOT NULL,
  `id_shop` int(11) NOT NULL DEFAULT '0',
  UNIQUE KEY `FBTWEINONE_CUSTOMER` (`customer_id`,`fb_id`,`id_shop`)
) ENGINE=InnoDB DEFAULT CHARSET=utf8;

--
-- Dumping data for table `ps_fb_customer`
--

INSERT INTO `ps_fb_customer` VALUES (4,1101937836547827,1),(5,10217489735140181,1);

--
-- Table structure for table `ps_fbtweinone_img`
--

CREATE TABLE `ps_fbtweinone_img` (
  `id` int(11) NOT NULL AUTO_INCREMENT,
  `img` text,
  `id_shop` int(11) NOT NULL DEFAULT '0',
  `type` int(11) NOT NULL DEFAULT '1',
  PRIMARY KEY (`id`)
) ENGINE=InnoDB DEFAULT CHARSET=utf8;

--
-- Dumping data for table `ps_fbtweinone_img`
--


--
-- Table structure for table `ps_feature`
--

CREATE TABLE `ps_feature` (
  `id_feature` int(10) unsigned NOT NULL AUTO_INCREMENT,
  `position` int(10) unsigned NOT NULL DEFAULT '0',
  PRIMARY KEY (`id_feature`)
) ENGINE=InnoDB AUTO_INCREMENT=8 DEFAULT CHARSET=utf8;

--
-- Dumping data for table `ps_feature`
--

INSERT INTO `ps_feature` VALUES (1,0),(2,1),(3,2),(4,3),(5,4),(6,5),(7,6);

--
-- Table structure for table `ps_feature_lang`
--

CREATE TABLE `ps_feature_lang` (
  `id_feature` int(10) unsigned NOT NULL,
  `id_lang` int(10) unsigned NOT NULL,
  `name` varchar(128) DEFAULT NULL,
  PRIMARY KEY (`id_feature`,`id_lang`),
  KEY `id_lang` (`id_lang`,`name`)
) ENGINE=InnoDB DEFAULT CHARSET=utf8;

--
-- Dumping data for table `ps_feature_lang`
--

INSERT INTO `ps_feature_lang` VALUES (5,1,'Compositions'),(3,1,'Depth'),(1,1,'Height'),(7,1,'Properties'),(6,1,'Styles'),(4,1,'Weight'),(2,1,'Width'),(2,2,'Breite'),(7,2,'Eigenschaften'),(4,2,'Gewicht'),(1,2,'Höhe'),(6,2,'Stile'),(3,2,'Tiefe'),(5,2,'Zusammensetzung'),(1,3,'Altura'),(2,3,'Anchura'),(5,3,'Composición'),(6,3,'Estilos'),(4,3,'Peso'),(3,3,'Profundidad'),(7,3,'Propiedades'),(5,4,'Composition'),(1,4,'Hauteur'),(2,4,'Largeur'),(4,4,'Poids'),(3,4,'Profondeur'),(7,4,'Propriétés'),(6,4,'Styles'),(1,5,'Altezza'),(5,5,'Composizioni'),(2,5,'Larghezza'),(6,5,'Modelli'),(4,5,'Peso'),(3,5,'Profondità'),(7,5,'Proprietà');

--
-- Table structure for table `ps_feature_product`
--

CREATE TABLE `ps_feature_product` (
  `id_feature` int(10) unsigned NOT NULL,
  `id_product` int(10) unsigned NOT NULL,
  `id_feature_value` int(10) unsigned NOT NULL,
  PRIMARY KEY (`id_feature`,`id_product`),
  KEY `id_feature_value` (`id_feature_value`),
  KEY `id_product` (`id_product`)
) ENGINE=InnoDB DEFAULT CHARSET=utf8;

--
-- Dumping data for table `ps_feature_product`
--

INSERT INTO `ps_feature_product` VALUES (5,6,1),(5,7,1),(5,4,3),(5,5,3),(5,1,5),(5,2,5),(5,3,5),(6,1,11),(6,2,11),(6,5,11),(6,3,13),(6,6,13),(6,7,13),(6,4,16),(7,1,17),(7,2,17),(7,3,18),(7,4,19),(7,6,19),(7,7,20),(7,5,21);

--
-- Table structure for table `ps_feature_shop`
--

CREATE TABLE `ps_feature_shop` (
  `id_feature` int(11) unsigned NOT NULL,
  `id_shop` int(11) unsigned NOT NULL,
  PRIMARY KEY (`id_feature`,`id_shop`),
  KEY `id_shop` (`id_shop`)
) ENGINE=InnoDB DEFAULT CHARSET=utf8;

--
-- Dumping data for table `ps_feature_shop`
--

INSERT INTO `ps_feature_shop` VALUES (1,1),(2,1),(3,1),(4,1),(5,1),(6,1),(7,1);

--
-- Table structure for table `ps_feature_value`
--

CREATE TABLE `ps_feature_value` (
  `id_feature_value` int(10) unsigned NOT NULL AUTO_INCREMENT,
  `id_feature` int(10) unsigned NOT NULL,
  `custom` tinyint(3) unsigned DEFAULT NULL,
  PRIMARY KEY (`id_feature_value`),
  KEY `feature` (`id_feature`)
) ENGINE=InnoDB AUTO_INCREMENT=34 DEFAULT CHARSET=utf8;

--
-- Dumping data for table `ps_feature_value`
--

INSERT INTO `ps_feature_value` VALUES (1,5,0),(2,5,0),(3,5,0),(4,5,0),(5,5,0),(6,5,0),(7,5,0),(8,5,0),(9,5,0),(10,6,0),(11,6,0),(12,6,0),(13,6,0),(14,6,0),(15,6,0),(16,6,0),(17,7,0),(18,7,0),(19,7,0),(20,7,0),(21,7,0),(22,1,1),(23,2,1),(24,4,1),(25,3,1),(26,1,1),(27,2,1),(28,4,1),(29,3,1),(30,1,1),(31,2,1),(32,4,1),(33,3,1);

--
-- Table structure for table `ps_feature_value_lang`
--

CREATE TABLE `ps_feature_value_lang` (
  `id_feature_value` int(10) unsigned NOT NULL,
  `id_lang` int(10) unsigned NOT NULL,
  `value` varchar(255) DEFAULT NULL,
  PRIMARY KEY (`id_feature_value`,`id_lang`)
) ENGINE=InnoDB DEFAULT CHARSET=utf8;

--
-- Dumping data for table `ps_feature_value_lang`
--

INSERT INTO `ps_feature_value_lang` VALUES (1,1,'Polyester'),(1,2,'Polyester'),(1,3,'Poliéster'),(1,4,'Polyester'),(1,5,'Poliestere'),(2,1,'Wool'),(2,2,'Wolle'),(2,3,'Lana'),(2,4,'Laine'),(2,5,'Lana'),(3,1,'Viscose'),(3,2,'Viskose'),(3,3,'Viscosa'),(3,4,'Viscose'),(3,5,'Viscosa'),(4,1,'Elastane'),(4,2,'Elastan'),(4,3,'Elastano'),(4,4,'Elasthanne'),(4,5,'Elastan'),(5,1,'Cotton'),(5,2,'Baumwolle'),(5,3,'Algodón'),(5,4,'Coton'),(5,5,'Cotone'),(6,1,'Silk'),(6,2,'Seide'),(6,3,'Seda'),(6,4,'Soie'),(6,5,'Seta'),(7,1,'Suede'),(7,2,'Wildleder'),(7,3,'Ante'),(7,4,'Daim'),(7,5,'Pelle scamosciata'),(8,1,'Straw'),(8,2,'Strohgelb'),(8,3,'Paja'),(8,4,'Paille'),(8,5,'Paglia'),(9,1,'Leather'),(9,2,'Leder'),(9,3,'Piel'),(9,4,'Cuir'),(9,5,'Pelle'),(10,1,'Classic'),(10,2,'Klassisch'),(10,3,'Clásico'),(10,4,'Classique'),(10,5,'Classico'),(11,1,'Casual'),(11,2,'Leger'),(11,3,'Informal'),(11,4,'Décontracté'),(11,5,'Casual'),(12,1,'Military'),(12,2,'Military'),(12,3,'Militar'),(12,4,'Militaire'),(12,5,'Militare'),(13,1,'Girly'),(13,2,'Girlie'),(13,3,'Femenino'),(13,4,'Féminin'),(13,5,'Femminile'),(14,1,'Rock'),(14,2,'Rock'),(14,3,'Rockero'),(14,4,'Rock'),(14,5,'Rock'),(15,1,'Basic'),(15,2,'Einfach'),(15,3,'Básico'),(15,4,'Basique'),(15,5,'Base'),(16,1,'Dressy'),(16,2,'modisch'),(16,3,'Elegante'),(16,4,'Habillé'),(16,5,'Elegante'),(17,1,'Short Sleeve'),(17,2,'Kurzärmlig'),(17,3,'Manga corta'),(17,4,'Manches courtes'),(17,5,'Manica corta'),(18,1,'Colorful Dress'),(18,2,'Buntes Kleid'),(18,3,'Vestido colorido'),(18,4,'Robe colorée'),(18,5,'Abito colorato'),(19,1,'Short Dress'),(19,2,'kurzes Kleid'),(19,3,'Vestido corto'),(19,4,'Robe courte'),(19,5,'Abito corto'),(20,1,'Midi Dress'),(20,2,'halblang'),(20,3,'Vestido a media pierna'),(20,4,'Robe midi'),(20,5,'Abito midi'),(21,1,'Maxi Dress'),(21,2,'lang'),(21,3,'Vestido largo'),(21,4,'Maxi-robe'),(21,5,'Abito maxi'),(22,1,'2.75 in'),(22,2,'2.75 in'),(22,3,'2.75 in'),(22,4,'2.75 in'),(22,5,'7 cm'),(23,1,'2.06 in'),(23,2,'2.06 in'),(23,3,'2.06 in'),(23,4,'2.06 in'),(23,5,'5.23 cm'),(24,1,'49.2 g'),(24,2,'49.2 g'),(24,3,'49.2 g'),(24,4,'49.2 g'),(24,5,'49.2 g'),(25,1,'0.26 in'),(25,2,'0.26 in'),(25,3,'0.26 in'),(25,4,'0.26 in'),(25,5,'0.66 cm'),(26,1,'1.07 in'),(26,2,'1.07 in'),(26,3,'1.07 in'),(26,4,'1.07 in'),(26,5,'2.72 cm'),(27,1,'1.62 in'),(27,2,'1.62 in'),(27,3,'1.62 in'),(27,4,'1.62 in'),(27,5,'4.11 cm'),(28,1,'15.5 g'),(28,2,'15.5 g'),(28,3,'15.5 g'),(28,4,'15.5 g'),(28,5,'15.5 g'),(29,1,'0.41 in (clip included)'),(29,2,'0.41 in (clip included)'),(29,3,'0.41 in (clip included)'),(29,4,'0.41 in (clip included)'),(29,5,'1 cm (clip inclusa)'),(30,1,'4.33 in'),(30,2,'4.33 in'),(30,3,'4.33 in'),(30,4,'4.33 in'),(30,5,'11 cm'),(31,1,'2.76 in'),(31,2,'2.76 in'),(31,3,'2.76 in'),(31,4,'2.76 in'),(31,5,'7 cm'),(32,1,'120g'),(32,2,'120g'),(32,3,'120g'),(32,4,'120g'),(32,5,'120g'),(33,1,'0.31 in'),(33,2,'0.31 in'),(33,3,'0.31 in'),(33,4,'0.31 in'),(33,5,'0.79 cm');

--
-- Table structure for table `ps_gender`
--

CREATE TABLE `ps_gender` (
  `id_gender` int(11) NOT NULL AUTO_INCREMENT,
  `type` tinyint(1) NOT NULL,
  PRIMARY KEY (`id_gender`)
) ENGINE=InnoDB AUTO_INCREMENT=3 DEFAULT CHARSET=utf8;

--
-- Dumping data for table `ps_gender`
--

INSERT INTO `ps_gender` VALUES (1,0),(2,1);

--
-- Table structure for table `ps_gender_lang`
--

CREATE TABLE `ps_gender_lang` (
  `id_gender` int(10) unsigned NOT NULL,
  `id_lang` int(10) unsigned NOT NULL,
  `name` varchar(20) NOT NULL,
  PRIMARY KEY (`id_gender`,`id_lang`),
  KEY `id_gender` (`id_gender`)
) ENGINE=InnoDB DEFAULT CHARSET=utf8;

--
-- Dumping data for table `ps_gender_lang`
--

INSERT INTO `ps_gender_lang` VALUES (1,1,'Mr.'),(1,2,'Herr'),(1,3,'Sr.'),(1,4,'M'),(1,5,'Sig.'),(2,1,'Mrs.'),(2,2,'Frau'),(2,3,'Sra.'),(2,4,'Mme'),(2,5,'Sig.ra');

--
-- Table structure for table `ps_group`
--

CREATE TABLE `ps_group` (
  `id_group` int(10) unsigned NOT NULL AUTO_INCREMENT,
  `reduction` decimal(17,2) NOT NULL DEFAULT '0.00',
  `price_display_method` tinyint(4) NOT NULL DEFAULT '0',
  `show_prices` tinyint(1) unsigned NOT NULL DEFAULT '1',
  `date_add` datetime NOT NULL,
  `date_upd` datetime NOT NULL,
  PRIMARY KEY (`id_group`)
) ENGINE=InnoDB AUTO_INCREMENT=4 DEFAULT CHARSET=utf8;

--
-- Dumping data for table `ps_group`
--

INSERT INTO `ps_group` VALUES (1,0.00,1,1,'2017-07-03 15:43:29','2017-07-03 15:43:39'),(2,0.00,1,1,'2017-07-03 15:43:29','2017-07-03 15:43:39'),(3,0.00,1,1,'2017-07-03 15:43:29','2017-07-03 15:43:39');

--
-- Table structure for table `ps_group_lang`
--

CREATE TABLE `ps_group_lang` (
  `id_group` int(10) unsigned NOT NULL,
  `id_lang` int(10) unsigned NOT NULL,
  `name` varchar(32) NOT NULL,
  PRIMARY KEY (`id_group`,`id_lang`)
) ENGINE=InnoDB DEFAULT CHARSET=utf8;

--
-- Dumping data for table `ps_group_lang`
--

INSERT INTO `ps_group_lang` VALUES (1,1,'Visitor'),(1,2,'Besucher'),(1,3,'Visitante'),(1,4,'Visiteur'),(1,5,'Visitatore'),(2,1,'Guest'),(2,2,'Gast'),(2,3,'Invitado'),(2,4,'Invité'),(2,5,'Ospite'),(3,1,'Customer'),(3,2,'Kunde'),(3,3,'Cliente'),(3,4,'Client'),(3,5,'Cliente');

--
-- Table structure for table `ps_group_reduction`
--

CREATE TABLE `ps_group_reduction` (
  `id_group_reduction` mediumint(8) unsigned NOT NULL AUTO_INCREMENT,
  `id_group` int(10) unsigned NOT NULL,
  `id_category` int(10) unsigned NOT NULL,
  `reduction` decimal(4,3) NOT NULL,
  PRIMARY KEY (`id_group_reduction`),
  UNIQUE KEY `id_group` (`id_group`,`id_category`)
) ENGINE=InnoDB DEFAULT CHARSET=utf8;

--
-- Dumping data for table `ps_group_reduction`
--


--
-- Table structure for table `ps_group_shop`
--

CREATE TABLE `ps_group_shop` (
  `id_group` int(11) unsigned NOT NULL,
  `id_shop` int(11) unsigned NOT NULL,
  PRIMARY KEY (`id_group`,`id_shop`),
  KEY `id_shop` (`id_shop`)
) ENGINE=InnoDB DEFAULT CHARSET=utf8;

--
-- Dumping data for table `ps_group_shop`
--

INSERT INTO `ps_group_shop` VALUES (1,1),(2,1),(3,1);

--
-- Table structure for table `ps_guest`
--

CREATE TABLE `ps_guest` (
  `id_guest` int(10) unsigned NOT NULL AUTO_INCREMENT,
  `id_operating_system` int(10) unsigned DEFAULT NULL,
  `id_web_browser` int(10) unsigned DEFAULT NULL,
  `id_customer` int(10) unsigned DEFAULT NULL,
  `javascript` tinyint(1) DEFAULT '0',
  `screen_resolution_x` smallint(5) unsigned DEFAULT NULL,
  `screen_resolution_y` smallint(5) unsigned DEFAULT NULL,
  `screen_color` tinyint(3) unsigned DEFAULT NULL,
  `sun_java` tinyint(1) DEFAULT NULL,
  `adobe_flash` tinyint(1) DEFAULT NULL,
  `adobe_director` tinyint(1) DEFAULT NULL,
  `apple_quicktime` tinyint(1) DEFAULT NULL,
  `real_player` tinyint(1) DEFAULT NULL,
  `windows_media` tinyint(1) DEFAULT NULL,
  `accept_language` varchar(8) DEFAULT NULL,
  `mobile_theme` tinyint(1) NOT NULL DEFAULT '0',
  PRIMARY KEY (`id_guest`),
  KEY `id_customer` (`id_customer`),
  KEY `id_operating_system` (`id_operating_system`),
  KEY `id_web_browser` (`id_web_browser`)
) ENGINE=InnoDB AUTO_INCREMENT=32 DEFAULT CHARSET=utf8;

--
-- Dumping data for table `ps_guest`
--

INSERT INTO `ps_guest` VALUES (1,0,0,1,0,0,0,0,0,0,0,0,0,0,'',0),(2,7,3,0,0,0,0,0,0,0,0,0,0,0,'',0),(3,7,3,2,0,0,0,0,0,0,0,0,0,0,'',0),(4,7,3,3,0,0,0,0,0,0,0,0,0,0,'',0),(5,7,3,0,0,0,0,0,0,0,0,0,0,0,'',0),(6,7,3,0,0,0,0,0,0,0,0,0,0,0,'',0),(7,0,0,0,0,0,0,0,0,0,0,0,0,0,'',0),(8,0,0,0,0,0,0,0,0,0,0,0,0,0,'',0),(9,0,0,0,0,0,0,0,0,0,0,0,0,0,'',0),(10,0,0,0,0,0,0,0,0,0,0,0,0,0,'',0),(11,0,0,0,0,0,0,0,0,0,0,0,0,0,'',0),(12,7,3,0,0,0,0,0,0,0,0,0,0,0,'',0),(13,0,0,0,0,0,0,0,0,0,0,0,0,0,'',0),(14,0,0,0,0,0,0,0,0,0,0,0,0,0,'',0),(15,7,11,5,0,0,0,0,0,0,0,0,0,0,'en',0),(16,7,11,6,0,0,0,0,0,0,0,0,0,0,'en',0),(17,7,11,0,0,0,0,0,0,0,0,0,0,0,'en',0),(18,0,0,0,0,0,0,0,0,0,0,0,0,0,'',0),(19,7,3,0,0,0,0,0,0,0,0,0,0,0,'',0),(20,7,3,4,0,0,0,0,0,0,0,0,0,0,'',0),(21,0,0,0,0,0,0,0,0,0,0,0,0,0,'',0),(22,0,0,0,0,0,0,0,0,0,0,0,0,0,'',0),(23,0,0,0,0,0,0,0,0,0,0,0,0,0,'',0),(24,0,0,0,0,0,0,0,0,0,0,0,0,0,'',0),(25,0,0,0,0,0,0,0,0,0,0,0,0,0,'',0),(26,0,0,0,0,0,0,0,0,0,0,0,0,0,'',0),(27,0,0,0,0,0,0,0,0,0,0,0,0,0,'',0),(28,7,3,0,0,0,0,0,0,0,0,0,0,0,'',0),(30,7,11,0,0,0,0,0,0,0,0,0,0,0,'en',0),(31,0,0,0,0,0,0,0,0,0,0,0,0,0,'',0);

--
-- Table structure for table `ps_homeslider`
--

CREATE TABLE `ps_homeslider` (
  `id_homeslider_slides` int(10) unsigned NOT NULL AUTO_INCREMENT,
  `id_shop` int(10) unsigned NOT NULL,
  PRIMARY KEY (`id_homeslider_slides`,`id_shop`)
) ENGINE=InnoDB AUTO_INCREMENT=4 DEFAULT CHARSET=utf8;

--
-- Dumping data for table `ps_homeslider`
--

INSERT INTO `ps_homeslider` VALUES (1,1),(2,1),(3,1);

--
-- Table structure for table `ps_homeslider_slides`
--

CREATE TABLE `ps_homeslider_slides` (
  `id_homeslider_slides` int(10) unsigned NOT NULL AUTO_INCREMENT,
  `position` int(10) unsigned NOT NULL DEFAULT '0',
  `active` tinyint(1) unsigned NOT NULL DEFAULT '0',
  PRIMARY KEY (`id_homeslider_slides`)
) ENGINE=InnoDB AUTO_INCREMENT=4 DEFAULT CHARSET=utf8;

--
-- Dumping data for table `ps_homeslider_slides`
--

INSERT INTO `ps_homeslider_slides` VALUES (1,1,1),(2,2,1),(3,3,1);

--
-- Table structure for table `ps_homeslider_slides_lang`
--

CREATE TABLE `ps_homeslider_slides_lang` (
  `id_homeslider_slides` int(10) unsigned NOT NULL,
  `id_lang` int(10) unsigned NOT NULL,
  `title` varchar(255) NOT NULL,
  `description` text NOT NULL,
  `legend` varchar(255) NOT NULL,
  `url` varchar(255) NOT NULL,
  `image` varchar(255) NOT NULL,
  PRIMARY KEY (`id_homeslider_slides`,`id_lang`)
) ENGINE=InnoDB DEFAULT CHARSET=utf8;

--
-- Dumping data for table `ps_homeslider_slides_lang`
--

INSERT INTO `ps_homeslider_slides_lang` VALUES (1,1,'Sample 1','<h2>EXCEPTEUR OCCAECAT</h2>\n                <p>Lorem ipsum dolor sit amet, consectetur adipiscing elit. Proin tristique in tortor et dignissim. Quisque non tempor leo. Maecenas egestas sem elit</p>','sample-1','http://www.prestashop.com/?utm_source=back-office&utm_medium=v17_homeslider&utm_campaign=back-office-EN&utm_content=download','sample-1.jpg'),(1,2,'Sample 1','<h2>EXCEPTEUR OCCAECAT</h2>\n                <p>Lorem ipsum dolor sit amet, consectetur adipiscing elit. Proin tristique in tortor et dignissim. Quisque non tempor leo. Maecenas egestas sem elit</p>','sample-1','http://www.prestashop.com/?utm_source=back-office&utm_medium=v17_homeslider&utm_campaign=back-office-EN&utm_content=download','sample-1.jpg'),(1,3,'Sample 1','<h2>EXCEPTEUR OCCAECAT</h2>\n                <p>Lorem ipsum dolor sit amet, consectetur adipiscing elit. Proin tristique in tortor et dignissim. Quisque non tempor leo. Maecenas egestas sem elit</p>','sample-1','http://www.prestashop.com/?utm_source=back-office&utm_medium=v17_homeslider&utm_campaign=back-office-EN&utm_content=download','sample-1.jpg'),(1,4,'Sample 1','<h2>EXCEPTEUR OCCAECAT</h2>\n                <p>Lorem ipsum dolor sit amet, consectetur adipiscing elit. Proin tristique in tortor et dignissim. Quisque non tempor leo. Maecenas egestas sem elit</p>','sample-1','http://www.prestashop.com/?utm_source=back-office&utm_medium=v17_homeslider&utm_campaign=back-office-EN&utm_content=download','sample-1.jpg'),(1,5,'Sample 1','<h2>EXCEPTEUR OCCAECAT</h2>\n                <p>Lorem ipsum dolor sit amet, consectetur adipiscing elit. Proin tristique in tortor et dignissim. Quisque non tempor leo. Maecenas egestas sem elit</p>','sample-1','http://www.prestashop.com/?utm_source=back-office&utm_medium=v17_homeslider&utm_campaign=back-office-EN&utm_content=download','sample-1.jpg'),(2,1,'Sample 2','<h2>EXCEPTEUR OCCAECAT</h2>\n                <p>Lorem ipsum dolor sit amet, consectetur adipiscing elit. Proin tristique in tortor et dignissim. Quisque non tempor leo. Maecenas egestas sem elit</p>','sample-2','http://www.prestashop.com/?utm_source=back-office&utm_medium=v17_homeslider&utm_campaign=back-office-EN&utm_content=download','sample-2.jpg'),(2,2,'Sample 2','<h2>EXCEPTEUR OCCAECAT</h2>\n                <p>Lorem ipsum dolor sit amet, consectetur adipiscing elit. Proin tristique in tortor et dignissim. Quisque non tempor leo. Maecenas egestas sem elit</p>','sample-2','http://www.prestashop.com/?utm_source=back-office&utm_medium=v17_homeslider&utm_campaign=back-office-EN&utm_content=download','sample-2.jpg'),(2,3,'Sample 2','<h2>EXCEPTEUR OCCAECAT</h2>\n                <p>Lorem ipsum dolor sit amet, consectetur adipiscing elit. Proin tristique in tortor et dignissim. Quisque non tempor leo. Maecenas egestas sem elit</p>','sample-2','http://www.prestashop.com/?utm_source=back-office&utm_medium=v17_homeslider&utm_campaign=back-office-EN&utm_content=download','sample-2.jpg'),(2,4,'Sample 2','<h2>EXCEPTEUR OCCAECAT</h2>\n                <p>Lorem ipsum dolor sit amet, consectetur adipiscing elit. Proin tristique in tortor et dignissim. Quisque non tempor leo. Maecenas egestas sem elit</p>','sample-2','http://www.prestashop.com/?utm_source=back-office&utm_medium=v17_homeslider&utm_campaign=back-office-EN&utm_content=download','sample-2.jpg'),(2,5,'Sample 2','<h2>EXCEPTEUR OCCAECAT</h2>\n                <p>Lorem ipsum dolor sit amet, consectetur adipiscing elit. Proin tristique in tortor et dignissim. Quisque non tempor leo. Maecenas egestas sem elit</p>','sample-2','http://www.prestashop.com/?utm_source=back-office&utm_medium=v17_homeslider&utm_campaign=back-office-EN&utm_content=download','sample-2.jpg'),(3,1,'Sample 3','<h2>EXCEPTEUR OCCAECAT</h2>\n                <p>Lorem ipsum dolor sit amet, consectetur adipiscing elit. Proin tristique in tortor et dignissim. Quisque non tempor leo. Maecenas egestas sem elit</p>','sample-3','http://www.prestashop.com/?utm_source=back-office&utm_medium=v17_homeslider&utm_campaign=back-office-EN&utm_content=download','sample-3.jpg'),(3,2,'Sample 3','<h2>EXCEPTEUR OCCAECAT</h2>\n                <p>Lorem ipsum dolor sit amet, consectetur adipiscing elit. Proin tristique in tortor et dignissim. Quisque non tempor leo. Maecenas egestas sem elit</p>','sample-3','http://www.prestashop.com/?utm_source=back-office&utm_medium=v17_homeslider&utm_campaign=back-office-EN&utm_content=download','sample-3.jpg'),(3,3,'Sample 3','<h2>EXCEPTEUR OCCAECAT</h2>\n                <p>Lorem ipsum dolor sit amet, consectetur adipiscing elit. Proin tristique in tortor et dignissim. Quisque non tempor leo. Maecenas egestas sem elit</p>','sample-3','http://www.prestashop.com/?utm_source=back-office&utm_medium=v17_homeslider&utm_campaign=back-office-EN&utm_content=download','sample-3.jpg'),(3,4,'Sample 3','<h2>EXCEPTEUR OCCAECAT</h2>\n                <p>Lorem ipsum dolor sit amet, consectetur adipiscing elit. Proin tristique in tortor et dignissim. Quisque non tempor leo. Maecenas egestas sem elit</p>','sample-3','http://www.prestashop.com/?utm_source=back-office&utm_medium=v17_homeslider&utm_campaign=back-office-EN&utm_content=download','sample-3.jpg'),(3,5,'Sample 3','<h2>EXCEPTEUR OCCAECAT</h2>\n                <p>Lorem ipsum dolor sit amet, consectetur adipiscing elit. Proin tristique in tortor et dignissim. Quisque non tempor leo. Maecenas egestas sem elit</p>','sample-3','http://www.prestashop.com/?utm_source=back-office&utm_medium=v17_homeslider&utm_campaign=back-office-EN&utm_content=download','sample-3.jpg');

--
-- Table structure for table `ps_hook`
--

CREATE TABLE `ps_hook` (
  `id_hook` int(10) unsigned NOT NULL AUTO_INCREMENT,
  `name` varchar(64) NOT NULL,
  `title` varchar(64) NOT NULL,
  `description` text,
  `position` tinyint(1) NOT NULL DEFAULT '1',
  PRIMARY KEY (`id_hook`),
  UNIQUE KEY `hook_name` (`name`)
) ENGINE=InnoDB AUTO_INCREMENT=185 DEFAULT CHARSET=utf8;

--
-- Dumping data for table `ps_hook`
--

INSERT INTO `ps_hook` VALUES (1,'actionValidateOrder','New orders','',1),(2,'displayMaintenance','Maintenance Page','This hook displays new elements on the maintenance page',1),(3,'displayProductPageDrawer','Product Page Drawer','This hook displays content in the right sidebar of the product page',1),(4,'actionPaymentConfirmation','Payment confirmation','This hook displays new elements after the payment is validated',1),(5,'displayPaymentReturn','Payment return','',1),(6,'actionUpdateQuantity','Quantity update','Quantity is updated only when a customer effectively places their order',1),(7,'displayRightColumn','Right column blocks','This hook displays new elements in the right-hand column',1),(8,'displayLeftColumn','Left column blocks','This hook displays new elements in the left-hand column',1),(9,'displayHome','Homepage content','This hook displays new elements on the homepage',1),(10,'Header','Pages html head section','This hook adds additional elements in the head section of your pages (head section of html)',1),(11,'actionCartSave','Cart creation and update','This hook is displayed when a product is added to the cart or if the cart\'s content is modified',1),(12,'actionAuthentication','Successful customer authentication','This hook is displayed after a customer successfully signs in',1),(13,'actionProductAdd','Product creation','This hook is displayed after a product is created',1),(14,'actionProductUpdate','Product update','This hook is displayed after a product has been updated',1),(15,'displayAfterBodyOpeningTag','Very top of pages','Use this hook for advertisement or modals you want to load first',1),(16,'displayBeforeBodyClosingTag','Very bottom of pages','Use this hook for your modals or any content you want to load at the very end',1),(17,'displayTop','Top of pages','This hook displays additional elements at the top of your pages',1),(18,'displayNavFullWidth','Navigation','This hook displays full width navigation menu at the top of your pages',1),(19,'displayRightColumnProduct','New elements on the product page (right column)','This hook displays new elements in the right-hand column of the product page',1),(20,'actionProductDelete','Product deletion','This hook is called when a product is deleted',1),(21,'actionObjectProductInCartDeleteBefore','Cart product removal','This hook is called before a product is removed from a cart',1),(22,'actionObjectProductInCartDeleteAfter','Cart product removal','This hook is called after a product is removed from a cart',1),(23,'displayFooterProduct','Product footer','This hook adds new blocks under the product\'s description',1),(24,'displayInvoice','Invoice','This hook displays new blocks on the invoice (order)',1),(25,'actionOrderStatusUpdate','Order status update - Event','This hook launches modules when the status of an order changes',1),(26,'displayAdminOrder','Display new elements in the Back Office, tab AdminOrder','This hook launches modules when the AdminOrder tab is displayed in the Back Office',1),(27,'displayAdminOrderTabOrder','Display new elements in Back Office, AdminOrder, panel Order','This hook launches modules when the AdminOrder tab is displayed in the Back Office and extends / override Order panel tabs',1),(28,'displayAdminOrderTabShip','Display new elements in Back Office, AdminOrder, panel Shipping','This hook launches modules when the AdminOrder tab is displayed in the Back Office and extends / override Shipping panel tabs',1),(29,'displayAdminOrderContentOrder','Display new elements in Back Office, AdminOrder, panel Order','This hook launches modules when the AdminOrder tab is displayed in the Back Office and extends / override Order panel content',1),(30,'displayAdminOrderContentShip','Display new elements in Back Office, AdminOrder, panel Shipping','This hook launches modules when the AdminOrder tab is displayed in the Back Office and extends / override Shipping panel content',1),(31,'displayFooter','Footer','This hook displays new blocks in the footer',1),(32,'displayPDFInvoice','PDF Invoice','This hook allows you to display additional information on PDF invoices',1),(33,'displayInvoiceLegalFreeText','PDF Invoice - Legal Free Text','This hook allows you to modify the legal free text on PDF invoices',1),(34,'displayAdminCustomers','Display new elements in the Back Office, tab AdminCustomers','This hook launches modules when the AdminCustomers tab is displayed in the Back Office',1),(35,'displayOrderConfirmation','Order confirmation page','This hook is called within an order\'s confirmation page',1),(36,'actionCustomerAccountAdd','Successful customer account creation','This hook is called when a new customer creates an account successfully',1),(37,'actionCustomerAccountUpdate','Successful customer account update','This hook is called when a customer updates its account successfully',1),(38,'displayCustomerAccount','Customer account displayed in Front Office','This hook displays new elements on the customer account page',1),(39,'actionOrderSlipAdd','Order slip creation','This hook is called when a new credit slip is added regarding client order',1),(40,'displayShoppingCartFooter','Shopping cart footer','This hook displays some specific information on the shopping cart\'s page',1),(41,'displayCreateAccountEmailFormBottom','Customer authentication form','This hook displays some information on the bottom of the email form',1),(42,'displayAuthenticateFormBottom','Customer authentication form','This hook displays some information on the bottom of the authentication form',1),(43,'displayCustomerAccountForm','Customer account creation form','This hook displays some information on the form to create a customer account',1),(44,'displayAdminStatsModules','Stats - Modules','',1),(45,'displayAdminStatsGraphEngine','Graph engines','',1),(46,'actionOrderReturn','Returned product','This hook is displayed when a customer returns a product ',1),(47,'displayProductAdditionalInfo','Product page additional info','This hook adds additional information on the product page',1),(48,'displayBackOfficeHome','Administration panel homepage','This hook is displayed on the admin panel\'s homepage',1),(49,'displayAdminStatsGridEngine','Grid engines','',1),(50,'actionWatermark','Watermark','',1),(51,'actionProductCancel','Product cancelled','This hook is called when you cancel a product in an order',1),(52,'displayLeftColumnProduct','New elements on the product page (left column)','This hook displays new elements in the left-hand column of the product page',1),(53,'actionProductOutOfStock','Out-of-stock product','This hook displays new action buttons if a product is out of stock',1),(54,'actionProductAttributeUpdate','Product attribute update','This hook is displayed when a product\'s attribute is updated',1),(55,'displayCarrierList','Extra carrier (module mode)','',1),(56,'displayShoppingCart','Shopping cart - Additional button','This hook displays new action buttons within the shopping cart',1),(57,'actionCarrierUpdate','Carrier Update','This hook is called when a carrier is updated',1),(58,'actionOrderStatusPostUpdate','Post update of order status','',1),(59,'displayCustomerAccountFormTop','Block above the form for create an account','This hook is displayed above the customer\'s account creation form',1),(60,'displayBackOfficeHeader','Administration panel header','This hook is displayed in the header of the admin panel',1),(61,'displayBackOfficeTop','Administration panel hover the tabs','This hook is displayed on the roll hover of the tabs within the admin panel',1),(62,'displayBackOfficeFooter','Administration panel footer','This hook is displayed within the admin panel\'s footer',1),(63,'actionProductAttributeDelete','Product attribute deletion','This hook is displayed when a product\'s attribute is deleted',1),(64,'actionCarrierProcess','Carrier process','',1),(65,'displayBeforeCarrier','Before carriers list','This hook is displayed before the carrier list in Front Office',1),(66,'displayAfterCarrier','After carriers list','This hook is displayed after the carrier list in Front Office',1),(67,'displayOrderDetail','Order detail','This hook is displayed within the order\'s details in Front Office',1),(68,'actionPaymentCCAdd','Payment CC added','',1),(69,'actionCategoryAdd','Category creation','This hook is displayed when a category is created',1),(70,'actionCategoryUpdate','Category modification','This hook is displayed when a category is modified',1),(71,'actionCategoryDelete','Category deletion','This hook is displayed when a category is deleted',1),(72,'displayPaymentTop','Top of payment page','This hook is displayed at the top of the payment page',1),(73,'actionHtaccessCreate','After htaccess creation','This hook is displayed after the htaccess creation',1),(74,'actionAdminMetaSave','After saving the configuration in AdminMeta','This hook is displayed after saving the configuration in AdminMeta',1),(75,'displayAttributeGroupForm','Add fields to the form \'attribute group\'','This hook adds fields to the form \'attribute group\'',1),(76,'actionAttributeGroupSave','Saving an attribute group','This hook is called while saving an attributes group',1),(77,'actionAttributeGroupDelete','Deleting attribute group','This hook is called while deleting an attributes  group',1),(78,'displayFeatureForm','Add fields to the form \'feature\'','This hook adds fields to the form \'feature\'',1),(79,'actionFeatureSave','Saving attributes\' features','This hook is called while saving an attributes features',1),(80,'actionFeatureDelete','Deleting attributes\' features','This hook is called while deleting an attributes features',1),(81,'actionProductSave','Saving products','This hook is called while saving products',1),(82,'displayAttributeGroupPostProcess','On post-process in admin attribute group','This hook is called on post-process in admin attribute group',1),(83,'displayFeaturePostProcess','On post-process in admin feature','This hook is called on post-process in admin feature',1),(84,'displayFeatureValueForm','Add fields to the form \'feature value\'','This hook adds fields to the form \'feature value\'',1),(85,'displayFeatureValuePostProcess','On post-process in admin feature value','This hook is called on post-process in admin feature value',1),(86,'actionFeatureValueDelete','Deleting attributes\' features\' values','This hook is called while deleting an attributes features value',1),(87,'actionFeatureValueSave','Saving an attributes features value','This hook is called while saving an attributes features value',1),(88,'displayAttributeForm','Add fields to the form \'attribute value\'','This hook adds fields to the form \'attribute value\'',1),(89,'actionAttributePostProcess','On post-process in admin feature value','This hook is called on post-process in admin feature value',1),(90,'actionAttributeDelete','Deleting an attributes features value','This hook is called while deleting an attributes features value',1),(91,'actionAttributeSave','Saving an attributes features value','This hook is called while saving an attributes features value',1),(92,'actionTaxManager','Tax Manager Factory','',1),(93,'displayMyAccountBlock','My account block','This hook displays extra information within the \'my account\' block\"',1),(94,'actionModuleInstallBefore','actionModuleInstallBefore','',1),(95,'actionModuleInstallAfter','actionModuleInstallAfter','',1),(96,'displayTopColumn','Top column blocks','This hook displays new elements in the top of columns',1),(97,'displayBackOfficeCategory','Display new elements in the Back Office, tab AdminCategories','This hook launches modules when the AdminCategories tab is displayed in the Back Office',1),(98,'displayProductListFunctionalButtons','Display new elements in the Front Office, products list','This hook launches modules when the products list is displayed in the Front Office',1),(99,'displayNav','Navigation','',1),(100,'displayOverrideTemplate','Change the default template of current controller','',1),(101,'actionAdminLoginControllerSetMedia','Set media on admin login page header','This hook is called after adding media to admin login page header',1),(102,'actionOrderEdited','Order edited','This hook is called when an order is edited',1),(103,'actionEmailAddBeforeContent','Add extra content before mail content','This hook is called just before fetching mail template',1),(104,'actionEmailAddAfterContent','Add extra content after mail content','This hook is called just after fetching mail template',1),(105,'sendMailAlterTemplateVars','Alter template vars on the fly','This hook is called when Mail::send() is called',1),(106,'displayCartExtraProductActions','Extra buttons in shopping cart','This hook adds extra buttons to the product lines, in the shopping cart',1),(107,'displayPaymentByBinaries','Payment form generated by binaries','This hook displays form generated by binaries during the checkout',1),(108,'additionalCustomerFormFields','Add fields to the Customer form','This hook returns an array of FormFields to add them to the customer registration form',1),(109,'addWebserviceResources','Add extra webservice resource','This hook is called when webservice resources list in webservice controller',1),(110,'displayCustomerLoginFormAfter','Display elements after login form','This hook displays new elements after the login form',1),(111,'actionClearCache','Clear smarty cache','This hook is called when smarty\'s cache is cleared',1),(112,'actionClearCompileCache','Clear smarty compile cache','This hook is called when smarty\'s compile cache is cleared',1),(113,'actionClearSf2Cache','Clear Sf2 cache','This hook is called when the Symfony cache is cleared',1),(114,'actionValidateCustomerAddressForm','Customer address form validation','This hook is called when a customer submit its address form',1),(115,'displayCarrierExtraContent','Display additional content for a carrier (e.g pickup points)','This hook calls only the module related to the carrier, in order to add options when needed',1),(116,'validateCustomerFormFields','Customer registration form validation','This hook is called to a module when it has sent additional fields with additionalCustomerFormFields',1),(117,'displayProductExtraContent','Display extra content on the product page','This hook expects ProductExtraContent instances, which will be properly displayed by the template on the product page',1),(118,'filterCmsContent','Filter the content page','This hook is called just before fetching content page',1),(119,'filterCmsCategoryContent','Filter the content page category','This hook is called just before fetching content page category',1),(120,'filterProductContent','Filter the content page product','This hook is called just before fetching content page product',1),(121,'filterCategoryContent','Filter the content page category','This hook is called just before fetching content page category',1),(122,'filterManufacturerContent','Filter the content page manufacturer','This hook is called just before fetching content page manufacturer',1),(123,'filterSupplierContent','Filter the content page supplier','This hook is called just before fetching content page supplier',1),(124,'filterHtmlContent','Filter HTML field before rending a page','This hook is called just before fetching a page on HTML field',1),(125,'displayDashboardTop','Dashboard Top','Displays the content in the dashboard\'s top area',1),(126,'actionUpdateLangAfter','Update \"lang\" tables','Update \"lang\" tables after adding or updating a language',1),(127,'actionOutputHTMLBefore','Before HTML output','This hook is used to filter the whole HTML page before it is rendered (only front)',1),(128,'displayAfterProductThumbs','Display extra content below product thumbs','This hook displays new elements below product images ex. additional media',1),(129,'actionDispatcherBefore','Before dispatch','This hook is called at the beginning of the dispatch method of the Dispatcher',1),(130,'actionDispatcherAfter','After dispatch','This hook is called at the end of the dispatch method of the Dispatcher',1),(131,'filterProductSearch','Filter search products result','This hook is called in order to allow to modify search product result',1),(132,'actionProductSearchAfter','Event triggered after search product completed','This hook is called after the product search. Parameters are already filter',1),(133,'actionEmailSendBefore','Before sending an email','This hook is used to filter the content or the metadata of an email before sending it or even prevent its sending',1),(134,'dashboardZoneOne','dashboardZoneOne','',1),(135,'dashboardData','dashboardData','',1),(136,'actionObjectOrderAddAfter','actionObjectOrderAddAfter','',1),(137,'actionObjectCustomerAddAfter','actionObjectCustomerAddAfter','',1),(138,'actionObjectCustomerMessageAddAfter','actionObjectCustomerMessageAddAfter','',1),(139,'actionObjectCustomerThreadAddAfter','actionObjectCustomerThreadAddAfter','',1),(140,'actionObjectOrderReturnAddAfter','actionObjectOrderReturnAddAfter','',1),(141,'actionAdminControllerSetMedia','actionAdminControllerSetMedia','',1),(142,'dashboardZoneTwo','dashboardZoneTwo','',1),(143,'actionSearch','actionSearch','',1),(144,'actionObjectLanguageAddAfter','actionObjectLanguageAddAfter','',1),(145,'paymentOptions','paymentOptions','',1),(146,'displayNav1','displayNav1','',1),(147,'actionAdminStoresControllerUpdate_optionsAfter','actionAdminStoresControllerUpdate_optionsAfter','',1),(148,'actionAdminCurrenciesControllerSaveAfter','actionAdminCurrenciesControllerSaveAfter','',1),(149,'actionModuleRegisterHookAfter','actionModuleRegisterHookAfter','',1),(150,'actionModuleUnRegisterHookAfter','actionModuleUnRegisterHookAfter','',1),(151,'displayFooterBefore','displayFooterBefore','',1),(152,'productSearchProvider','productSearchProvider','',1),(153,'displayOrderConfirmation2','displayOrderConfirmation2','',1),(154,'displayCrossSellingShoppingCart','displayCrossSellingShoppingCart','',1),(155,'actionAdminGroupsControllerSaveAfter','actionAdminGroupsControllerSaveAfter','',1),(156,'actionShopDataDuplication','actionShopDataDuplication','',1),(157,'actionObjectCategoryUpdateAfter','actionObjectCategoryUpdateAfter','',1),(158,'actionObjectCategoryDeleteAfter','actionObjectCategoryDeleteAfter','',1),(159,'actionObjectCategoryAddAfter','actionObjectCategoryAddAfter','',1),(160,'actionObjectCmsUpdateAfter','actionObjectCmsUpdateAfter','',1),(161,'actionObjectCmsDeleteAfter','actionObjectCmsDeleteAfter','',1),(162,'actionObjectCmsAddAfter','actionObjectCmsAddAfter','',1),(163,'actionObjectSupplierUpdateAfter','actionObjectSupplierUpdateAfter','',1),(164,'actionObjectSupplierDeleteAfter','actionObjectSupplierDeleteAfter','',1),(165,'actionObjectSupplierAddAfter','actionObjectSupplierAddAfter','',1),(166,'actionObjectManufacturerUpdateAfter','actionObjectManufacturerUpdateAfter','',1),(167,'actionObjectManufacturerDeleteAfter','actionObjectManufacturerDeleteAfter','',1),(168,'actionObjectManufacturerAddAfter','actionObjectManufacturerAddAfter','',1),(169,'actionObjectProductUpdateAfter','actionObjectProductUpdateAfter','',1),(170,'actionObjectProductDeleteAfter','actionObjectProductDeleteAfter','',1),(171,'actionObjectProductAddAfter','actionObjectProductAddAfter','',1),(172,'displaySearch','displaySearch','',1),(173,'search','search','',1),(174,'displayAdminNavBarBeforeEnd','displayAdminNavBarBeforeEnd','',1),(175,'displayAdminAfterHeader','displayAdminAfterHeader','',1),(176,'displayNav2','','',1),(177,'displayReassurance','','',1),(178,'productTab','productTab','',1),(179,'productTabContent','productTabContent','',1),(180,'socialConnectSpm','socialConnectSpm','',1),(181,'registerGDPRConsent','registerGDPRConsent','',1),(182,'actionDeleteGDPRCustomer','actionDeleteGDPRCustomer','',1),(183,'actionExportGDPRData','actionExportGDPRData','',1),(184,'displayGDPRConsent','displayGDPRConsent','',1);

--
-- Table structure for table `ps_hook_alias`
--

CREATE TABLE `ps_hook_alias` (
  `id_hook_alias` int(10) unsigned NOT NULL AUTO_INCREMENT,
  `alias` varchar(64) NOT NULL,
  `name` varchar(64) NOT NULL,
  PRIMARY KEY (`id_hook_alias`),
  UNIQUE KEY `alias` (`alias`)
) ENGINE=InnoDB AUTO_INCREMENT=84 DEFAULT CHARSET=utf8;

--
-- Dumping data for table `ps_hook_alias`
--

INSERT INTO `ps_hook_alias` VALUES (1,'newOrder','actionValidateOrder'),(2,'paymentConfirm','actionPaymentConfirmation'),(3,'paymentReturn','displayPaymentReturn'),(4,'updateQuantity','actionUpdateQuantity'),(5,'rightColumn','displayRightColumn'),(6,'leftColumn','displayLeftColumn'),(7,'home','displayHome'),(8,'displayHeader','Header'),(9,'cart','actionCartSave'),(10,'authentication','actionAuthentication'),(11,'addproduct','actionProductAdd'),(12,'updateproduct','actionProductUpdate'),(13,'top','displayTop'),(14,'extraRight','displayRightColumnProduct'),(15,'deleteproduct','actionProductDelete'),(16,'productfooter','displayFooterProduct'),(17,'invoice','displayInvoice'),(18,'updateOrderStatus','actionOrderStatusUpdate'),(19,'adminOrder','displayAdminOrder'),(20,'footer','displayFooter'),(21,'PDFInvoice','displayPDFInvoice'),(22,'adminCustomers','displayAdminCustomers'),(23,'orderConfirmation','displayOrderConfirmation'),(24,'createAccount','actionCustomerAccountAdd'),(25,'customerAccount','displayCustomerAccount'),(26,'orderSlip','actionOrderSlipAdd'),(27,'shoppingCart','displayShoppingCartFooter'),(28,'createAccountForm','displayCustomerAccountForm'),(29,'AdminStatsModules','displayAdminStatsModules'),(30,'GraphEngine','displayAdminStatsGraphEngine'),(31,'orderReturn','actionOrderReturn'),(32,'productActions','displayProductAdditionalInfo'),(33,'displayProductButtons','displayProductAdditionalInfo'),(34,'backOfficeHome','displayBackOfficeHome'),(35,'GridEngine','displayAdminStatsGridEngine'),(36,'watermark','actionWatermark'),(37,'cancelProduct','actionProductCancel'),(38,'extraLeft','displayLeftColumnProduct'),(39,'productOutOfStock','actionProductOutOfStock'),(40,'updateProductAttribute','actionProductAttributeUpdate'),(41,'extraCarrier','displayCarrierList'),(42,'shoppingCartExtra','displayShoppingCart'),(43,'updateCarrier','actionCarrierUpdate'),(44,'postUpdateOrderStatus','actionOrderStatusPostUpdate'),(45,'createAccountTop','displayCustomerAccountFormTop'),(46,'backOfficeHeader','displayBackOfficeHeader'),(47,'backOfficeTop','displayBackOfficeTop'),(48,'backOfficeFooter','displayBackOfficeFooter'),(49,'deleteProductAttribute','actionProductAttributeDelete'),(50,'processCarrier','actionCarrierProcess'),(51,'beforeCarrier','displayBeforeCarrier'),(52,'orderDetailDisplayed','displayOrderDetail'),(53,'paymentCCAdded','actionPaymentCCAdd'),(54,'categoryAddition','actionCategoryAdd'),(55,'categoryUpdate','actionCategoryUpdate'),(56,'categoryDeletion','actionCategoryDelete'),(57,'paymentTop','displayPaymentTop'),(58,'afterCreateHtaccess','actionHtaccessCreate'),(59,'afterSaveAdminMeta','actionAdminMetaSave'),(60,'attributeGroupForm','displayAttributeGroupForm'),(61,'afterSaveAttributeGroup','actionAttributeGroupSave'),(62,'afterDeleteAttributeGroup','actionAttributeGroupDelete'),(63,'featureForm','displayFeatureForm'),(64,'afterSaveFeature','actionFeatureSave'),(65,'afterDeleteFeature','actionFeatureDelete'),(66,'afterSaveProduct','actionProductSave'),(67,'postProcessAttributeGroup','displayAttributeGroupPostProcess'),(68,'postProcessFeature','displayFeaturePostProcess'),(69,'featureValueForm','displayFeatureValueForm'),(70,'postProcessFeatureValue','displayFeatureValuePostProcess'),(71,'afterDeleteFeatureValue','actionFeatureValueDelete'),(72,'afterSaveFeatureValue','actionFeatureValueSave'),(73,'attributeForm','displayAttributeForm'),(74,'postProcessAttribute','actionAttributePostProcess'),(75,'afterDeleteAttribute','actionAttributeDelete'),(76,'afterSaveAttribute','actionAttributeSave'),(77,'taxManager','actionTaxManager'),(78,'myAccountBlock','displayMyAccountBlock'),(79,'actionBeforeCartUpdateQty','actionCartUpdateQuantityBefore'),(80,'actionBeforeAjaxDie','actionAjaxDieBefore'),(81,'actionBeforeAuthentication','actionAuthenticationBefore'),(82,'actionBeforeSubmitAccount','actionSubmitAccountBefore'),(83,'actionAfterDeleteProductInCart','actionDeleteProductInCartAfter');

--
-- Table structure for table `ps_hook_module`
--

CREATE TABLE `ps_hook_module` (
  `id_module` int(10) unsigned NOT NULL,
  `id_shop` int(11) unsigned NOT NULL DEFAULT '1',
  `id_hook` int(10) unsigned NOT NULL,
  `position` tinyint(2) unsigned NOT NULL,
  PRIMARY KEY (`id_module`,`id_hook`,`id_shop`),
  KEY `id_hook` (`id_hook`),
  KEY `id_module` (`id_module`),
  KEY `position` (`id_shop`,`position`)
) ENGINE=InnoDB DEFAULT CHARSET=utf8;

--
-- Dumping data for table `ps_hook_module`
--

INSERT INTO `ps_hook_module` VALUES (1,1,134,1),(1,1,135,1),(1,1,136,1),(1,1,137,1),(1,1,138,1),(1,1,139,1),(1,1,140,1),(1,1,141,1),(2,1,58,1),(2,1,142,1),(4,1,143,1),(5,1,45,1),(6,1,49,1),(7,1,144,1),(8,1,8,1),(9,1,5,1),(9,1,145,1),(10,1,146,1),(10,1,147,1),(11,1,148,1),(12,1,149,1),(12,1,150,1),(15,1,36,1),(15,1,108,1),(15,1,151,1),(16,1,69,1),(16,1,70,1),(16,1,71,1),(16,1,76,1),(16,1,77,1),(16,1,79,1),(16,1,80,1),(16,1,81,1),(16,1,86,1),(16,1,87,1),(16,1,89,1),(16,1,90,1),(16,1,91,1),(16,1,152,1),(17,1,13,1),(17,1,14,1),(17,1,20,1),(17,1,153,1),(17,1,154,1),(17,1,155,1),(18,1,9,1),(18,1,10,1),(18,1,156,1),(19,1,176,1),(20,1,31,1),(20,1,126,1),(21,1,17,1),(21,1,157,1),(21,1,158,1),(21,1,159,1),(21,1,160,1),(21,1,161,1),(21,1,162,1),(21,1,163,1),(21,1,164,1),(21,1,165,1),(21,1,166,1),(21,1,167,1),(21,1,168,1),(21,1,169,1),(21,1,170,1),(21,1,171,1),(22,1,172,1),(23,1,47,1),(27,1,44,1),(37,1,12,1),(37,1,16,1),(47,1,173,1),(50,1,60,1),(50,1,174,1),(50,1,175,1),(52,1,177,1),(53,1,7,1),(53,1,19,1),(53,1,23,1),(53,1,35,1),(53,1,38,1),(53,1,52,1),(53,1,93,1),(53,1,178,1),(53,1,179,1),(53,1,180,1),(53,1,181,1),(53,1,182,1),(53,1,183,1),(54,1,184,1),(2,1,135,2),(2,1,141,2),(3,1,142,2),(4,1,136,2),(11,1,176,2),(12,1,31,2),(16,1,8,2),(17,1,9,2),(17,1,70,2),(21,1,156,2),(22,1,10,2),(22,1,17,2),(25,1,151,2),(26,1,5,2),(26,1,145,2),(28,1,44,2),(37,1,36,2),(51,1,60,2),(51,1,149,2),(51,1,150,2),(52,1,126,2),(53,1,47,2),(53,1,134,2),(54,1,38,2),(54,1,108,2),(54,1,181,2),(54,1,182,2),(3,1,135,3),(3,1,141,3),(4,1,142,3),(7,1,9,3),(13,1,176,3),(21,1,70,3),(24,1,10,3),(29,1,44,3),(53,1,8,3),(53,1,31,3),(53,1,60,3),(54,1,36,3),(4,1,135,4),(5,1,141,4),(14,1,9,4),(24,1,176,4),(30,1,44,4),(53,1,10,4),(31,1,44,5),(53,1,9,5),(54,1,141,5),(32,1,44,6),(33,1,44,7),(34,1,44,8),(35,1,44,9),(36,1,44,10),(38,1,44,11),(39,1,44,12),(40,1,44,13),(41,1,44,14),(42,1,44,15),(43,1,44,16),(44,1,44,17),(45,1,44,18),(46,1,44,19),(47,1,44,20),(48,1,44,21),(49,1,44,22);

--
-- Table structure for table `ps_hook_module_exceptions`
--

CREATE TABLE `ps_hook_module_exceptions` (
  `id_hook_module_exceptions` int(10) unsigned NOT NULL AUTO_INCREMENT,
  `id_shop` int(11) unsigned NOT NULL DEFAULT '1',
  `id_module` int(10) unsigned NOT NULL,
  `id_hook` int(10) unsigned NOT NULL,
  `file_name` varchar(255) DEFAULT NULL,
  PRIMARY KEY (`id_hook_module_exceptions`),
  KEY `id_module` (`id_module`),
  KEY `id_hook` (`id_hook`)
) ENGINE=InnoDB DEFAULT CHARSET=utf8;

--
-- Dumping data for table `ps_hook_module_exceptions`
--


--
-- Table structure for table `ps_image`
--

CREATE TABLE `ps_image` (
  `id_image` int(10) unsigned NOT NULL AUTO_INCREMENT,
  `id_product` int(10) unsigned NOT NULL,
  `position` smallint(2) unsigned NOT NULL DEFAULT '0',
  `cover` tinyint(1) unsigned DEFAULT NULL,
  PRIMARY KEY (`id_image`),
  UNIQUE KEY `id_product_cover` (`id_product`,`cover`),
  UNIQUE KEY `idx_product_image` (`id_image`,`id_product`,`cover`),
  KEY `image_product` (`id_product`)
) ENGINE=InnoDB AUTO_INCREMENT=24 DEFAULT CHARSET=utf8;

--
-- Dumping data for table `ps_image`
--

INSERT INTO `ps_image` VALUES (1,1,1,1),(2,1,2,NULL),(3,1,3,NULL),(4,1,4,NULL),(5,2,1,NULL),(6,2,2,NULL),(7,2,3,1),(8,3,1,1),(9,3,2,NULL),(10,4,1,1),(11,4,2,NULL),(12,5,1,1),(13,5,2,NULL),(14,5,3,NULL),(15,5,4,NULL),(16,6,1,1),(17,6,2,NULL),(18,6,3,NULL),(19,6,4,NULL),(20,7,1,1),(21,7,2,NULL),(22,7,3,NULL),(23,7,4,NULL);

--
-- Table structure for table `ps_image_lang`
--

CREATE TABLE `ps_image_lang` (
  `id_image` int(10) unsigned NOT NULL,
  `id_lang` int(10) unsigned NOT NULL,
  `legend` varchar(128) DEFAULT NULL,
  PRIMARY KEY (`id_image`,`id_lang`),
  KEY `id_image` (`id_image`)
) ENGINE=InnoDB DEFAULT CHARSET=utf8;

--
-- Dumping data for table `ps_image_lang`
--

INSERT INTO `ps_image_lang` VALUES (1,1,''),(1,2,''),(1,3,''),(1,4,''),(1,5,''),(2,1,''),(2,2,''),(2,3,''),(2,4,''),(2,5,''),(3,1,''),(3,2,''),(3,3,''),(3,4,''),(3,5,''),(4,1,''),(4,2,''),(4,3,''),(4,4,''),(4,5,''),(5,1,''),(5,2,''),(5,3,''),(5,4,''),(5,5,''),(6,1,''),(6,2,''),(6,3,''),(6,4,''),(6,5,''),(7,1,''),(7,2,''),(7,3,''),(7,4,''),(7,5,''),(8,1,''),(8,2,''),(8,3,''),(8,4,''),(8,5,''),(9,1,''),(9,2,''),(9,3,''),(9,4,''),(9,5,''),(10,1,''),(10,2,''),(10,3,''),(10,4,''),(10,5,''),(11,1,''),(11,2,''),(11,3,''),(11,4,''),(11,5,''),(12,1,''),(12,2,''),(12,3,''),(12,4,''),(12,5,''),(13,1,''),(13,2,''),(13,3,''),(13,4,''),(13,5,''),(14,1,''),(14,2,''),(14,3,''),(14,4,''),(14,5,''),(15,1,''),(15,2,''),(15,3,''),(15,4,''),(15,5,''),(16,1,''),(16,2,''),(16,3,''),(16,4,''),(16,5,''),(17,1,''),(17,2,''),(17,3,''),(17,4,''),(17,5,''),(18,1,''),(18,2,''),(18,3,''),(18,4,''),(18,5,''),(19,1,''),(19,2,''),(19,3,''),(19,4,''),(19,5,''),(20,1,''),(20,2,''),(20,3,''),(20,4,''),(20,5,''),(21,1,''),(21,2,''),(21,3,''),(21,4,''),(21,5,''),(22,1,''),(22,2,''),(22,3,''),(22,4,''),(22,5,''),(23,1,''),(23,2,''),(23,3,''),(23,4,''),(23,5,'');

--
-- Table structure for table `ps_image_shop`
--

CREATE TABLE `ps_image_shop` (
  `id_product` int(10) unsigned NOT NULL,
  `id_image` int(11) unsigned NOT NULL,
  `id_shop` int(11) unsigned NOT NULL,
  `cover` tinyint(1) unsigned DEFAULT NULL,
  PRIMARY KEY (`id_image`,`id_shop`),
  UNIQUE KEY `id_product` (`id_product`,`id_shop`,`cover`),
  KEY `id_shop` (`id_shop`)
) ENGINE=InnoDB DEFAULT CHARSET=utf8;

--
-- Dumping data for table `ps_image_shop`
--

INSERT INTO `ps_image_shop` VALUES (1,2,1,NULL),(1,3,1,NULL),(1,4,1,NULL),(1,1,1,1),(2,5,1,NULL),(2,6,1,NULL),(2,7,1,1),(3,9,1,NULL),(3,8,1,1),(4,11,1,NULL),(4,10,1,1),(5,13,1,NULL),(5,14,1,NULL),(5,15,1,NULL),(5,12,1,1),(6,17,1,NULL),(6,18,1,NULL),(6,19,1,NULL),(6,16,1,1),(7,21,1,NULL),(7,22,1,NULL),(7,23,1,NULL),(7,20,1,1);

--
-- Table structure for table `ps_image_type`
--

CREATE TABLE `ps_image_type` (
  `id_image_type` int(10) unsigned NOT NULL AUTO_INCREMENT,
  `name` varchar(64) NOT NULL,
  `width` int(10) unsigned NOT NULL,
  `height` int(10) unsigned NOT NULL,
  `products` tinyint(1) NOT NULL DEFAULT '1',
  `categories` tinyint(1) NOT NULL DEFAULT '1',
  `manufacturers` tinyint(1) NOT NULL DEFAULT '1',
  `suppliers` tinyint(1) NOT NULL DEFAULT '1',
  `stores` tinyint(1) NOT NULL DEFAULT '1',
  PRIMARY KEY (`id_image_type`),
  KEY `image_type_name` (`name`)
) ENGINE=InnoDB AUTO_INCREMENT=8 DEFAULT CHARSET=utf8;

--
-- Dumping data for table `ps_image_type`
--

INSERT INTO `ps_image_type` VALUES (1,'cart_default',125,125,1,0,0,0,0),(2,'small_default',98,98,1,1,1,1,0),(3,'medium_default',452,452,1,0,1,1,0),(4,'home_default',250,250,1,0,0,0,0),(5,'large_default',800,800,1,0,1,1,0),(6,'category_default',141,180,0,1,0,0,0),(7,'stores_default',170,115,0,0,0,0,1);

--
-- Table structure for table `ps_import_match`
--

CREATE TABLE `ps_import_match` (
  `id_import_match` int(10) NOT NULL AUTO_INCREMENT,
  `name` varchar(32) NOT NULL,
  `match` text NOT NULL,
  `skip` int(2) NOT NULL,
  PRIMARY KEY (`id_import_match`)
) ENGINE=InnoDB DEFAULT CHARSET=utf8;

--
-- Dumping data for table `ps_import_match`
--


--
-- Table structure for table `ps_info`
--

CREATE TABLE `ps_info` (
  `id_info` int(10) unsigned NOT NULL AUTO_INCREMENT,
  `id_shop` int(10) unsigned DEFAULT NULL,
  PRIMARY KEY (`id_info`)
) ENGINE=InnoDB AUTO_INCREMENT=2 DEFAULT CHARSET=utf8;

--
-- Dumping data for table `ps_info`
--

INSERT INTO `ps_info` VALUES (1,1);

--
-- Table structure for table `ps_info_lang`
--

CREATE TABLE `ps_info_lang` (
  `id_info` int(10) unsigned NOT NULL,
  `id_lang` int(10) unsigned NOT NULL,
  `text` text NOT NULL,
  PRIMARY KEY (`id_info`,`id_lang`)
) ENGINE=InnoDB DEFAULT CHARSET=utf8;

--
-- Dumping data for table `ps_info_lang`
--

INSERT INTO `ps_info_lang` VALUES (1,1,'<h3>Custom Text Block</h3>\n<p><strong class=\"dark\">Lorem ipsum dolor sit amet conse ctetu</strong></p>\n<p>Sit amet conse ctetur adipisicing elit, sed do eiusmod tempor incididunt ut labore et dolore magna aliqua. Ut enim ad minim veniam, quis nostrud exercitation ullamco laboris nisi ut aliquip ex ea commodo consequat. Duis aute irure dolor in reprehenderit.</p>'),(1,2,'<h3>Custom Text Block</h3>\n<p><strong class=\"dark\">Lorem ipsum dolor sit amet conse ctetu</strong></p>\n<p>Sit amet conse ctetur adipisicing elit, sed do eiusmod tempor incididunt ut labore et dolore magna aliqua. Ut enim ad minim veniam, quis nostrud exercitation ullamco laboris nisi ut aliquip ex ea commodo consequat. Duis aute irure dolor in reprehenderit.</p>'),(1,3,'<h3>Custom Text Block</h3>\n<p><strong class=\"dark\">Lorem ipsum dolor sit amet conse ctetu</strong></p>\n<p>Sit amet conse ctetur adipisicing elit, sed do eiusmod tempor incididunt ut labore et dolore magna aliqua. Ut enim ad minim veniam, quis nostrud exercitation ullamco laboris nisi ut aliquip ex ea commodo consequat. Duis aute irure dolor in reprehenderit.</p>'),(1,4,'<h3>Custom Text Block</h3>\n<p><strong class=\"dark\">Lorem ipsum dolor sit amet conse ctetu</strong></p>\n<p>Sit amet conse ctetur adipisicing elit, sed do eiusmod tempor incididunt ut labore et dolore magna aliqua. Ut enim ad minim veniam, quis nostrud exercitation ullamco laboris nisi ut aliquip ex ea commodo consequat. Duis aute irure dolor in reprehenderit.</p>'),(1,5,'<h3>Custom Text Block</h3>\n<p><strong class=\"dark\">Lorem ipsum dolor sit amet conse ctetu</strong></p>\n<p>Sit amet conse ctetur adipisicing elit, sed do eiusmod tempor incididunt ut labore et dolore magna aliqua. Ut enim ad minim veniam, quis nostrud exercitation ullamco laboris nisi ut aliquip ex ea commodo consequat. Duis aute irure dolor in reprehenderit.</p>');

--
-- Table structure for table `ps_lang`
--

CREATE TABLE `ps_lang` (
  `id_lang` int(11) NOT NULL AUTO_INCREMENT,
  `name` varchar(32) COLLATE utf8_unicode_ci NOT NULL,
  `active` tinyint(1) NOT NULL,
  `iso_code` varchar(2) COLLATE utf8_unicode_ci NOT NULL,
  `language_code` varchar(5) COLLATE utf8_unicode_ci NOT NULL,
  `locale` varchar(5) COLLATE utf8_unicode_ci NOT NULL,
  `date_format_lite` varchar(32) COLLATE utf8_unicode_ci NOT NULL,
  `date_format_full` varchar(32) COLLATE utf8_unicode_ci NOT NULL,
  `is_rtl` tinyint(1) NOT NULL,
  PRIMARY KEY (`id_lang`)
) ENGINE=InnoDB AUTO_INCREMENT=6 DEFAULT CHARSET=utf8 COLLATE=utf8_unicode_ci;

--
-- Dumping data for table `ps_lang`
--

INSERT INTO `ps_lang` VALUES (1,'English (English)',1,'en','en-us','en-US','m/d/Y','m/d/Y H:i:s',0),(2,'Deutsch (German)',1,'de','de-de','de-DE','d.m.Y','d.m.Y H:i:s',0),(3,'Español (Spanish)',1,'es','es-es','es-ES','d/m/Y','d/m/Y H:i:s',0),(4,'Français (French)',1,'fr','fr-fr','fr-FR','d/m/Y','d/m/Y H:i:s',0),(5,'Italiano (Italian)',1,'it','it-it','it-IT','d/m/Y','d/m/Y H:i:s',0);

--
-- Table structure for table `ps_lang_shop`
--

CREATE TABLE `ps_lang_shop` (
  `id_lang` int(11) NOT NULL,
  `id_shop` int(11) NOT NULL,
  PRIMARY KEY (`id_lang`,`id_shop`),
  KEY `IDX_2F43BFC7BA299860` (`id_lang`),
  KEY `IDX_2F43BFC7274A50A0` (`id_shop`)
) ENGINE=InnoDB DEFAULT CHARSET=utf8 COLLATE=utf8_unicode_ci;

--
-- Dumping data for table `ps_lang_shop`
--

INSERT INTO `ps_lang_shop` VALUES (1,1),(2,1),(3,1),(4,1),(5,1);

--
-- Table structure for table `ps_layered_category`
--

CREATE TABLE `ps_layered_category` (
  `id_layered_category` int(10) unsigned NOT NULL AUTO_INCREMENT,
  `id_shop` int(11) unsigned NOT NULL,
  `id_category` int(10) unsigned NOT NULL,
  `id_value` int(10) unsigned DEFAULT '0',
  `type` enum('category','id_feature','id_attribute_group','quantity','condition','manufacturer','weight','price') NOT NULL,
  `position` int(10) unsigned NOT NULL,
  `filter_type` int(10) unsigned NOT NULL DEFAULT '0',
  `filter_show_limit` int(10) unsigned NOT NULL DEFAULT '0',
  PRIMARY KEY (`id_layered_category`),
  KEY `id_category` (`id_category`,`type`)
) ENGINE=InnoDB AUTO_INCREMENT=100 DEFAULT CHARSET=latin1;

--
-- Dumping data for table `ps_layered_category`
--

INSERT INTO `ps_layered_category` VALUES (1,1,3,NULL,'category',1,0,0),(2,1,3,1,'id_attribute_group',2,0,0),(3,1,3,3,'id_attribute_group',3,0,0),(4,1,3,5,'id_feature',4,0,0),(5,1,3,6,'id_feature',5,0,0),(6,1,3,7,'id_feature',6,0,0),(7,1,3,NULL,'quantity',7,0,0),(8,1,3,NULL,'manufacturer',8,0,0),(9,1,3,NULL,'condition',9,0,0),(10,1,3,NULL,'weight',10,0,0),(11,1,3,NULL,'price',11,0,0),(12,1,2,NULL,'category',1,0,0),(13,1,2,1,'id_attribute_group',2,0,0),(14,1,2,3,'id_attribute_group',3,0,0),(15,1,2,5,'id_feature',4,0,0),(16,1,2,6,'id_feature',5,0,0),(17,1,2,7,'id_feature',6,0,0),(18,1,2,NULL,'quantity',7,0,0),(19,1,2,NULL,'manufacturer',8,0,0),(20,1,2,NULL,'condition',9,0,0),(21,1,2,NULL,'weight',10,0,0),(22,1,2,NULL,'price',11,0,0),(23,1,5,NULL,'category',1,0,0),(24,1,5,1,'id_attribute_group',2,0,0),(25,1,5,3,'id_attribute_group',3,0,0),(26,1,5,5,'id_feature',4,0,0),(27,1,5,6,'id_feature',5,0,0),(28,1,5,7,'id_feature',6,0,0),(29,1,5,NULL,'quantity',7,0,0),(30,1,5,NULL,'manufacturer',8,0,0),(31,1,5,NULL,'condition',9,0,0),(32,1,5,NULL,'weight',10,0,0),(33,1,5,NULL,'price',11,0,0),(34,1,4,NULL,'category',1,0,0),(35,1,4,1,'id_attribute_group',2,0,0),(36,1,4,3,'id_attribute_group',3,0,0),(37,1,4,5,'id_feature',4,0,0),(38,1,4,6,'id_feature',5,0,0),(39,1,4,7,'id_feature',6,0,0),(40,1,4,NULL,'quantity',7,0,0),(41,1,4,NULL,'manufacturer',8,0,0),(42,1,4,NULL,'condition',9,0,0),(43,1,4,NULL,'weight',10,0,0),(44,1,4,NULL,'price',11,0,0),(45,1,7,NULL,'category',1,0,0),(46,1,7,1,'id_attribute_group',2,0,0),(47,1,7,3,'id_attribute_group',3,0,0),(48,1,7,5,'id_feature',4,0,0),(49,1,7,6,'id_feature',5,0,0),(50,1,7,7,'id_feature',6,0,0),(51,1,7,NULL,'quantity',7,0,0),(52,1,7,NULL,'manufacturer',8,0,0),(53,1,7,NULL,'condition',9,0,0),(54,1,7,NULL,'weight',10,0,0),(55,1,7,NULL,'price',11,0,0),(56,1,9,NULL,'category',1,0,0),(57,1,9,1,'id_attribute_group',2,0,0),(58,1,9,3,'id_attribute_group',3,0,0),(59,1,9,5,'id_feature',4,0,0),(60,1,9,6,'id_feature',5,0,0),(61,1,9,7,'id_feature',6,0,0),(62,1,9,NULL,'quantity',7,0,0),(63,1,9,NULL,'manufacturer',8,0,0),(64,1,9,NULL,'condition',9,0,0),(65,1,9,NULL,'weight',10,0,0),(66,1,9,NULL,'price',11,0,0),(67,1,8,NULL,'category',1,0,0),(68,1,8,1,'id_attribute_group',2,0,0),(69,1,8,3,'id_attribute_group',3,0,0),(70,1,8,5,'id_feature',4,0,0),(71,1,8,6,'id_feature',5,0,0),(72,1,8,7,'id_feature',6,0,0),(73,1,8,NULL,'quantity',7,0,0),(74,1,8,NULL,'manufacturer',8,0,0),(75,1,8,NULL,'condition',9,0,0),(76,1,8,NULL,'weight',10,0,0),(77,1,8,NULL,'price',11,0,0),(78,1,10,NULL,'category',1,0,0),(79,1,10,1,'id_attribute_group',2,0,0),(80,1,10,3,'id_attribute_group',3,0,0),(81,1,10,5,'id_feature',4,0,0),(82,1,10,6,'id_feature',5,0,0),(83,1,10,7,'id_feature',6,0,0),(84,1,10,NULL,'quantity',7,0,0),(85,1,10,NULL,'manufacturer',8,0,0),(86,1,10,NULL,'condition',9,0,0),(87,1,10,NULL,'weight',10,0,0),(88,1,10,NULL,'price',11,0,0),(89,1,11,NULL,'category',1,0,0),(90,1,11,1,'id_attribute_group',2,0,0),(91,1,11,3,'id_attribute_group',3,0,0),(92,1,11,5,'id_feature',4,0,0),(93,1,11,6,'id_feature',5,0,0),(94,1,11,7,'id_feature',6,0,0),(95,1,11,NULL,'quantity',7,0,0),(96,1,11,NULL,'manufacturer',8,0,0),(97,1,11,NULL,'condition',9,0,0),(98,1,11,NULL,'weight',10,0,0),(99,1,11,NULL,'price',11,0,0);

--
-- Table structure for table `ps_layered_filter`
--

CREATE TABLE `ps_layered_filter` (
  `id_layered_filter` int(10) unsigned NOT NULL AUTO_INCREMENT,
  `name` varchar(64) NOT NULL,
  `filters` text,
  `n_categories` int(10) unsigned NOT NULL,
  `date_add` datetime NOT NULL,
  PRIMARY KEY (`id_layered_filter`)
) ENGINE=InnoDB AUTO_INCREMENT=2 DEFAULT CHARSET=utf8;

--
-- Dumping data for table `ps_layered_filter`
--

INSERT INTO `ps_layered_filter` VALUES (1,'My template 2017-07-03','a:13:{s:10:\"categories\";a:9:{i:0;i:3;i:1;i:2;i:2;i:5;i:3;i:4;i:4;i:7;i:5;i:9;i:6;i:8;i:7;i:10;i:8;i:11;}s:9:\"shop_list\";a:1:{i:1;i:1;}s:31:\"layered_selection_subcategories\";a:2:{s:11:\"filter_type\";i:0;s:17:\"filter_show_limit\";i:0;}s:22:\"layered_selection_ag_1\";a:2:{s:11:\"filter_type\";i:0;s:17:\"filter_show_limit\";i:0;}s:22:\"layered_selection_ag_3\";a:2:{s:11:\"filter_type\";i:0;s:17:\"filter_show_limit\";i:0;}s:24:\"layered_selection_feat_5\";a:2:{s:11:\"filter_type\";i:0;s:17:\"filter_show_limit\";i:0;}s:24:\"layered_selection_feat_6\";a:2:{s:11:\"filter_type\";i:0;s:17:\"filter_show_limit\";i:0;}s:24:\"layered_selection_feat_7\";a:2:{s:11:\"filter_type\";i:0;s:17:\"filter_show_limit\";i:0;}s:23:\"layered_selection_stock\";a:2:{s:11:\"filter_type\";i:0;s:17:\"filter_show_limit\";i:0;}s:30:\"layered_selection_manufacturer\";a:2:{s:11:\"filter_type\";i:0;s:17:\"filter_show_limit\";i:0;}s:27:\"layered_selection_condition\";a:2:{s:11:\"filter_type\";i:0;s:17:\"filter_show_limit\";i:0;}s:31:\"layered_selection_weight_slider\";a:2:{s:11:\"filter_type\";i:0;s:17:\"filter_show_limit\";i:0;}s:30:\"layered_selection_price_slider\";a:2:{s:11:\"filter_type\";i:0;s:17:\"filter_show_limit\";i:0;}}',9,'2017-07-03 15:44:05');

--
-- Table structure for table `ps_layered_filter_shop`
--

CREATE TABLE `ps_layered_filter_shop` (
  `id_layered_filter` int(10) unsigned NOT NULL,
  `id_shop` int(11) unsigned NOT NULL,
  PRIMARY KEY (`id_layered_filter`,`id_shop`),
  KEY `id_shop` (`id_shop`)
) ENGINE=InnoDB DEFAULT CHARSET=utf8;

--
-- Dumping data for table `ps_layered_filter_shop`
--

INSERT INTO `ps_layered_filter_shop` VALUES (1,1);

--
-- Table structure for table `ps_layered_indexable_attribute_group`
--

CREATE TABLE `ps_layered_indexable_attribute_group` (
  `id_attribute_group` int(11) NOT NULL,
  `indexable` tinyint(1) NOT NULL DEFAULT '0',
  PRIMARY KEY (`id_attribute_group`)
) ENGINE=InnoDB DEFAULT CHARSET=utf8;

--
-- Dumping data for table `ps_layered_indexable_attribute_group`
--

INSERT INTO `ps_layered_indexable_attribute_group` VALUES (1,1),(2,1),(3,1);

--
-- Table structure for table `ps_layered_indexable_attribute_group_lang_value`
--

CREATE TABLE `ps_layered_indexable_attribute_group_lang_value` (
  `id_attribute_group` int(11) NOT NULL,
  `id_lang` int(11) NOT NULL,
  `url_name` varchar(128) DEFAULT NULL,
  `meta_title` varchar(128) DEFAULT NULL,
  PRIMARY KEY (`id_attribute_group`,`id_lang`)
) ENGINE=InnoDB DEFAULT CHARSET=utf8;

--
-- Dumping data for table `ps_layered_indexable_attribute_group_lang_value`
--


--
-- Table structure for table `ps_layered_indexable_attribute_lang_value`
--

CREATE TABLE `ps_layered_indexable_attribute_lang_value` (
  `id_attribute` int(11) NOT NULL,
  `id_lang` int(11) NOT NULL,
  `url_name` varchar(128) DEFAULT NULL,
  `meta_title` varchar(128) DEFAULT NULL,
  PRIMARY KEY (`id_attribute`,`id_lang`)
) ENGINE=InnoDB DEFAULT CHARSET=utf8;

--
-- Dumping data for table `ps_layered_indexable_attribute_lang_value`
--


--
-- Table structure for table `ps_layered_indexable_feature`
--

CREATE TABLE `ps_layered_indexable_feature` (
  `id_feature` int(11) NOT NULL,
  `indexable` tinyint(1) NOT NULL DEFAULT '0',
  PRIMARY KEY (`id_feature`)
) ENGINE=InnoDB DEFAULT CHARSET=utf8;

--
-- Dumping data for table `ps_layered_indexable_feature`
--

INSERT INTO `ps_layered_indexable_feature` VALUES (1,1),(2,1),(3,1),(4,1),(5,1),(6,1),(7,1);

--
-- Table structure for table `ps_layered_indexable_feature_lang_value`
--

CREATE TABLE `ps_layered_indexable_feature_lang_value` (
  `id_feature` int(11) NOT NULL,
  `id_lang` int(11) NOT NULL,
  `url_name` varchar(128) NOT NULL,
  `meta_title` varchar(128) DEFAULT NULL,
  PRIMARY KEY (`id_feature`,`id_lang`)
) ENGINE=InnoDB DEFAULT CHARSET=utf8;

--
-- Dumping data for table `ps_layered_indexable_feature_lang_value`
--


--
-- Table structure for table `ps_layered_indexable_feature_value_lang_value`
--

CREATE TABLE `ps_layered_indexable_feature_value_lang_value` (
  `id_feature_value` int(11) NOT NULL,
  `id_lang` int(11) NOT NULL,
  `url_name` varchar(128) DEFAULT NULL,
  `meta_title` varchar(128) DEFAULT NULL,
  PRIMARY KEY (`id_feature_value`,`id_lang`)
) ENGINE=InnoDB DEFAULT CHARSET=utf8;

--
-- Dumping data for table `ps_layered_indexable_feature_value_lang_value`
--


--
-- Table structure for table `ps_layered_price_index`
--

CREATE TABLE `ps_layered_price_index` (
  `id_product` int(11) NOT NULL,
  `id_currency` int(11) NOT NULL,
  `id_shop` int(11) NOT NULL,
  `price_min` int(11) NOT NULL,
  `price_max` int(11) NOT NULL,
  PRIMARY KEY (`id_product`,`id_currency`,`id_shop`),
  KEY `id_currency` (`id_currency`),
  KEY `price_min` (`price_min`),
  KEY `price_max` (`price_max`)
) ENGINE=InnoDB DEFAULT CHARSET=utf8;

--
-- Dumping data for table `ps_layered_price_index`
--

INSERT INTO `ps_layered_price_index` VALUES (1,1,1,16,17),(2,1,1,26,28),(3,1,1,25,27),(4,1,1,50,53),(5,1,1,28,30),(6,1,1,30,32),(7,1,1,16,17);

--
-- Table structure for table `ps_layered_product_attribute`
--

CREATE TABLE `ps_layered_product_attribute` (
  `id_attribute` int(10) unsigned NOT NULL,
  `id_product` int(10) unsigned NOT NULL,
  `id_attribute_group` int(10) unsigned NOT NULL DEFAULT '0',
  `id_shop` int(10) unsigned NOT NULL DEFAULT '1',
  PRIMARY KEY (`id_attribute`,`id_product`,`id_shop`),
  UNIQUE KEY `id_attribute_group` (`id_attribute_group`,`id_attribute`,`id_product`,`id_shop`)
) ENGINE=InnoDB DEFAULT CHARSET=utf8;

--
-- Dumping data for table `ps_layered_product_attribute`
--

INSERT INTO `ps_layered_product_attribute` VALUES (1,1,1,1),(1,2,1,1),(1,3,1,1),(1,4,1,1),(1,5,1,1),(1,6,1,1),(1,7,1,1),(2,1,1,1),(2,2,1,1),(2,3,1,1),(2,4,1,1),(2,5,1,1),(2,6,1,1),(2,7,1,1),(3,1,1,1),(3,2,1,1),(3,3,1,1),(3,4,1,1),(3,5,1,1),(3,6,1,1),(3,7,1,1),(7,4,3,1),(8,2,3,1),(8,6,3,1),(11,2,3,1),(11,5,3,1),(13,1,3,1),(13,3,3,1),(13,5,3,1),(14,1,3,1),(14,5,3,1),(15,7,3,1),(16,5,3,1),(16,6,3,1),(16,7,3,1),(24,4,3,1);

--
-- Table structure for table `ps_link_block`
--

CREATE TABLE `ps_link_block` (
  `id_link_block` int(10) unsigned NOT NULL AUTO_INCREMENT,
  `id_hook` int(1) unsigned DEFAULT NULL,
  `position` int(10) unsigned NOT NULL DEFAULT '0',
  `content` text,
  PRIMARY KEY (`id_link_block`)
) ENGINE=InnoDB AUTO_INCREMENT=3 DEFAULT CHARSET=utf8;

--
-- Dumping data for table `ps_link_block`
--

INSERT INTO `ps_link_block` VALUES (1,31,1,'{\"cms\":[false],\"product\":[\"prices-drop\",\"new-products\",\"best-sales\"],\"static\":[false]}'),(2,31,2,'{\"cms\":[\"1\",\"2\",\"3\",\"4\",\"5\"],\"product\":[false],\"static\":[\"contact\",\"sitemap\",\"stores\"]}');

--
-- Table structure for table `ps_link_block_lang`
--

CREATE TABLE `ps_link_block_lang` (
  `id_link_block` int(10) unsigned NOT NULL,
  `id_lang` int(10) unsigned NOT NULL,
  `name` varchar(40) NOT NULL DEFAULT '',
  `custom_content` text,
  PRIMARY KEY (`id_link_block`,`id_lang`)
) ENGINE=InnoDB DEFAULT CHARSET=utf8;

--
-- Dumping data for table `ps_link_block_lang`
--

INSERT INTO `ps_link_block_lang` VALUES (1,1,'Products',NULL),(1,2,'Artikel',NULL),(1,3,'Productos',NULL),(1,4,'produits',NULL),(1,5,'Prodotti',NULL),(2,1,'Our company',NULL),(2,2,'Unternehmen',NULL),(2,3,'Nuestra empresa',NULL),(2,4,'Notre société',NULL),(2,5,'La nostra azienda',NULL);

--
-- Table structure for table `ps_link_block_shop`
--

CREATE TABLE `ps_link_block_shop` (
  `id_link_block` int(10) unsigned NOT NULL AUTO_INCREMENT,
  `id_shop` int(10) unsigned NOT NULL,
  PRIMARY KEY (`id_link_block`,`id_shop`)
) ENGINE=InnoDB DEFAULT CHARSET=utf8;

--
-- Dumping data for table `ps_link_block_shop`
--


--
-- Table structure for table `ps_linksmenutop`
--

CREATE TABLE `ps_linksmenutop` (
  `id_linksmenutop` int(10) unsigned NOT NULL AUTO_INCREMENT,
  `id_shop` int(11) unsigned NOT NULL,
  `new_window` tinyint(1) NOT NULL,
  PRIMARY KEY (`id_linksmenutop`),
  KEY `id_shop` (`id_shop`)
) ENGINE=InnoDB DEFAULT CHARSET=utf8;

--
-- Dumping data for table `ps_linksmenutop`
--


--
-- Table structure for table `ps_linksmenutop_lang`
--

CREATE TABLE `ps_linksmenutop_lang` (
  `id_linksmenutop` int(11) unsigned NOT NULL,
  `id_lang` int(11) unsigned NOT NULL,
  `id_shop` int(11) unsigned NOT NULL,
  `label` varchar(128) NOT NULL,
  `link` varchar(128) NOT NULL,
  KEY `id_linksmenutop` (`id_linksmenutop`,`id_lang`,`id_shop`)
) ENGINE=InnoDB DEFAULT CHARSET=utf8;

--
-- Dumping data for table `ps_linksmenutop_lang`
--


--
-- Table structure for table `ps_log`
--

CREATE TABLE `ps_log` (
  `id_log` int(10) unsigned NOT NULL AUTO_INCREMENT,
  `severity` tinyint(1) NOT NULL,
  `error_code` int(11) DEFAULT NULL,
  `message` text NOT NULL,
  `object_type` varchar(32) DEFAULT NULL,
  `object_id` int(10) unsigned DEFAULT NULL,
  `id_employee` int(10) unsigned DEFAULT NULL,
  `date_add` datetime NOT NULL,
  `date_upd` datetime NOT NULL,
  PRIMARY KEY (`id_log`)
) ENGINE=InnoDB AUTO_INCREMENT=14 DEFAULT CHARSET=utf8;

--
-- Dumping data for table `ps_log`
--

INSERT INTO `ps_log` VALUES (1,1,0,'Back office connection from 46.53.177.107','',0,1,'2017-07-03 09:45:16','2017-07-03 09:45:16'),(2,1,0,'Back office connection from 46.53.177.107','',0,1,'2017-10-06 08:41:11','2017-10-06 08:41:11'),(3,1,0,'Back office connection from 46.53.176.38','',0,1,'2018-07-27 03:24:51','2018-07-27 03:24:51'),(4,1,0,'Back office connection from 46.53.176.38','',0,1,'2018-07-27 03:24:59','2018-07-27 03:24:59'),(5,1,0,'Customer deletion','Customer',3,1,'2018-07-27 03:31:02','2018-07-27 03:31:02'),(6,1,0,'Customer deletion','Customer',2,1,'2018-07-27 03:31:02','2018-07-27 03:31:02'),(7,1,0,'Profile addition','Profile',5,1,'2018-07-27 03:31:38','2018-07-27 03:31:38'),(8,1,0,'Employee addition','Employee',2,1,'2018-07-27 03:33:04','2018-07-27 03:33:04'),(9,1,0,'Back office connection from 46.53.176.38','',0,2,'2018-07-27 03:33:08','2018-07-27 03:33:08'),(10,1,0,'Customer modification','Customer',5,1,'2018-07-27 03:39:25','2018-07-27 03:39:25'),(11,1,0,'Back office connection from 46.53.176.38','',0,1,'2018-12-26 11:17:31','2018-12-26 11:17:31'),(12,1,0,'Back office connection from 46.53.176.38','',0,2,'2018-12-26 11:44:26','2018-12-26 11:44:26'),(13,1,0,'Back office connection from 141.101.105.22','',0,1,'2024-01-02 06:48:22','2024-01-02 06:48:22');

--
-- Table structure for table `ps_mail`
--

CREATE TABLE `ps_mail` (
  `id_mail` int(11) unsigned NOT NULL AUTO_INCREMENT,
  `recipient` varchar(126) NOT NULL,
  `template` varchar(62) NOT NULL,
  `subject` varchar(254) NOT NULL,
  `id_lang` int(11) unsigned NOT NULL,
  `date_add` timestamp NOT NULL DEFAULT CURRENT_TIMESTAMP,
  PRIMARY KEY (`id_mail`),
  KEY `recipient` (`recipient`(10))
) ENGINE=InnoDB AUTO_INCREMENT=9 DEFAULT CHARSET=utf8;

--
-- Dumping data for table `ps_mail`
--

INSERT INTO `ps_mail` VALUES (1,'dezzyung@gmail.com','account17','[Facebook and Twitter (8 in 1)] Welcome!',1,'2017-07-03 07:49:59'),(2,'damon_cs@mail.ru','account17','[Facebook and Twitter (8 in 1)] Welcome!',1,'2017-07-03 07:50:24'),(3,'dezzyung@gmail.com','account17','[Facebook and Twitter (8 in 1)] Welcome!',1,'2018-07-27 01:37:56'),(4,'dezzyung@gmail.com','voucher-spm','[Facebook and Twitter (8 in 1)] You connect with social login and get voucher for discount',1,'2018-07-27 01:37:56'),(5,'damon_cs@mail.ru','account17','[Facebook and Twitter (8 in 1)] Welcome!',1,'2018-07-27 01:38:31'),(6,'damon_cs@mail.ru','voucher-spm','[Facebook and Twitter (8 in 1)] You connect with social login and get voucher for discount',1,'2018-07-27 01:38:31'),(7,'kykyryzopresto@gmail.com','account17','[Facebook and Twitter (8 in 1)] Welcome!',1,'2018-07-27 01:41:24'),(8,'kykyryzopresto@gmail.com','voucher-spm','[Facebook and Twitter (8 in 1)] You connect with social login and get voucher for discount',1,'2018-07-27 01:41:24');

--
-- Table structure for table `ps_manufacturer`
--

CREATE TABLE `ps_manufacturer` (
  `id_manufacturer` int(10) unsigned NOT NULL AUTO_INCREMENT,
  `name` varchar(64) NOT NULL,
  `date_add` datetime NOT NULL,
  `date_upd` datetime NOT NULL,
  `active` tinyint(1) NOT NULL DEFAULT '0',
  PRIMARY KEY (`id_manufacturer`)
) ENGINE=InnoDB AUTO_INCREMENT=2 DEFAULT CHARSET=utf8;

--
-- Dumping data for table `ps_manufacturer`
--

INSERT INTO `ps_manufacturer` VALUES (1,'Fashion Manufacturer','2017-07-03 15:43:42','2017-07-03 15:43:42',1);

--
-- Table structure for table `ps_manufacturer_lang`
--

CREATE TABLE `ps_manufacturer_lang` (
  `id_manufacturer` int(10) unsigned NOT NULL,
  `id_lang` int(10) unsigned NOT NULL,
  `description` text,
  `short_description` text,
  `meta_title` varchar(128) DEFAULT NULL,
  `meta_keywords` varchar(255) DEFAULT NULL,
  `meta_description` varchar(255) DEFAULT NULL,
  PRIMARY KEY (`id_manufacturer`,`id_lang`)
) ENGINE=InnoDB DEFAULT CHARSET=utf8;

--
-- Dumping data for table `ps_manufacturer_lang`
--

INSERT INTO `ps_manufacturer_lang` VALUES (1,1,'','','','',''),(1,2,'','','','',''),(1,3,'','','','',''),(1,4,'','','','',''),(1,5,'','','','','');

--
-- Table structure for table `ps_manufacturer_shop`
--

CREATE TABLE `ps_manufacturer_shop` (
  `id_manufacturer` int(11) unsigned NOT NULL,
  `id_shop` int(11) unsigned NOT NULL,
  PRIMARY KEY (`id_manufacturer`,`id_shop`),
  KEY `id_shop` (`id_shop`)
) ENGINE=InnoDB DEFAULT CHARSET=utf8;

--
-- Dumping data for table `ps_manufacturer_shop`
--

INSERT INTO `ps_manufacturer_shop` VALUES (1,1);

--
-- Table structure for table `ps_memcached_servers`
--

CREATE TABLE `ps_memcached_servers` (
  `id_memcached_server` int(11) unsigned NOT NULL AUTO_INCREMENT,
  `ip` varchar(254) NOT NULL,
  `port` int(11) unsigned NOT NULL,
  `weight` int(11) unsigned NOT NULL,
  PRIMARY KEY (`id_memcached_server`)
) ENGINE=InnoDB DEFAULT CHARSET=utf8;

--
-- Dumping data for table `ps_memcached_servers`
--


--
-- Table structure for table `ps_message`
--

CREATE TABLE `ps_message` (
  `id_message` int(10) unsigned NOT NULL AUTO_INCREMENT,
  `id_cart` int(10) unsigned DEFAULT NULL,
  `id_customer` int(10) unsigned NOT NULL,
  `id_employee` int(10) unsigned DEFAULT NULL,
  `id_order` int(10) unsigned NOT NULL,
  `message` text NOT NULL,
  `private` tinyint(1) unsigned NOT NULL DEFAULT '1',
  `date_add` datetime NOT NULL,
  PRIMARY KEY (`id_message`),
  KEY `message_order` (`id_order`),
  KEY `id_cart` (`id_cart`),
  KEY `id_customer` (`id_customer`),
  KEY `id_employee` (`id_employee`)
) ENGINE=InnoDB DEFAULT CHARSET=utf8;

--
-- Dumping data for table `ps_message`
--


--
-- Table structure for table `ps_message_readed`
--

CREATE TABLE `ps_message_readed` (
  `id_message` int(10) unsigned NOT NULL,
  `id_employee` int(10) unsigned NOT NULL,
  `date_add` datetime NOT NULL,
  PRIMARY KEY (`id_message`,`id_employee`)
) ENGINE=InnoDB DEFAULT CHARSET=utf8;

--
-- Dumping data for table `ps_message_readed`
--


--
-- Table structure for table `ps_meta`
--

CREATE TABLE `ps_meta` (
  `id_meta` int(10) unsigned NOT NULL AUTO_INCREMENT,
  `page` varchar(64) NOT NULL,
  `configurable` tinyint(1) unsigned NOT NULL DEFAULT '1',
  PRIMARY KEY (`id_meta`),
  UNIQUE KEY `page` (`page`)
) ENGINE=InnoDB AUTO_INCREMENT=43 DEFAULT CHARSET=utf8;

--
-- Dumping data for table `ps_meta`
--

INSERT INTO `ps_meta` VALUES (1,'pagenotfound',1),(2,'best-sales',1),(3,'contact',1),(4,'index',1),(5,'manufacturer',1),(6,'new-products',1),(7,'password',1),(8,'prices-drop',1),(9,'sitemap',1),(10,'supplier',1),(11,'address',1),(12,'addresses',1),(13,'authentication',1),(14,'cart',1),(15,'discount',1),(16,'history',1),(17,'identity',1),(18,'my-account',1),(19,'order-follow',1),(20,'order-slip',1),(21,'order',1),(22,'search',1),(23,'stores',1),(24,'guest-tracking',1),(25,'order-confirmation',1),(26,'product',0),(27,'category',0),(28,'cms',0),(29,'module-cheque-payment',0),(30,'module-cheque-validation',0),(31,'module-bankwire-validation',0),(32,'module-bankwire-payment',0),(33,'module-cashondelivery-validation',0),(34,'module-ps_checkpayment-payment',1),(35,'module-ps_checkpayment-validation',1),(36,'module-ps_emailsubscription-verification',1),(37,'module-ps_shoppingcart-ajax',1),(38,'module-ps_wirepayment-payment',1),(39,'module-ps_wirepayment-validation',1),(40,'module-cronjobs-callback',1),(41,'module-psgdpr-AdminAjaxPsgdpr',1),(42,'module-psgdpr-AdminDownloadInvoicesPsgdpr',1);

--
-- Table structure for table `ps_meta_lang`
--

CREATE TABLE `ps_meta_lang` (
  `id_meta` int(10) unsigned NOT NULL,
  `id_shop` int(11) unsigned NOT NULL DEFAULT '1',
  `id_lang` int(10) unsigned NOT NULL,
  `title` varchar(128) DEFAULT NULL,
  `description` varchar(255) DEFAULT NULL,
  `keywords` varchar(255) DEFAULT NULL,
  `url_rewrite` varchar(254) NOT NULL,
  PRIMARY KEY (`id_meta`,`id_shop`,`id_lang`),
  KEY `id_shop` (`id_shop`),
  KEY `id_lang` (`id_lang`)
) ENGINE=InnoDB DEFAULT CHARSET=utf8;

--
-- Dumping data for table `ps_meta_lang`
--

INSERT INTO `ps_meta_lang` VALUES (1,1,1,'404 error','This page cannot be found','','page-not-found'),(1,1,2,'Fehler 404','Seite wurde nicht gefunden','','seite-nicht-gefunden'),(1,1,3,'Error 404','Página no encontrada','','pagina-no-encontrada'),(1,1,4,'Erreur 404','Impossible de trouver la page','','page-introuvable'),(1,1,5,'errore 404','Impossibile trovare la pagina','','pagina-non-trovata'),(2,1,1,'Best sales','Our best sales','','best-sales'),(2,1,2,'Verkaufshits','Verkaufshits','','verkaufshits'),(2,1,3,'Los más vendidos','Los más vendidos','','mas-vendidos'),(2,1,4,'Meilleures ventes','Nos meilleures ventes','','meilleures-ventes'),(2,1,5,'Più venduti','I nostri prodotti più venduti','','piu-venduti'),(3,1,1,'Contact us','Use our form to contact us','','contact-us'),(3,1,2,'Kontakt','Nutzen Sie unser Kontaktformular','','kontakt'),(3,1,3,'Contáctenos','Contáctenos','','contactenos'),(3,1,4,'Nous contacter','Utiliser le formulaire pour nous contacter','','nous-contacter'),(3,1,5,'Contattaci','Si può usare il nostro modulo per contattarci','','contattaci'),(4,1,1,'','Shop powered by PrestaShop','',''),(4,1,2,'','Powered by PrestaShop','',''),(4,1,3,'','Tienda creada con PrestaShop','',''),(4,1,4,'','Boutique propulsée par PrestaShop','',''),(4,1,5,'','Negozio creato usando PrestaShop','',''),(5,1,1,'Manufacturers','Manufacturers list','','manufacturers'),(5,1,2,'Hersteller','Hersteller','','hersteller'),(5,1,3,'Fabricantes','Listado de fabricantes','','fabricantes'),(5,1,4,'Marques','Liste des marques','','marques'),(5,1,5,'Produttori','Elenco produttori','','produttori'),(6,1,1,'New products','Our new products','','new-products'),(6,1,2,'Neue Artikel','Neue Artikel','','neue-artikel'),(6,1,3,'Novedades','Novedades','','novedades'),(6,1,4,'Nouveaux produits','Nos nouveaux produits','','nouveaux-produits'),(6,1,5,'Nuovi prodotti','I nostri nuovi prodotti, gli ultimi arrivi','','nuovi-prodotti'),(7,1,1,'Forgot your password','Enter the e-mail address you use to sign in to receive an e-mail with a new password','','password-recovery'),(7,1,2,'Passwort vergessen?','Geben Sie hier die E-Mail ein, unter der Sie sich angemeldet haben. Sie erhalten dann ein neues Passwort.','','passwort-zuruecksetzen'),(7,1,3,'¿Ha olvidado su contraseña?','Introduzca la dirección de correo electrónico que utiliza a la hora de iniciar sesión, para recibir un correo electrónico con una nueva contraseña','','recuperar-contraseña'),(7,1,4,'Mot de passe oublié','Entrez l\'adresse e-mail que vous utilisez pour vous connecter afin de recevoir un e-mail avec un nouveau mot de passe','','recuperation-mot-de-passe'),(7,1,5,'Password dimenticata','Inserisci l\'indirizzo e-mail che usi per accedere, per ricevere un\'e-mail con una nuova password','','recupero-password'),(8,1,1,'Prices drop','On-sale products','','prices-drop'),(8,1,2,'Angebote','On-sale products','','angebote'),(8,1,3,'Ofertas','On-sale products','','productos-rebajados'),(8,1,4,'Promotions','On-sale products','','promotions'),(8,1,5,'Offerte','On-sale products','','offerte'),(9,1,1,'Sitemap','Lost ? Find what your are looking for','','sitemap'),(9,1,2,'Sitemap','Wissen Sie nicht weiter? Vielleicht finden Sie es hier','','Sitemap'),(9,1,3,'Mapa del sitio web','¿Perdido? Encuentre lo que está buscando','','mapa-web'),(9,1,4,'Plan du site','Vous êtes perdu ? Trouvez ce que vous cherchez','','plan-site'),(9,1,5,'Mappa del sito','Vi siete persi? Qui potete trovate quello che state cercando','','mappa-del-sito'),(10,1,1,'Suppliers','Suppliers list','','supplier'),(10,1,2,'Lieferanten','Lieferanten-Liste','','lieferant'),(10,1,3,'Proveedores','Listado de proveedores','','proveedor'),(10,1,4,'Fournisseurs','Liste des fournisseurs','','fournisseur'),(10,1,5,'Fornitori','Elenco dei fornitori','','fornitori'),(11,1,1,'Address','','','address'),(11,1,2,'Adresse','','','adresse'),(11,1,3,'Dirección','','','direccion'),(11,1,4,'Adresse','','','adresse'),(11,1,5,'Indirizzo','','','indirizzo'),(12,1,1,'Addresses','','','addresses'),(12,1,2,'Adressen','','','adressen'),(12,1,3,'Direcciones','','','direcciones'),(12,1,4,'Adresses','','','adresses'),(12,1,5,'Indirizzi','','','indirizzi'),(13,1,1,'Login','','','login'),(13,1,2,'Anmeldung','','','anmeldung'),(13,1,3,'Iniciar sesión','','','iniciar-sesion'),(13,1,4,'Connexion','','','connexion'),(13,1,5,'Accesso','','','login'),(14,1,1,'Cart','','','cart'),(14,1,2,'Warenkorb','','','warenkorb'),(14,1,3,'Carrito','','','carrito'),(14,1,4,'Panier','','','panier'),(14,1,5,'Carrello','','','carrello'),(15,1,1,'Discount','','','discount'),(15,1,2,'Rabatt','','','Rabatt'),(15,1,3,'Descuento','','','descuento'),(15,1,4,'Réduction','','','reduction'),(15,1,5,'Buoni sconto','','','buoni-sconto'),(16,1,1,'Order history','','','order-history'),(16,1,2,'Bestellungsverlauf','','','bestellungsverlauf'),(16,1,3,'Historial de compra','','','historial-compra'),(16,1,4,'Historique des commandes','','','historique-commandes'),(16,1,5,'Cronologia ordini','','','cronologia-ordini'),(17,1,1,'Identity','','','identity'),(17,1,2,'Profil','','','profil'),(17,1,3,'Datos personales','','','datos-personales'),(17,1,4,'Identité','','','identite'),(17,1,5,'Dati personali','','','dati-personali'),(18,1,1,'My account','','','my-account'),(18,1,2,'Mein Konto','','','mein-Konto'),(18,1,3,'Mi cuenta','','','mi-cuenta'),(18,1,4,'Mon compte','','','mon-compte'),(18,1,5,'Il mio account','','','account'),(19,1,1,'Order follow','','','order-follow'),(19,1,2,'Bestellung verfolgen','','','bestellverfolgung'),(19,1,3,'Seguimiento del pedido','','','seguimiento-pedido'),(19,1,4,'Suivi de commande','','','suivi-commande'),(19,1,5,'Segui l\'ordine','','','segui-ordine'),(20,1,1,'Credit slip','','','credit-slip'),(20,1,2,'Rückvergütung','','','bestellschein'),(20,1,3,'Facturas por abono','','','facturas-abono'),(20,1,4,'Avoirs','','','avoirs'),(20,1,5,'Buono d\'ordine','','','buono-ordine'),(21,1,1,'Order','','','order'),(21,1,2,'Bestellung','','','bestellung'),(21,1,3,'Pedido','','','pedido'),(21,1,4,'Commande','','','commande'),(21,1,5,'Ordine','','','ordine'),(22,1,1,'Search','','','search'),(22,1,2,'Suche','','','suche'),(22,1,3,'Búsqueda','','','busqueda'),(22,1,4,'Recherche','','','recherche'),(22,1,5,'Ricerca','','','ricerca'),(23,1,1,'Stores','','','stores'),(23,1,2,'Shops','','','shops'),(23,1,3,'Tiendas','','','tiendas'),(23,1,4,'Magasins','','','magasins'),(23,1,5,'Negozi','','','negozi'),(24,1,1,'Guest tracking','','','guest-tracking'),(24,1,2,'Auftragsverfolgung Gast','','','auftragsverfolgung-gast'),(24,1,3,'Seguimiento de pedidos de clientes invitados','','','seguimiento-pedido-invitado'),(24,1,4,'Suivi de commande invité','','','suivi-commande-invite'),(24,1,5,'Tracciatura ospite','','','tracciatura-ospite'),(25,1,1,'Order confirmation','','','order-confirmation'),(25,1,2,'Bestellbestätigung','','','bestellbestatigung'),(25,1,3,'Confirmación de pedido','','','confirmacion-pedido'),(25,1,4,'Confirmation de commande','','','confirmation-commande'),(25,1,5,'Conferma dell\'ordine','','','conferma-ordine'),(34,1,1,'','','',''),(34,1,2,'','','',''),(34,1,3,'','','',''),(34,1,4,'','','',''),(34,1,5,'','','',''),(35,1,1,'','','',''),(35,1,2,'','','',''),(35,1,3,'','','',''),(35,1,4,'','','',''),(35,1,5,'','','',''),(36,1,1,'','','',''),(36,1,2,'','','',''),(36,1,3,'','','',''),(36,1,4,'','','',''),(36,1,5,'','','',''),(37,1,1,'','','',''),(37,1,2,'','','',''),(37,1,3,'','','',''),(37,1,4,'','','',''),(37,1,5,'','','',''),(38,1,1,'','','',''),(38,1,2,'','','',''),(38,1,3,'','','',''),(38,1,4,'','','',''),(38,1,5,'','','',''),(39,1,1,'','','',''),(39,1,2,'','','',''),(39,1,3,'','','',''),(39,1,4,'','','',''),(39,1,5,'','','',''),(40,1,1,'','','',''),(40,1,2,'','','',''),(40,1,3,'','','',''),(40,1,4,'','','',''),(40,1,5,'','','',''),(41,1,1,'','','',''),(41,1,2,'','','',''),(41,1,3,'','','',''),(41,1,4,'','','',''),(41,1,5,'','','',''),(42,1,1,'','','',''),(42,1,2,'','','',''),(42,1,3,'','','',''),(42,1,4,'','','',''),(42,1,5,'','','','');

--
-- Table structure for table `ps_module`
--

CREATE TABLE `ps_module` (
  `id_module` int(10) unsigned NOT NULL AUTO_INCREMENT,
  `name` varchar(64) NOT NULL,
  `active` tinyint(1) unsigned NOT NULL DEFAULT '0',
  `version` varchar(8) NOT NULL,
  PRIMARY KEY (`id_module`),
  UNIQUE KEY `name_UNIQUE` (`name`),
  KEY `name` (`name`)
) ENGINE=InnoDB AUTO_INCREMENT=55 DEFAULT CHARSET=utf8;

--
-- Dumping data for table `ps_module`
--

INSERT INTO `ps_module` VALUES (1,'dashactivity',1,'2.0.1'),(2,'dashtrends',1,'2.0.2'),(3,'dashgoals',1,'2.0.1'),(4,'dashproducts',1,'2.0.2'),(5,'graphnvd3',1,'2.0.0'),(6,'gridhtml',1,'2.0.0'),(7,'ps_banner',1,'2.0.1'),(8,'ps_categorytree',1,'2.0.0'),(9,'ps_checkpayment',1,'2.0.3'),(10,'ps_contactinfo',1,'2.0.1'),(11,'ps_currencyselector',1,'2.0.0'),(12,'ps_customeraccountlinks',1,'2.0.1'),(13,'ps_customersignin',1,'2.0.1'),(14,'ps_customtext',1,'2.0.0'),(15,'ps_emailsubscription',1,'2.0.0'),(16,'ps_facetedsearch',1,'2.0.0'),(17,'ps_featuredproducts',1,'2.0.0'),(18,'ps_imageslider',1,'2.0.0'),(19,'ps_languageselector',1,'2.0.2'),(20,'ps_linklist',1,'2.1.0'),(21,'ps_mainmenu',1,'2.0.2'),(22,'ps_searchbar',1,'2.0.1'),(23,'ps_sharebuttons',1,'2.0.0'),(24,'ps_shoppingcart',1,'2.0.1'),(25,'ps_socialfollow',1,'2.0.0'),(26,'ps_wirepayment',1,'2.0.4'),(27,'pagesnotfound',1,'2.0.0'),(28,'sekeywords',1,'2.0.0'),(29,'statsbestcategories',1,'2.0.0'),(30,'statsbestcustomers',1,'2.0.1'),(31,'statsbestproducts',1,'2.0.0'),(32,'statsbestsuppliers',1,'2.0.0'),(33,'statsbestvouchers',1,'2.0.0'),(34,'statscarrier',1,'2.0.0'),(35,'statscatalog',1,'2.0.1'),(36,'statscheckup',1,'2.0.0'),(37,'statsdata',1,'2.0.0'),(38,'statsequipment',1,'2.0.0'),(39,'statsforecast',1,'2.0.1'),(40,'statslive',1,'2.0.2'),(41,'statsnewsletter',1,'2.0.1'),(42,'statsorigin',1,'2.0.1'),(43,'statspersonalinfos',1,'2.0.1'),(44,'statsproduct',1,'2.0.1'),(45,'statsregistrations',1,'2.0.0'),(46,'statssales',1,'2.0.0'),(47,'statssearch',1,'2.0.0'),(48,'statsstock',1,'2.0.0'),(49,'statsvisits',1,'2.0.1'),(50,'welcome',1,'2.0.1'),(51,'cronjobs',1,'1.4.0'),(52,'blockreassurance',1,'2.0.3'),(53,'fbtweinone',1,'3.8.2'),(54,'psgdpr',1,'1.1.0');

--
-- Table structure for table `ps_module_access`
--

CREATE TABLE `ps_module_access` (
  `id_profile` int(10) unsigned NOT NULL,
  `id_authorization_role` int(10) unsigned NOT NULL,
  PRIMARY KEY (`id_profile`,`id_authorization_role`)
) ENGINE=InnoDB DEFAULT CHARSET=utf8;

--
-- Dumping data for table `ps_module_access`
--

INSERT INTO `ps_module_access` VALUES (1,453),(1,454),(1,455),(1,456),(1,457),(1,458),(1,459),(1,460),(1,465),(1,466),(1,467),(1,468),(1,469),(1,470),(1,471),(1,472),(1,473),(1,474),(1,475),(1,476),(1,477),(1,478),(1,479),(1,480),(1,481),(1,482),(1,483),(1,484),(1,485),(1,486),(1,487),(1,488),(1,489),(1,490),(1,491),(1,492),(1,493),(1,494),(1,495),(1,496),(1,497),(1,498),(1,499),(1,500),(1,501),(1,502),(1,503),(1,504),(1,505),(1,506),(1,507),(1,508),(1,509),(1,510),(1,511),(1,512),(1,513),(1,514),(1,515),(1,516),(1,517),(1,518),(1,519),(1,520),(1,521),(1,522),(1,523),(1,524),(1,525),(1,526),(1,527),(1,528),(1,529),(1,530),(1,531),(1,532),(1,533),(1,534),(1,535),(1,536),(1,541),(1,542),(1,543),(1,544),(1,545),(1,546),(1,547),(1,548),(1,549),(1,550),(1,551),(1,552),(1,553),(1,554),(1,555),(1,556),(1,557),(1,558),(1,559),(1,560),(1,561),(1,562),(1,563),(1,564),(1,565),(1,566),(1,567),(1,568),(1,569),(1,570),(1,571),(1,572),(1,573),(1,574),(1,575),(1,576),(1,577),(1,578),(1,579),(1,580),(1,581),(1,582),(1,583),(1,584),(1,585),(1,586),(1,587),(1,588),(1,589),(1,590),(1,591),(1,592),(1,593),(1,594),(1,595),(1,596),(1,597),(1,598),(1,599),(1,600),(1,601),(1,602),(1,603),(1,604),(1,605),(1,606),(1,607),(1,608),(1,609),(1,610),(1,611),(1,612),(1,613),(1,614),(1,615),(1,616),(1,617),(1,618),(1,619),(1,620),(1,621),(1,622),(1,623),(1,624),(1,625),(1,626),(1,627),(1,628),(1,629),(1,630),(1,631),(1,632),(1,633),(1,634),(1,635),(1,636),(1,637),(1,638),(1,639),(1,640),(1,641),(1,642),(1,643),(1,644),(1,645),(1,646),(1,647),(1,648),(1,649),(1,650),(1,651),(1,652),(1,653),(1,654),(1,655),(1,656),(1,657),(1,658),(1,659),(1,660),(1,661),(1,662),(1,663),(1,664),(1,669),(1,670),(1,671),(1,672),(1,673),(1,674),(1,675),(1,676),(1,689),(1,690),(1,691),(1,692),(5,674),(5,675),(5,689),(5,690),(5,691),(5,692);

--
-- Table structure for table `ps_module_carrier`
--

CREATE TABLE `ps_module_carrier` (
  `id_module` int(10) unsigned NOT NULL,
  `id_shop` int(11) unsigned NOT NULL DEFAULT '1',
  `id_reference` int(11) NOT NULL,
  PRIMARY KEY (`id_module`,`id_shop`,`id_reference`)
) ENGINE=InnoDB DEFAULT CHARSET=utf8;

--
-- Dumping data for table `ps_module_carrier`
--

INSERT INTO `ps_module_carrier` VALUES (9,1,1),(9,1,2),(26,1,1),(26,1,2);

--
-- Table structure for table `ps_module_country`
--

CREATE TABLE `ps_module_country` (
  `id_module` int(10) unsigned NOT NULL,
  `id_shop` int(11) unsigned NOT NULL DEFAULT '1',
  `id_country` int(10) unsigned NOT NULL,
  PRIMARY KEY (`id_module`,`id_shop`,`id_country`)
) ENGINE=InnoDB DEFAULT CHARSET=utf8;

--
-- Dumping data for table `ps_module_country`
--

INSERT INTO `ps_module_country` VALUES (9,1,21),(26,1,21);

--
-- Table structure for table `ps_module_currency`
--

CREATE TABLE `ps_module_currency` (
  `id_module` int(10) unsigned NOT NULL,
  `id_shop` int(11) unsigned NOT NULL DEFAULT '1',
  `id_currency` int(11) NOT NULL,
  PRIMARY KEY (`id_module`,`id_shop`,`id_currency`),
  KEY `id_module` (`id_module`)
) ENGINE=InnoDB DEFAULT CHARSET=utf8;

--
-- Dumping data for table `ps_module_currency`
--

INSERT INTO `ps_module_currency` VALUES (9,1,1),(26,1,1);

--
-- Table structure for table `ps_module_group`
--

CREATE TABLE `ps_module_group` (
  `id_module` int(10) unsigned NOT NULL,
  `id_shop` int(11) unsigned NOT NULL DEFAULT '1',
  `id_group` int(11) unsigned NOT NULL,
  PRIMARY KEY (`id_module`,`id_shop`,`id_group`)
) ENGINE=InnoDB DEFAULT CHARSET=utf8;

--
-- Dumping data for table `ps_module_group`
--

INSERT INTO `ps_module_group` VALUES (1,1,1),(1,1,2),(1,1,3),(2,1,1),(2,1,2),(2,1,3),(3,1,1),(3,1,2),(3,1,3),(4,1,1),(4,1,2),(4,1,3),(5,1,1),(5,1,2),(5,1,3),(6,1,1),(6,1,2),(6,1,3),(7,1,1),(7,1,2),(7,1,3),(8,1,1),(8,1,2),(8,1,3),(9,1,1),(9,1,2),(9,1,3),(10,1,1),(10,1,2),(10,1,3),(11,1,1),(11,1,2),(11,1,3),(12,1,1),(12,1,2),(12,1,3),(13,1,1),(13,1,2),(13,1,3),(14,1,1),(14,1,2),(14,1,3),(15,1,1),(15,1,2),(15,1,3),(16,1,1),(16,1,2),(16,1,3),(17,1,1),(17,1,2),(17,1,3),(18,1,1),(18,1,2),(18,1,3),(19,1,1),(19,1,2),(19,1,3),(20,1,1),(20,1,2),(20,1,3),(21,1,1),(21,1,2),(21,1,3),(22,1,1),(22,1,2),(22,1,3),(23,1,1),(23,1,2),(23,1,3),(24,1,1),(24,1,2),(24,1,3),(25,1,1),(25,1,2),(25,1,3),(26,1,1),(26,1,2),(26,1,3),(27,1,1),(27,1,2),(27,1,3),(28,1,1),(28,1,2),(28,1,3),(29,1,1),(29,1,2),(29,1,3),(30,1,1),(30,1,2),(30,1,3),(31,1,1),(31,1,2),(31,1,3),(32,1,1),(32,1,2),(32,1,3),(33,1,1),(33,1,2),(33,1,3),(34,1,1),(34,1,2),(34,1,3),(35,1,1),(35,1,2),(35,1,3),(36,1,1),(36,1,2),(36,1,3),(37,1,1),(37,1,2),(37,1,3),(38,1,1),(38,1,2),(38,1,3),(39,1,1),(39,1,2),(39,1,3),(40,1,1),(40,1,2),(40,1,3),(41,1,1),(41,1,2),(41,1,3),(42,1,1),(42,1,2),(42,1,3),(43,1,1),(43,1,2),(43,1,3),(44,1,1),(44,1,2),(44,1,3),(45,1,1),(45,1,2),(45,1,3),(46,1,1),(46,1,2),(46,1,3),(47,1,1),(47,1,2),(47,1,3),(48,1,1),(48,1,2),(48,1,3),(49,1,1),(49,1,2),(49,1,3),(50,1,1),(50,1,2),(50,1,3),(51,1,1),(51,1,2),(51,1,3),(52,1,1),(52,1,2),(52,1,3),(53,1,1),(53,1,2),(53,1,3),(54,1,1),(54,1,2),(54,1,3);

--
-- Table structure for table `ps_module_history`
--

CREATE TABLE `ps_module_history` (
  `id` int(11) NOT NULL AUTO_INCREMENT,
  `id_employee` int(11) NOT NULL,
  `id_module` int(11) NOT NULL,
  `date_add` datetime NOT NULL,
  `date_upd` datetime NOT NULL,
  PRIMARY KEY (`id`)
) ENGINE=InnoDB AUTO_INCREMENT=4 DEFAULT CHARSET=utf8 COLLATE=utf8_unicode_ci;

--
-- Dumping data for table `ps_module_history`
--

INSERT INTO `ps_module_history` VALUES (1,1,53,'2017-07-03 09:48:58','2018-12-26 11:42:52'),(2,2,53,'2018-07-27 03:34:03','2018-12-26 11:44:59'),(3,1,54,'2018-07-27 04:56:55','2018-07-27 04:56:55');

--
-- Table structure for table `ps_module_preference`
--

CREATE TABLE `ps_module_preference` (
  `id_module_preference` int(11) NOT NULL AUTO_INCREMENT,
  `id_employee` int(11) NOT NULL,
  `module` varchar(255) NOT NULL,
  `interest` tinyint(1) DEFAULT NULL,
  `favorite` tinyint(1) DEFAULT NULL,
  PRIMARY KEY (`id_module_preference`),
  UNIQUE KEY `employee_module` (`id_employee`,`module`)
) ENGINE=InnoDB DEFAULT CHARSET=utf8;

--
-- Dumping data for table `ps_module_preference`
--


--
-- Table structure for table `ps_module_shop`
--

CREATE TABLE `ps_module_shop` (
  `id_module` int(11) unsigned NOT NULL,
  `id_shop` int(11) unsigned NOT NULL,
  `enable_device` tinyint(1) NOT NULL DEFAULT '7',
  PRIMARY KEY (`id_module`,`id_shop`),
  KEY `id_shop` (`id_shop`)
) ENGINE=InnoDB DEFAULT CHARSET=utf8;

--
-- Dumping data for table `ps_module_shop`
--

INSERT INTO `ps_module_shop` VALUES (1,1,7),(2,1,7),(3,1,7),(4,1,7),(5,1,7),(6,1,7),(7,1,3),(8,1,7),(9,1,7),(10,1,7),(11,1,7),(12,1,7),(13,1,7),(14,1,7),(15,1,7),(16,1,7),(17,1,7),(18,1,3),(19,1,7),(20,1,7),(21,1,7),(22,1,7),(23,1,7),(24,1,7),(25,1,7),(26,1,7),(27,1,7),(28,1,7),(29,1,7),(30,1,7),(31,1,7),(32,1,7),(33,1,7),(34,1,7),(35,1,7),(36,1,7),(37,1,7),(38,1,7),(39,1,7),(40,1,7),(41,1,7),(42,1,7),(43,1,7),(44,1,7),(45,1,7),(46,1,7),(47,1,7),(48,1,7),(49,1,7),(50,1,7),(51,1,7),(52,1,7),(53,1,7);

--
-- Table structure for table `ps_operating_system`
--

CREATE TABLE `ps_operating_system` (
  `id_operating_system` int(10) unsigned NOT NULL AUTO_INCREMENT,
  `name` varchar(64) DEFAULT NULL,
  PRIMARY KEY (`id_operating_system`)
) ENGINE=InnoDB AUTO_INCREMENT=10 DEFAULT CHARSET=utf8;

--
-- Dumping data for table `ps_operating_system`
--

INSERT INTO `ps_operating_system` VALUES (1,'Windows XP'),(2,'Windows Vista'),(3,'Windows 7'),(4,'Windows 8'),(5,'Windows 8.1'),(6,'Windows 10'),(7,'MacOsX'),(8,'Linux'),(9,'Android');

--
-- Table structure for table `ps_order_carrier`
--

CREATE TABLE `ps_order_carrier` (
  `id_order_carrier` int(11) NOT NULL AUTO_INCREMENT,
  `id_order` int(11) unsigned NOT NULL,
  `id_carrier` int(11) unsigned NOT NULL,
  `id_order_invoice` int(11) unsigned DEFAULT NULL,
  `weight` decimal(20,6) DEFAULT NULL,
  `shipping_cost_tax_excl` decimal(20,6) DEFAULT NULL,
  `shipping_cost_tax_incl` decimal(20,6) DEFAULT NULL,
  `tracking_number` varchar(64) DEFAULT NULL,
  `date_add` datetime NOT NULL,
  PRIMARY KEY (`id_order_carrier`),
  KEY `id_order` (`id_order`),
  KEY `id_carrier` (`id_carrier`),
  KEY `id_order_invoice` (`id_order_invoice`)
) ENGINE=InnoDB AUTO_INCREMENT=6 DEFAULT CHARSET=utf8;

--
-- Dumping data for table `ps_order_carrier`
--

INSERT INTO `ps_order_carrier` VALUES (1,1,2,0,0.000000,2.000000,2.000000,'','2017-07-03 15:43:51'),(2,2,2,0,0.000000,2.000000,2.000000,'','2017-07-03 15:43:51'),(3,3,2,0,0.000000,2.000000,2.000000,'','2017-07-03 15:43:51'),(4,4,2,0,0.000000,2.000000,2.000000,'','2017-07-03 15:43:51'),(5,5,2,0,0.000000,2.000000,2.000000,'','2017-07-03 15:43:51');

--
-- Table structure for table `ps_order_cart_rule`
--

CREATE TABLE `ps_order_cart_rule` (
  `id_order_cart_rule` int(10) unsigned NOT NULL AUTO_INCREMENT,
  `id_order` int(10) unsigned NOT NULL,
  `id_cart_rule` int(10) unsigned NOT NULL,
  `id_order_invoice` int(10) unsigned DEFAULT '0',
  `name` varchar(254) NOT NULL,
  `value` decimal(17,2) NOT NULL DEFAULT '0.00',
  `value_tax_excl` decimal(17,2) NOT NULL DEFAULT '0.00',
  `free_shipping` tinyint(1) NOT NULL DEFAULT '0',
  PRIMARY KEY (`id_order_cart_rule`),
  KEY `id_order` (`id_order`),
  KEY `id_cart_rule` (`id_cart_rule`)
) ENGINE=InnoDB DEFAULT CHARSET=utf8;

--
-- Dumping data for table `ps_order_cart_rule`
--


--
-- Table structure for table `ps_order_detail`
--

CREATE TABLE `ps_order_detail` (
  `id_order_detail` int(10) unsigned NOT NULL AUTO_INCREMENT,
  `id_order` int(10) unsigned NOT NULL,
  `id_order_invoice` int(11) DEFAULT NULL,
  `id_warehouse` int(10) unsigned DEFAULT '0',
  `id_shop` int(11) unsigned NOT NULL,
  `product_id` int(10) unsigned NOT NULL,
  `product_attribute_id` int(10) unsigned DEFAULT NULL,
  `id_customization` int(10) unsigned DEFAULT '0',
  `product_name` varchar(255) NOT NULL,
  `product_quantity` int(10) unsigned NOT NULL DEFAULT '0',
  `product_quantity_in_stock` int(10) NOT NULL DEFAULT '0',
  `product_quantity_refunded` int(10) unsigned NOT NULL DEFAULT '0',
  `product_quantity_return` int(10) unsigned NOT NULL DEFAULT '0',
  `product_quantity_reinjected` int(10) unsigned NOT NULL DEFAULT '0',
  `product_price` decimal(20,6) NOT NULL DEFAULT '0.000000',
  `reduction_percent` decimal(10,2) NOT NULL DEFAULT '0.00',
  `reduction_amount` decimal(20,6) NOT NULL DEFAULT '0.000000',
  `reduction_amount_tax_incl` decimal(20,6) NOT NULL DEFAULT '0.000000',
  `reduction_amount_tax_excl` decimal(20,6) NOT NULL DEFAULT '0.000000',
  `group_reduction` decimal(10,2) NOT NULL DEFAULT '0.00',
  `product_quantity_discount` decimal(20,6) NOT NULL DEFAULT '0.000000',
  `product_ean13` varchar(13) DEFAULT NULL,
  `product_isbn` varchar(13) DEFAULT NULL,
  `product_upc` varchar(12) DEFAULT NULL,
  `product_reference` varchar(32) DEFAULT NULL,
  `product_supplier_reference` varchar(32) DEFAULT NULL,
  `product_weight` decimal(20,6) NOT NULL,
  `id_tax_rules_group` int(11) unsigned DEFAULT '0',
  `tax_computation_method` tinyint(1) unsigned NOT NULL DEFAULT '0',
  `tax_name` varchar(16) NOT NULL,
  `tax_rate` decimal(10,3) NOT NULL DEFAULT '0.000',
  `ecotax` decimal(21,6) NOT NULL DEFAULT '0.000000',
  `ecotax_tax_rate` decimal(5,3) NOT NULL DEFAULT '0.000',
  `discount_quantity_applied` tinyint(1) NOT NULL DEFAULT '0',
  `download_hash` varchar(255) DEFAULT NULL,
  `download_nb` int(10) unsigned DEFAULT '0',
  `download_deadline` datetime DEFAULT NULL,
  `total_price_tax_incl` decimal(20,6) NOT NULL DEFAULT '0.000000',
  `total_price_tax_excl` decimal(20,6) NOT NULL DEFAULT '0.000000',
  `unit_price_tax_incl` decimal(20,6) NOT NULL DEFAULT '0.000000',
  `unit_price_tax_excl` decimal(20,6) NOT NULL DEFAULT '0.000000',
  `total_shipping_price_tax_incl` decimal(20,6) NOT NULL DEFAULT '0.000000',
  `total_shipping_price_tax_excl` decimal(20,6) NOT NULL DEFAULT '0.000000',
  `purchase_supplier_price` decimal(20,6) NOT NULL DEFAULT '0.000000',
  `original_product_price` decimal(20,6) NOT NULL DEFAULT '0.000000',
  `original_wholesale_price` decimal(20,6) NOT NULL DEFAULT '0.000000',
  PRIMARY KEY (`id_order_detail`),
  KEY `order_detail_order` (`id_order`),
  KEY `product_id` (`product_id`),
  KEY `product_attribute_id` (`product_attribute_id`),
  KEY `id_tax_rules_group` (`id_tax_rules_group`),
  KEY `id_order_id_order_detail` (`id_order`,`id_order_detail`)
) ENGINE=InnoDB AUTO_INCREMENT=16 DEFAULT CHARSET=utf8;

--
-- Dumping data for table `ps_order_detail`
--

INSERT INTO `ps_order_detail` VALUES (1,1,0,0,1,2,10,0,'Blouse - Color : White, Size : M',1,1,0,0,0,26.999852,0.00,0.000000,0.000000,0.000000,0.00,0.000000,'','','','demo_2','',0.000000,0,0,'',0.000,0.000000,0.000,0,'',0,'0000-00-00 00:00:00',27.000000,27.000000,27.000000,27.000000,0.000000,0.000000,0.000000,26.999852,8.100000),(2,1,0,0,1,3,13,0,'Printed Dress - Color : Orange, Size : S',1,1,0,0,0,25.999852,0.00,0.000000,0.000000,0.000000,0.00,0.000000,'','','','demo_3','',0.000000,0,0,'',0.000,0.000000,0.000,0,'',0,'0000-00-00 00:00:00',26.000000,26.000000,26.000000,26.000000,0.000000,0.000000,0.000000,25.999852,7.800000),(3,2,0,0,1,2,10,0,'Blouse - Color : White, Size : M',1,1,0,0,0,26.999852,0.00,0.000000,0.000000,0.000000,0.00,0.000000,'','','','demo_2','',0.000000,0,0,'',0.000,0.000000,0.000,0,'',0,'0000-00-00 00:00:00',27.000000,27.000000,27.000000,27.000000,0.000000,0.000000,0.000000,26.999852,8.100000),(4,2,0,0,1,6,32,0,'Printed Summer Dress - Color : Yellow, Size : M',1,1,0,0,0,30.502569,0.00,0.000000,0.000000,0.000000,0.00,0.000000,'','','','demo_6','',0.000000,0,0,'',0.000,0.000000,0.000,0,'',0,'0000-00-00 00:00:00',30.500000,30.500000,30.500000,30.500000,0.000000,0.000000,0.000000,30.502569,9.150000),(5,2,0,0,1,7,34,0,'Printed Chiffon Dress - Color : Yellow, Size : S',1,1,0,0,0,20.501236,20.00,0.000000,0.000000,0.000000,0.00,17.400000,'','','','demo_7','',0.000000,0,0,'',0.000,0.000000,0.000,0,'',0,'0000-00-00 00:00:00',16.400000,16.400000,16.400000,16.400000,0.000000,0.000000,0.000000,20.501236,6.150000),(6,3,0,0,1,1,1,0,'Faded Short Sleeve T-shirts - Color : Orange, Size : S',1,1,0,0,0,16.510000,0.00,0.000000,0.000000,0.000000,0.00,0.000000,'','','','demo_1','',0.000000,0,0,'',0.000,0.000000,0.000,0,'',0,'0000-00-00 00:00:00',16.510000,16.510000,16.510000,16.510000,0.000000,0.000000,0.000000,16.510000,4.950000),(7,3,0,0,1,2,10,0,'Blouse - Color : White, Size : M',1,1,0,0,0,26.999852,0.00,0.000000,0.000000,0.000000,0.00,0.000000,'','','','demo_2','',0.000000,0,0,'',0.000,0.000000,0.000,0,'',0,'0000-00-00 00:00:00',27.000000,27.000000,27.000000,27.000000,0.000000,0.000000,0.000000,26.999852,8.100000),(8,3,0,0,1,6,32,0,'Printed Summer Dress - Color : Yellow, Size : M',1,1,0,0,0,30.502569,0.00,0.000000,0.000000,0.000000,0.00,0.000000,'','','','demo_6','',0.000000,0,0,'',0.000,0.000000,0.000,0,'',0,'0000-00-00 00:00:00',30.500000,30.500000,30.500000,30.500000,0.000000,0.000000,0.000000,30.502569,9.150000),(9,4,0,0,1,1,1,0,'Faded Short Sleeve T-shirts - Color : Orange, Size : S',1,1,0,0,0,16.510000,0.00,0.000000,0.000000,0.000000,0.00,0.000000,'','','','demo_1','',0.000000,0,0,'',0.000,0.000000,0.000,0,'',0,'0000-00-00 00:00:00',16.510000,16.510000,16.510000,16.510000,0.000000,0.000000,0.000000,16.510000,4.950000),(10,4,0,0,1,3,13,0,'Printed Dress - Color : Orange, Size : S',1,1,0,0,0,25.999852,0.00,0.000000,0.000000,0.000000,0.00,0.000000,'','','','demo_3','',0.000000,0,0,'',0.000,0.000000,0.000,0,'',0,'0000-00-00 00:00:00',26.000000,26.000000,26.000000,26.000000,0.000000,0.000000,0.000000,25.999852,7.800000),(11,4,0,0,1,5,19,0,'Printed Summer Dress - Color : Yellow, Size : S',1,1,0,0,0,30.506321,5.00,0.000000,0.000000,0.000000,0.00,29.980000,'','','','demo_5','',0.000000,0,0,'',0.000,0.000000,0.000,0,'',0,'0000-00-00 00:00:00',28.980000,28.980000,28.980000,28.980000,0.000000,0.000000,0.000000,30.506321,9.150000),(12,4,0,0,1,7,34,0,'Printed Chiffon Dress - Color : Yellow, Size : S',1,1,0,0,0,20.501236,20.00,0.000000,0.000000,0.000000,0.00,17.400000,'','','','demo_7','',0.000000,0,0,'',0.000,0.000000,0.000,0,'',0,'0000-00-00 00:00:00',16.400000,16.400000,16.400000,16.400000,0.000000,0.000000,0.000000,20.501236,6.150000),(13,5,0,0,1,1,1,0,'Faded Short Sleeve T-shirts - Color : Orange, Size : S',1,1,0,0,0,16.510000,0.00,0.000000,0.000000,0.000000,0.00,0.000000,'','','','demo_1','',0.000000,0,0,'',0.000,0.000000,0.000,0,'',0,'0000-00-00 00:00:00',16.510000,16.510000,16.510000,16.510000,0.000000,0.000000,0.000000,16.510000,4.950000),(14,5,0,0,1,2,7,0,'Blouse - Color : Black, Size : S',1,1,0,0,0,26.999852,0.00,0.000000,0.000000,0.000000,0.00,0.000000,'','','','demo_2','',0.000000,0,0,'',0.000,0.000000,0.000,0,'',0,'0000-00-00 00:00:00',27.000000,27.000000,27.000000,27.000000,0.000000,0.000000,0.000000,26.999852,8.100000),(15,5,0,0,1,3,13,0,'Printed Dress - Color : Orange, Size : S',1,1,0,0,0,25.999852,0.00,0.000000,0.000000,0.000000,0.00,0.000000,'','','','demo_3','',0.000000,0,0,'',0.000,0.000000,0.000,0,'',0,'0000-00-00 00:00:00',26.000000,26.000000,26.000000,26.000000,0.000000,0.000000,0.000000,25.999852,7.800000);

--
-- Table structure for table `ps_order_detail_tax`
--

CREATE TABLE `ps_order_detail_tax` (
  `id_order_detail` int(11) NOT NULL,
  `id_tax` int(11) NOT NULL,
  `unit_amount` decimal(16,6) NOT NULL DEFAULT '0.000000',
  `total_amount` decimal(16,6) NOT NULL DEFAULT '0.000000',
  KEY `id_order_detail` (`id_order_detail`),
  KEY `id_tax` (`id_tax`)
) ENGINE=InnoDB DEFAULT CHARSET=utf8;

--
-- Dumping data for table `ps_order_detail_tax`
--


--
-- Table structure for table `ps_order_history`
--

CREATE TABLE `ps_order_history` (
  `id_order_history` int(10) unsigned NOT NULL AUTO_INCREMENT,
  `id_employee` int(10) unsigned NOT NULL,
  `id_order` int(10) unsigned NOT NULL,
  `id_order_state` int(10) unsigned NOT NULL,
  `date_add` datetime NOT NULL,
  PRIMARY KEY (`id_order_history`),
  KEY `order_history_order` (`id_order`),
  KEY `id_employee` (`id_employee`),
  KEY `id_order_state` (`id_order_state`)
) ENGINE=InnoDB AUTO_INCREMENT=8 DEFAULT CHARSET=utf8;

--
-- Dumping data for table `ps_order_history`
--

INSERT INTO `ps_order_history` VALUES (1,0,1,1,'2017-07-03 15:43:51'),(2,0,2,1,'2017-07-03 15:43:51'),(3,0,3,1,'2017-07-03 15:43:51'),(4,0,4,1,'2017-07-03 15:43:51'),(5,0,5,10,'2017-07-03 15:43:51'),(6,1,1,6,'2017-07-03 15:43:51'),(7,1,3,8,'2017-07-03 15:43:51');

--
-- Table structure for table `ps_order_invoice`
--

CREATE TABLE `ps_order_invoice` (
  `id_order_invoice` int(11) unsigned NOT NULL AUTO_INCREMENT,
  `id_order` int(11) NOT NULL,
  `number` int(11) NOT NULL,
  `delivery_number` int(11) NOT NULL,
  `delivery_date` datetime DEFAULT NULL,
  `total_discount_tax_excl` decimal(20,6) NOT NULL DEFAULT '0.000000',
  `total_discount_tax_incl` decimal(20,6) NOT NULL DEFAULT '0.000000',
  `total_paid_tax_excl` decimal(20,6) NOT NULL DEFAULT '0.000000',
  `total_paid_tax_incl` decimal(20,6) NOT NULL DEFAULT '0.000000',
  `total_products` decimal(20,6) NOT NULL DEFAULT '0.000000',
  `total_products_wt` decimal(20,6) NOT NULL DEFAULT '0.000000',
  `total_shipping_tax_excl` decimal(20,6) NOT NULL DEFAULT '0.000000',
  `total_shipping_tax_incl` decimal(20,6) NOT NULL DEFAULT '0.000000',
  `shipping_tax_computation_method` int(10) unsigned NOT NULL,
  `total_wrapping_tax_excl` decimal(20,6) NOT NULL DEFAULT '0.000000',
  `total_wrapping_tax_incl` decimal(20,6) NOT NULL DEFAULT '0.000000',
  `shop_address` text,
  `note` text,
  `date_add` datetime NOT NULL,
  PRIMARY KEY (`id_order_invoice`),
  KEY `id_order` (`id_order`)
) ENGINE=InnoDB DEFAULT CHARSET=utf8;

--
-- Dumping data for table `ps_order_invoice`
--


--
-- Table structure for table `ps_order_invoice_payment`
--

CREATE TABLE `ps_order_invoice_payment` (
  `id_order_invoice` int(11) unsigned NOT NULL,
  `id_order_payment` int(11) unsigned NOT NULL,
  `id_order` int(11) unsigned NOT NULL,
  PRIMARY KEY (`id_order_invoice`,`id_order_payment`),
  KEY `order_payment` (`id_order_payment`),
  KEY `id_order` (`id_order`)
) ENGINE=InnoDB DEFAULT CHARSET=utf8;

--
-- Dumping data for table `ps_order_invoice_payment`
--


--
-- Table structure for table `ps_order_invoice_tax`
--

CREATE TABLE `ps_order_invoice_tax` (
  `id_order_invoice` int(11) NOT NULL,
  `type` varchar(15) NOT NULL,
  `id_tax` int(11) NOT NULL,
  `amount` decimal(10,6) NOT NULL DEFAULT '0.000000',
  KEY `id_tax` (`id_tax`)
) ENGINE=InnoDB DEFAULT CHARSET=utf8;

--
-- Dumping data for table `ps_order_invoice_tax`
--


--
-- Table structure for table `ps_order_message`
--

CREATE TABLE `ps_order_message` (
  `id_order_message` int(10) unsigned NOT NULL AUTO_INCREMENT,
  `date_add` datetime NOT NULL,
  PRIMARY KEY (`id_order_message`)
) ENGINE=InnoDB AUTO_INCREMENT=2 DEFAULT CHARSET=utf8;

--
-- Dumping data for table `ps_order_message`
--

INSERT INTO `ps_order_message` VALUES (1,'2017-07-03 15:43:40');

--
-- Table structure for table `ps_order_message_lang`
--

CREATE TABLE `ps_order_message_lang` (
  `id_order_message` int(10) unsigned NOT NULL,
  `id_lang` int(10) unsigned NOT NULL,
  `name` varchar(128) NOT NULL,
  `message` text NOT NULL,
  PRIMARY KEY (`id_order_message`,`id_lang`)
) ENGINE=InnoDB DEFAULT CHARSET=utf8;

--
-- Dumping data for table `ps_order_message_lang`
--

INSERT INTO `ps_order_message_lang` VALUES (1,1,'Delay','Hi,\n\nUnfortunately, an item on your order is currently out of stock. This may cause a slight delay in delivery.\nPlease accept our apologies and rest assured that we are working hard to rectify this.\n\nBest regards,'),(1,2,'Lieferung','Leider sind ein oder mehrere Artikel Ihrer Bestellung derzeit nicht auf Lager. Dies kann zu einer leichten Verzögerung bei Auslieferung führen. Wir entschuldigen uns und versichern Ihnen, dass Sie Ihre Bestellung schnellstmöglich erhalten.'),(1,3,'Retraso','Hola:\n\nDesafortunadamente, un producto de su pedido está fuera de stock en este momento. Esto puede originar un pequeño retraso en el envío. Trabajaremos lo más rápido posible para solucionarlo. Por favor, acepte nuestras disculpas.\n\nSaludos'),(1,4,'Retard','Bonjour,\n\nMalheureusement, un article que vous avez commandé est actuellement en rupture de stock. Pour cette raison, il est possible que la livraison de votre commande soit légèrement retardée.\nNous vous prions de bien vouloir accepter nos excuses. Nous faisons tout notre possible pour remédier à cette situation.\n\nCordialement,'),(1,5,'Ritardo','Buongiorno,\n\npurtroppo un articolo che hai ordinato è momentaneamente esaurito. Potrebbe pertanto verificarsi un leggero ritardo nella consegna.\nScusandoci per l\'inconveniente, ti assicuriamo che stiamo facendo del nostro meglio per risolverlo.\n\nCordiali saluti,');

--
-- Table structure for table `ps_order_payment`
--

CREATE TABLE `ps_order_payment` (
  `id_order_payment` int(11) NOT NULL AUTO_INCREMENT,
  `order_reference` varchar(9) DEFAULT NULL,
  `id_currency` int(10) unsigned NOT NULL,
  `amount` decimal(10,2) NOT NULL,
  `payment_method` varchar(255) NOT NULL,
  `conversion_rate` decimal(13,6) NOT NULL DEFAULT '1.000000',
  `transaction_id` varchar(254) DEFAULT NULL,
  `card_number` varchar(254) DEFAULT NULL,
  `card_brand` varchar(254) DEFAULT NULL,
  `card_expiration` char(7) DEFAULT NULL,
  `card_holder` varchar(254) DEFAULT NULL,
  `date_add` datetime NOT NULL,
  PRIMARY KEY (`id_order_payment`),
  KEY `order_reference` (`order_reference`)
) ENGINE=InnoDB DEFAULT CHARSET=utf8;

--
-- Dumping data for table `ps_order_payment`
--


--
-- Table structure for table `ps_order_return`
--

CREATE TABLE `ps_order_return` (
  `id_order_return` int(10) unsigned NOT NULL AUTO_INCREMENT,
  `id_customer` int(10) unsigned NOT NULL,
  `id_order` int(10) unsigned NOT NULL,
  `state` tinyint(1) unsigned NOT NULL DEFAULT '1',
  `question` text NOT NULL,
  `date_add` datetime NOT NULL,
  `date_upd` datetime NOT NULL,
  PRIMARY KEY (`id_order_return`),
  KEY `order_return_customer` (`id_customer`),
  KEY `id_order` (`id_order`)
) ENGINE=InnoDB DEFAULT CHARSET=utf8;

--
-- Dumping data for table `ps_order_return`
--


--
-- Table structure for table `ps_order_return_detail`
--

CREATE TABLE `ps_order_return_detail` (
  `id_order_return` int(10) unsigned NOT NULL,
  `id_order_detail` int(10) unsigned NOT NULL,
  `id_customization` int(10) unsigned NOT NULL DEFAULT '0',
  `product_quantity` int(10) unsigned NOT NULL DEFAULT '0',
  PRIMARY KEY (`id_order_return`,`id_order_detail`,`id_customization`)
) ENGINE=InnoDB DEFAULT CHARSET=utf8;

--
-- Dumping data for table `ps_order_return_detail`
--


--
-- Table structure for table `ps_order_return_state`
--

CREATE TABLE `ps_order_return_state` (
  `id_order_return_state` int(10) unsigned NOT NULL AUTO_INCREMENT,
  `color` varchar(32) DEFAULT NULL,
  PRIMARY KEY (`id_order_return_state`)
) ENGINE=InnoDB AUTO_INCREMENT=6 DEFAULT CHARSET=utf8;

--
-- Dumping data for table `ps_order_return_state`
--

INSERT INTO `ps_order_return_state` VALUES (1,'#4169E1'),(2,'#8A2BE2'),(3,'#32CD32'),(4,'#DC143C'),(5,'#108510');

--
-- Table structure for table `ps_order_return_state_lang`
--

CREATE TABLE `ps_order_return_state_lang` (
  `id_order_return_state` int(10) unsigned NOT NULL,
  `id_lang` int(10) unsigned NOT NULL,
  `name` varchar(64) NOT NULL,
  PRIMARY KEY (`id_order_return_state`,`id_lang`)
) ENGINE=InnoDB DEFAULT CHARSET=utf8;

--
-- Dumping data for table `ps_order_return_state_lang`
--

INSERT INTO `ps_order_return_state_lang` VALUES (1,1,'Waiting for confirmation'),(1,2,'Warten auf Bestätigung'),(1,3,'A la espera de confirmación'),(1,4,'En attente de confirmation'),(1,5,'In attesa di conferma'),(2,1,'Waiting for package'),(2,2,'Sendung erwartet'),(2,3,'A la espera del paquete'),(2,4,'En attente du colis'),(2,5,'In attesa del pacco'),(3,1,'Package received'),(3,2,'Sendung erhalten'),(3,3,'Paquete recibido'),(3,4,'Colis reçu'),(3,5,'Pacco ricevuto'),(4,1,'Return denied'),(4,2,'Rücksendung verweigert'),(4,3,'Devolución denegada'),(4,4,'Retour refusé'),(4,5,'Reso rifiutato'),(5,1,'Return completed'),(5,2,'Rücksendung abgeschlossen'),(5,3,'Devolución completada'),(5,4,'Retour terminé'),(5,5,'Reso completato');

--
-- Table structure for table `ps_order_slip`
--

CREATE TABLE `ps_order_slip` (
  `id_order_slip` int(10) unsigned NOT NULL AUTO_INCREMENT,
  `conversion_rate` decimal(13,6) NOT NULL DEFAULT '1.000000',
  `id_customer` int(10) unsigned NOT NULL,
  `id_order` int(10) unsigned NOT NULL,
  `total_products_tax_excl` decimal(20,6) DEFAULT NULL,
  `total_products_tax_incl` decimal(20,6) DEFAULT NULL,
  `total_shipping_tax_excl` decimal(20,6) DEFAULT NULL,
  `total_shipping_tax_incl` decimal(20,6) DEFAULT NULL,
  `shipping_cost` tinyint(3) unsigned NOT NULL DEFAULT '0',
  `amount` decimal(10,2) NOT NULL,
  `shipping_cost_amount` decimal(10,2) NOT NULL,
  `partial` tinyint(1) NOT NULL,
  `order_slip_type` tinyint(1) unsigned NOT NULL DEFAULT '0',
  `date_add` datetime NOT NULL,
  `date_upd` datetime NOT NULL,
  PRIMARY KEY (`id_order_slip`),
  KEY `order_slip_customer` (`id_customer`),
  KEY `id_order` (`id_order`)
) ENGINE=InnoDB DEFAULT CHARSET=utf8;

--
-- Dumping data for table `ps_order_slip`
--


--
-- Table structure for table `ps_order_slip_detail`
--

CREATE TABLE `ps_order_slip_detail` (
  `id_order_slip` int(10) unsigned NOT NULL,
  `id_order_detail` int(10) unsigned NOT NULL,
  `product_quantity` int(10) unsigned NOT NULL DEFAULT '0',
  `unit_price_tax_excl` decimal(20,6) DEFAULT NULL,
  `unit_price_tax_incl` decimal(20,6) DEFAULT NULL,
  `total_price_tax_excl` decimal(20,6) DEFAULT NULL,
  `total_price_tax_incl` decimal(20,6) DEFAULT NULL,
  `amount_tax_excl` decimal(20,6) DEFAULT NULL,
  `amount_tax_incl` decimal(20,6) DEFAULT NULL,
  PRIMARY KEY (`id_order_slip`,`id_order_detail`)
) ENGINE=InnoDB DEFAULT CHARSET=utf8;

--
-- Dumping data for table `ps_order_slip_detail`
--


--
-- Table structure for table `ps_order_slip_detail_tax`
--

CREATE TABLE `ps_order_slip_detail_tax` (
  `id_order_slip_detail` int(11) unsigned NOT NULL,
  `id_tax` int(11) unsigned NOT NULL,
  `unit_amount` decimal(16,6) NOT NULL DEFAULT '0.000000',
  `total_amount` decimal(16,6) NOT NULL DEFAULT '0.000000',
  KEY `id_order_slip_detail` (`id_order_slip_detail`),
  KEY `id_tax` (`id_tax`)
) ENGINE=InnoDB DEFAULT CHARSET=utf8;

--
-- Dumping data for table `ps_order_slip_detail_tax`
--


--
-- Table structure for table `ps_order_state`
--

CREATE TABLE `ps_order_state` (
  `id_order_state` int(10) unsigned NOT NULL AUTO_INCREMENT,
  `invoice` tinyint(1) unsigned DEFAULT '0',
  `send_email` tinyint(1) unsigned NOT NULL DEFAULT '0',
  `module_name` varchar(255) DEFAULT NULL,
  `color` varchar(32) DEFAULT NULL,
  `unremovable` tinyint(1) unsigned NOT NULL,
  `hidden` tinyint(1) unsigned NOT NULL DEFAULT '0',
  `logable` tinyint(1) NOT NULL DEFAULT '0',
  `delivery` tinyint(1) unsigned NOT NULL DEFAULT '0',
  `shipped` tinyint(1) unsigned NOT NULL DEFAULT '0',
  `paid` tinyint(1) unsigned NOT NULL DEFAULT '0',
  `pdf_invoice` tinyint(1) unsigned NOT NULL DEFAULT '0',
  `pdf_delivery` tinyint(1) unsigned NOT NULL DEFAULT '0',
  `deleted` tinyint(1) unsigned NOT NULL DEFAULT '0',
  PRIMARY KEY (`id_order_state`),
  KEY `module_name` (`module_name`)
) ENGINE=InnoDB AUTO_INCREMENT=14 DEFAULT CHARSET=utf8;

--
-- Dumping data for table `ps_order_state`
--

INSERT INTO `ps_order_state` VALUES (1,0,1,'cheque','#4169E1',1,0,0,0,0,0,0,0,0),(2,1,1,'','#32CD32',1,0,1,0,0,1,1,0,0),(3,1,1,'','#FF8C00',1,0,1,1,0,1,0,0,0),(4,1,1,'','#8A2BE2',1,0,1,1,1,1,0,0,0),(5,1,0,'','#108510',1,0,1,1,1,1,0,0,0),(6,0,1,'','#DC143C',1,0,0,0,0,0,0,0,0),(7,1,1,'','#ec2e15',1,0,0,0,0,0,0,0,0),(8,0,1,'','#8f0621',1,0,0,0,0,0,0,0,0),(9,1,1,'','#FF69B4',1,0,0,0,0,1,0,0,0),(10,0,1,'bankwire','#4169E1',1,0,0,0,0,0,0,0,0),(11,1,1,'','#32CD32',1,0,1,0,0,1,0,0,0),(12,0,1,'','#FF69B4',1,0,0,0,0,0,0,0,0),(13,0,0,'cashondelivery','#4169E1',1,0,0,0,0,0,0,0,0);

--
-- Table structure for table `ps_order_state_lang`
--

CREATE TABLE `ps_order_state_lang` (
  `id_order_state` int(10) unsigned NOT NULL,
  `id_lang` int(10) unsigned NOT NULL,
  `name` varchar(64) NOT NULL,
  `template` varchar(64) NOT NULL,
  PRIMARY KEY (`id_order_state`,`id_lang`)
) ENGINE=InnoDB DEFAULT CHARSET=utf8;

--
-- Dumping data for table `ps_order_state_lang`
--

INSERT INTO `ps_order_state_lang` VALUES (1,1,'Awaiting check payment','cheque'),(1,2,'Warten auf Scheckzahlung','cheque'),(1,3,'En espera de pago por cheque','cheque'),(1,4,'En attente de paiement par chèque','cheque'),(1,5,'In attesa di pagamento con assegno','cheque'),(2,1,'Payment accepted','payment'),(2,2,'Zahlung eingegangen','payment'),(2,3,'Pago aceptado','payment'),(2,4,'Paiement accepté','payment'),(2,5,'Pagamento accettato','payment'),(3,1,'Processing in progress','preparation'),(3,2,'Bestellung in Bearbeitung','preparation'),(3,3,'Preparación en curso','preparation'),(3,4,'En cours de préparation','preparation'),(3,5,'Preparazione in corso','preparation'),(4,1,'Shipped','shipped'),(4,2,'Bestellung versandt','shipped'),(4,3,'Enviado','shipped'),(4,4,'Expédié','shipped'),(4,5,'Spedito','shipped'),(5,1,'Delivered',''),(5,2,'Bestellung ausgeliefert',''),(5,3,'Entregado',''),(5,4,'Livré',''),(5,5,'Consegnato',''),(6,1,'Canceled','order_canceled'),(6,2,'Bestellung storniert','order_canceled'),(6,3,'Cancelado','order_canceled'),(6,4,'Annulé','order_canceled'),(6,5,'Annullato','order_canceled'),(7,1,'Refunded','refund'),(7,2,'Zahlung erstattet','refund'),(7,3,'Reembolsado','refund'),(7,4,'Remboursé','refund'),(7,5,'Rimborso','refund'),(8,1,'Payment error','payment_error'),(8,2,'Fehler bei der Bezahlung','payment_error'),(8,3,'Error en pago','payment_error'),(8,4,'Erreur de paiement','payment_error'),(8,5,'Errore di pagamento','payment_error'),(9,1,'On backorder (paid)','outofstock'),(9,2,'Artikel nicht auf Lager (bezahlt)','outofstock'),(9,3,'Pedido pendiente por falta de stock (pagado)','outofstock'),(9,4,'En attente de réapprovisionnement (payé)','outofstock'),(9,5,'In attesa di rifornimento','outofstock'),(10,1,'Awaiting bank wire payment','bankwire'),(10,2,'Warten auf Zahlungseingang Überweisung','bankwire'),(10,3,'En espera de pago por transferencia bancaria','bankwire'),(10,4,'En attente de virement bancaire','bankwire'),(10,5,'In attesa di pagamento con bonifico bancario','bankwire'),(11,1,'Remote payment accepted','payment'),(11,2,'Zahlung ausserhalb von PrestaShop eingegangen','payment'),(11,3,'Pago remoto aceptado','payment'),(11,4,'Paiement à distance accepté','payment'),(11,5,'Pagamento remoto accettato','payment'),(12,1,'On backorder (not paid)','outofstock'),(12,2,'Artikel nicht auf Lager','outofstock'),(12,3,'Pedido pendiente por falta de stock (no pagado)','outofstock'),(12,4,'En attente de réapprovisionnement (non payé)','outofstock'),(12,5,'In attesa di rifornimento','outofstock'),(13,1,'Awaiting Cash On Delivery validation','cashondelivery'),(13,2,'Warten auf Zahlungseingang Nachnahme','cashondelivery'),(13,3,'En espera de validación por contra reembolso.','cashondelivery'),(13,4,'En attente de paiement à la livraison','cashondelivery'),(13,5,'In attesa verifica contrassegno','cashondelivery');

--
-- Table structure for table `ps_orders`
--

CREATE TABLE `ps_orders` (
  `id_order` int(10) unsigned NOT NULL AUTO_INCREMENT,
  `reference` varchar(9) DEFAULT NULL,
  `id_shop_group` int(11) unsigned NOT NULL DEFAULT '1',
  `id_shop` int(11) unsigned NOT NULL DEFAULT '1',
  `id_carrier` int(10) unsigned NOT NULL,
  `id_lang` int(10) unsigned NOT NULL,
  `id_customer` int(10) unsigned NOT NULL,
  `id_cart` int(10) unsigned NOT NULL,
  `id_currency` int(10) unsigned NOT NULL,
  `id_address_delivery` int(10) unsigned NOT NULL,
  `id_address_invoice` int(10) unsigned NOT NULL,
  `current_state` int(10) unsigned NOT NULL,
  `secure_key` varchar(32) NOT NULL DEFAULT '-1',
  `payment` varchar(255) NOT NULL,
  `conversion_rate` decimal(13,6) NOT NULL DEFAULT '1.000000',
  `module` varchar(255) DEFAULT NULL,
  `recyclable` tinyint(1) unsigned NOT NULL DEFAULT '0',
  `gift` tinyint(1) unsigned NOT NULL DEFAULT '0',
  `gift_message` text,
  `mobile_theme` tinyint(1) NOT NULL DEFAULT '0',
  `shipping_number` varchar(64) DEFAULT NULL,
  `total_discounts` decimal(20,6) NOT NULL DEFAULT '0.000000',
  `total_discounts_tax_incl` decimal(20,6) NOT NULL DEFAULT '0.000000',
  `total_discounts_tax_excl` decimal(20,6) NOT NULL DEFAULT '0.000000',
  `total_paid` decimal(20,6) NOT NULL DEFAULT '0.000000',
  `total_paid_tax_incl` decimal(20,6) NOT NULL DEFAULT '0.000000',
  `total_paid_tax_excl` decimal(20,6) NOT NULL DEFAULT '0.000000',
  `total_paid_real` decimal(20,6) NOT NULL DEFAULT '0.000000',
  `total_products` decimal(20,6) NOT NULL DEFAULT '0.000000',
  `total_products_wt` decimal(20,6) NOT NULL DEFAULT '0.000000',
  `total_shipping` decimal(20,6) NOT NULL DEFAULT '0.000000',
  `total_shipping_tax_incl` decimal(20,6) NOT NULL DEFAULT '0.000000',
  `total_shipping_tax_excl` decimal(20,6) NOT NULL DEFAULT '0.000000',
  `carrier_tax_rate` decimal(10,3) NOT NULL DEFAULT '0.000',
  `total_wrapping` decimal(20,6) NOT NULL DEFAULT '0.000000',
  `total_wrapping_tax_incl` decimal(20,6) NOT NULL DEFAULT '0.000000',
  `total_wrapping_tax_excl` decimal(20,6) NOT NULL DEFAULT '0.000000',
  `round_mode` tinyint(1) NOT NULL DEFAULT '2',
  `round_type` tinyint(1) NOT NULL DEFAULT '1',
  `invoice_number` int(10) unsigned NOT NULL DEFAULT '0',
  `delivery_number` int(10) unsigned NOT NULL DEFAULT '0',
  `invoice_date` datetime NOT NULL,
  `delivery_date` datetime NOT NULL,
  `valid` int(1) unsigned NOT NULL DEFAULT '0',
  `date_add` datetime NOT NULL,
  `date_upd` datetime NOT NULL,
  PRIMARY KEY (`id_order`),
  KEY `reference` (`reference`),
  KEY `id_customer` (`id_customer`),
  KEY `id_cart` (`id_cart`),
  KEY `invoice_number` (`invoice_number`),
  KEY `id_carrier` (`id_carrier`),
  KEY `id_lang` (`id_lang`),
  KEY `id_currency` (`id_currency`),
  KEY `id_address_delivery` (`id_address_delivery`),
  KEY `id_address_invoice` (`id_address_invoice`),
  KEY `id_shop_group` (`id_shop_group`),
  KEY `current_state` (`current_state`),
  KEY `id_shop` (`id_shop`),
  KEY `date_add` (`date_add`)
) ENGINE=InnoDB AUTO_INCREMENT=6 DEFAULT CHARSET=utf8;

--
-- Dumping data for table `ps_orders`
--

INSERT INTO `ps_orders` VALUES (1,'XKBKNABJK',1,1,2,1,1,1,1,4,4,6,'b44a6d9efd7a0076a0fbce6b15eaf3b1','Payment by check',1.000000,'ps_checkpayment',0,0,'',0,'',0.000000,0.000000,0.000000,55.000000,55.000000,55.000000,0.000000,53.000000,53.000000,2.000000,2.000000,2.000000,0.000,0.000000,0.000000,0.000000,0,0,0,0,'0000-00-00 00:00:00','0000-00-00 00:00:00',0,'2017-07-03 15:43:46','2017-07-03 15:43:51'),(2,'OHSATSERP',1,1,2,1,1,2,1,4,4,1,'b44a6d9efd7a0076a0fbce6b15eaf3b1','Payment by check',1.000000,'ps_checkpayment',0,0,'',0,'',0.000000,0.000000,0.000000,75.900000,75.900000,75.900000,0.000000,73.900000,73.900000,2.000000,2.000000,2.000000,0.000,0.000000,0.000000,0.000000,0,0,0,0,'0000-00-00 00:00:00','0000-00-00 00:00:00',0,'2017-07-03 15:43:46','2017-07-03 15:43:51'),(3,'UOYEVOLI',1,1,2,1,1,3,1,4,4,8,'b44a6d9efd7a0076a0fbce6b15eaf3b1','Payment by check',1.000000,'ps_checkpayment',0,0,'',0,'',0.000000,0.000000,0.000000,76.010000,76.010000,76.010000,0.000000,74.010000,74.010000,2.000000,2.000000,2.000000,0.000,0.000000,0.000000,0.000000,0,0,0,0,'0000-00-00 00:00:00','0000-00-00 00:00:00',0,'2017-07-03 15:43:46','2017-07-03 15:43:51'),(4,'FFATNOMMJ',1,1,2,1,1,4,1,4,4,1,'b44a6d9efd7a0076a0fbce6b15eaf3b1','Payment by check',1.000000,'ps_checkpayment',0,0,'',0,'',0.000000,0.000000,0.000000,89.890000,89.890000,89.890000,0.000000,87.890000,87.890000,2.000000,2.000000,2.000000,0.000,0.000000,0.000000,0.000000,0,0,0,0,'0000-00-00 00:00:00','0000-00-00 00:00:00',0,'2017-07-03 15:43:46','2017-07-03 15:43:51'),(5,'KHWLILZLL',1,1,2,1,1,5,1,4,4,10,'b44a6d9efd7a0076a0fbce6b15eaf3b1','Bank wire',1.000000,'ps_wirepayment',0,0,'',0,'',0.000000,0.000000,0.000000,71.510000,71.510000,71.510000,0.000000,69.510000,69.510000,2.000000,2.000000,2.000000,0.000,0.000000,0.000000,0.000000,0,0,0,0,'0000-00-00 00:00:00','0000-00-00 00:00:00',0,'2017-07-03 15:43:46','2017-07-03 15:43:51');

--
-- Table structure for table `ps_pack`
--

CREATE TABLE `ps_pack` (
  `id_product_pack` int(10) unsigned NOT NULL,
  `id_product_item` int(10) unsigned NOT NULL,
  `id_product_attribute_item` int(10) unsigned NOT NULL,
  `quantity` int(10) unsigned NOT NULL DEFAULT '1',
  PRIMARY KEY (`id_product_pack`,`id_product_item`,`id_product_attribute_item`),
  KEY `product_item` (`id_product_item`,`id_product_attribute_item`)
) ENGINE=InnoDB DEFAULT CHARSET=utf8;

--
-- Dumping data for table `ps_pack`
--


--
-- Table structure for table `ps_page`
--

CREATE TABLE `ps_page` (
  `id_page` int(10) unsigned NOT NULL AUTO_INCREMENT,
  `id_page_type` int(10) unsigned NOT NULL,
  `id_object` int(10) unsigned DEFAULT NULL,
  PRIMARY KEY (`id_page`),
  KEY `id_page_type` (`id_page_type`),
  KEY `id_object` (`id_object`)
) ENGINE=InnoDB AUTO_INCREMENT=10 DEFAULT CHARSET=utf8;

--
-- Dumping data for table `ps_page`
--

INSERT INTO `ps_page` VALUES (1,1,NULL),(2,2,NULL),(3,3,NULL),(4,4,1),(5,4,2),(6,5,NULL),(7,6,NULL),(8,4,5),(9,7,NULL);

--
-- Table structure for table `ps_page_type`
--

CREATE TABLE `ps_page_type` (
  `id_page_type` int(10) unsigned NOT NULL AUTO_INCREMENT,
  `name` varchar(255) NOT NULL,
  PRIMARY KEY (`id_page_type`),
  KEY `name` (`name`)
) ENGINE=InnoDB AUTO_INCREMENT=8 DEFAULT CHARSET=utf8;

--
-- Dumping data for table `ps_page_type`
--

INSERT INTO `ps_page_type` VALUES (3,'authentication'),(6,'cms'),(2,'index'),(1,'pagenotfound'),(7,'pricesdrop'),(4,'product'),(5,'sitemap');

--
-- Table structure for table `ps_page_viewed`
--

CREATE TABLE `ps_page_viewed` (
  `id_page` int(10) unsigned NOT NULL,
  `id_shop_group` int(10) unsigned NOT NULL DEFAULT '1',
  `id_shop` int(10) unsigned NOT NULL DEFAULT '1',
  `id_date_range` int(10) unsigned NOT NULL,
  `counter` int(10) unsigned NOT NULL,
  PRIMARY KEY (`id_page`,`id_date_range`,`id_shop`)
) ENGINE=InnoDB DEFAULT CHARSET=utf8;

--
-- Dumping data for table `ps_page_viewed`
--


--
-- Table structure for table `ps_pagenotfound`
--

CREATE TABLE `ps_pagenotfound` (
  `id_pagenotfound` int(10) unsigned NOT NULL AUTO_INCREMENT,
  `id_shop` int(10) unsigned NOT NULL DEFAULT '1',
  `id_shop_group` int(10) unsigned NOT NULL DEFAULT '1',
  `request_uri` varchar(256) NOT NULL,
  `http_referer` varchar(256) NOT NULL,
  `date_add` datetime NOT NULL,
  PRIMARY KEY (`id_pagenotfound`),
  KEY `date_add` (`date_add`)
) ENGINE=InnoDB DEFAULT CHARSET=utf8;

--
-- Dumping data for table `ps_pagenotfound`
--


--
-- Table structure for table `ps_product`
--

CREATE TABLE `ps_product` (
  `id_product` int(10) unsigned NOT NULL AUTO_INCREMENT,
  `id_supplier` int(10) unsigned DEFAULT NULL,
  `id_manufacturer` int(10) unsigned DEFAULT NULL,
  `id_category_default` int(10) unsigned DEFAULT NULL,
  `id_shop_default` int(10) unsigned NOT NULL DEFAULT '1',
  `id_tax_rules_group` int(11) unsigned NOT NULL,
  `on_sale` tinyint(1) unsigned NOT NULL DEFAULT '0',
  `online_only` tinyint(1) unsigned NOT NULL DEFAULT '0',
  `ean13` varchar(13) DEFAULT NULL,
  `isbn` varchar(13) DEFAULT NULL,
  `upc` varchar(12) DEFAULT NULL,
  `ecotax` decimal(17,6) NOT NULL DEFAULT '0.000000',
  `quantity` int(10) NOT NULL DEFAULT '0',
  `minimal_quantity` int(10) unsigned NOT NULL DEFAULT '1',
  `price` decimal(20,6) NOT NULL DEFAULT '0.000000',
  `wholesale_price` decimal(20,6) NOT NULL DEFAULT '0.000000',
  `unity` varchar(255) DEFAULT NULL,
  `unit_price_ratio` decimal(20,6) NOT NULL DEFAULT '0.000000',
  `additional_shipping_cost` decimal(20,2) NOT NULL DEFAULT '0.00',
  `reference` varchar(32) DEFAULT NULL,
  `supplier_reference` varchar(32) DEFAULT NULL,
  `location` varchar(64) DEFAULT NULL,
  `width` decimal(20,6) NOT NULL DEFAULT '0.000000',
  `height` decimal(20,6) NOT NULL DEFAULT '0.000000',
  `depth` decimal(20,6) NOT NULL DEFAULT '0.000000',
  `weight` decimal(20,6) NOT NULL DEFAULT '0.000000',
  `out_of_stock` int(10) unsigned NOT NULL DEFAULT '2',
  `quantity_discount` tinyint(1) DEFAULT '0',
  `customizable` tinyint(2) NOT NULL DEFAULT '0',
  `uploadable_files` tinyint(4) NOT NULL DEFAULT '0',
  `text_fields` tinyint(4) NOT NULL DEFAULT '0',
  `active` tinyint(1) unsigned NOT NULL DEFAULT '0',
  `redirect_type` enum('','404','301-product','302-product','301-category','302-category') NOT NULL DEFAULT '',
  `id_type_redirected` int(10) unsigned NOT NULL DEFAULT '0',
  `available_for_order` tinyint(1) NOT NULL DEFAULT '1',
  `available_date` date DEFAULT NULL,
  `show_condition` tinyint(1) NOT NULL DEFAULT '0',
  `condition` enum('new','used','refurbished') NOT NULL DEFAULT 'new',
  `show_price` tinyint(1) NOT NULL DEFAULT '1',
  `indexed` tinyint(1) NOT NULL DEFAULT '0',
  `visibility` enum('both','catalog','search','none') NOT NULL DEFAULT 'both',
  `cache_is_pack` tinyint(1) NOT NULL DEFAULT '0',
  `cache_has_attachments` tinyint(1) NOT NULL DEFAULT '0',
  `is_virtual` tinyint(1) NOT NULL DEFAULT '0',
  `cache_default_attribute` int(10) unsigned DEFAULT NULL,
  `date_add` datetime NOT NULL,
  `date_upd` datetime NOT NULL,
  `advanced_stock_management` tinyint(1) NOT NULL DEFAULT '0',
  `pack_stock_type` int(11) unsigned NOT NULL DEFAULT '3',
  `state` int(11) unsigned NOT NULL DEFAULT '1',
  PRIMARY KEY (`id_product`),
  KEY `product_supplier` (`id_supplier`),
  KEY `product_manufacturer` (`id_manufacturer`,`id_product`),
  KEY `id_category_default` (`id_category_default`),
  KEY `indexed` (`indexed`),
  KEY `date_add` (`date_add`),
  KEY `state` (`state`,`date_upd`)
) ENGINE=InnoDB AUTO_INCREMENT=8 DEFAULT CHARSET=utf8;

--
-- Dumping data for table `ps_product`
--

INSERT INTO `ps_product` VALUES (1,1,1,5,1,1,0,0,'0','','',0.000000,0,1,16.510000,4.950000,'',0.000000,0.00,'demo_1','','',0.000000,0.000000,0.000000,0.000000,2,0,0,0,0,1,'404',0,1,'0000-00-00',0,'new',1,1,'both',0,0,0,1,'2017-07-03 15:43:42','2017-07-03 15:43:42',0,3,1),(2,1,1,7,1,1,0,0,'0','','',0.000000,0,1,26.990000,8.100000,'',0.000000,0.00,'demo_2','','',0.000000,0.000000,0.000000,0.000000,2,0,0,0,0,1,'404',0,1,'0000-00-00',0,'new',1,1,'both',0,0,0,7,'2017-07-03 15:43:42','2017-07-03 15:43:42',0,3,1),(3,1,1,9,1,1,0,0,'0','','',0.000000,0,1,25.990000,7.800000,'',0.000000,0.00,'demo_3','','',0.000000,0.000000,0.000000,0.000000,2,0,0,0,0,1,'404',0,1,'0000-00-00',0,'new',1,1,'both',0,0,0,13,'2017-07-03 15:43:42','2017-07-03 15:43:42',0,3,1),(4,1,1,10,1,1,0,0,'0','','',0.000000,0,1,50.990000,15.300000,'',0.000000,0.00,'demo_4','','',0.000000,0.000000,0.000000,0.000000,2,0,0,0,0,1,'404',0,1,'0000-00-00',0,'new',1,1,'both',0,0,0,16,'2017-07-03 15:43:42','2017-07-03 15:43:42',0,3,1),(5,1,1,11,1,1,0,0,'0','','',0.000000,0,1,30.500000,9.150000,'',0.000000,0.00,'demo_5','','',0.000000,0.000000,0.000000,0.000000,2,0,0,0,0,1,'404',0,1,'0000-00-00',0,'new',1,1,'both',0,0,0,19,'2017-07-03 15:43:42','2017-07-03 15:43:42',0,3,1),(6,1,1,11,1,1,0,0,'0','','',0.000000,0,1,30.500000,9.150000,'',0.000000,0.00,'demo_6','','',0.000000,0.000000,0.000000,0.000000,2,0,0,0,0,1,'404',0,1,'0000-00-00',0,'new',1,1,'both',0,0,0,31,'2017-07-03 15:43:42','2017-07-03 15:43:42',0,3,1),(7,1,1,11,1,1,0,0,'0','','',0.000000,0,1,20.501236,6.150000,'',0.000000,0.00,'demo_7','','',0.000000,0.000000,0.000000,0.000000,2,0,0,0,0,1,'404',0,1,'0000-00-00',0,'new',1,1,'both',0,0,0,34,'2017-07-03 15:43:42','2017-07-03 15:43:42',0,3,1);

--
-- Table structure for table `ps_product_attachment`
--

CREATE TABLE `ps_product_attachment` (
  `id_product` int(10) unsigned NOT NULL,
  `id_attachment` int(10) unsigned NOT NULL,
  PRIMARY KEY (`id_product`,`id_attachment`)
) ENGINE=InnoDB DEFAULT CHARSET=utf8;

--
-- Dumping data for table `ps_product_attachment`
--


--
-- Table structure for table `ps_product_attribute`
--

CREATE TABLE `ps_product_attribute` (
  `id_product_attribute` int(10) unsigned NOT NULL AUTO_INCREMENT,
  `id_product` int(10) unsigned NOT NULL,
  `reference` varchar(32) DEFAULT NULL,
  `supplier_reference` varchar(32) DEFAULT NULL,
  `location` varchar(64) DEFAULT NULL,
  `ean13` varchar(13) DEFAULT NULL,
  `isbn` varchar(13) DEFAULT NULL,
  `upc` varchar(12) DEFAULT NULL,
  `wholesale_price` decimal(20,6) NOT NULL DEFAULT '0.000000',
  `price` decimal(20,6) NOT NULL DEFAULT '0.000000',
  `ecotax` decimal(17,6) NOT NULL DEFAULT '0.000000',
  `quantity` int(10) NOT NULL DEFAULT '0',
  `weight` decimal(20,6) NOT NULL DEFAULT '0.000000',
  `unit_price_impact` decimal(20,6) NOT NULL DEFAULT '0.000000',
  `default_on` tinyint(1) unsigned DEFAULT NULL,
  `minimal_quantity` int(10) unsigned NOT NULL DEFAULT '1',
  `available_date` date DEFAULT NULL,
  PRIMARY KEY (`id_product_attribute`),
  UNIQUE KEY `product_default` (`id_product`,`default_on`),
  KEY `product_attribute_product` (`id_product`),
  KEY `reference` (`reference`),
  KEY `supplier_reference` (`supplier_reference`),
  KEY `id_product_id_product_attribute` (`id_product_attribute`,`id_product`)
) ENGINE=InnoDB AUTO_INCREMENT=46 DEFAULT CHARSET=utf8;

--
-- Dumping data for table `ps_product_attribute`
--

INSERT INTO `ps_product_attribute` VALUES (1,1,'','','','','','',0.000000,0.000000,0.000000,100,0.000000,0.000000,1,1,'0000-00-00'),(2,1,'','','','','','',0.000000,0.000000,0.000000,100,0.000000,0.000000,NULL,1,'0000-00-00'),(3,1,'','','','','','',0.000000,0.000000,0.000000,100,0.000000,0.000000,NULL,1,'0000-00-00'),(4,1,'','','','','','',0.000000,0.000000,0.000000,100,0.000000,0.000000,NULL,1,'0000-00-00'),(5,1,'','','','','','',0.000000,0.000000,0.000000,100,0.000000,0.000000,NULL,1,'0000-00-00'),(6,1,'','','','','','',0.000000,0.000000,0.000000,100,0.000000,0.000000,NULL,1,'0000-00-00'),(7,2,'','','','','','',0.000000,0.000000,0.000000,100,0.000000,0.000000,1,1,'0000-00-00'),(8,2,'','','','','','',0.000000,0.000000,0.000000,100,0.000000,0.000000,NULL,1,'0000-00-00'),(9,2,'','','','','','',0.000000,0.000000,0.000000,100,0.000000,0.000000,NULL,1,'0000-00-00'),(10,2,'','','','','','',0.000000,0.000000,0.000000,100,0.000000,0.000000,NULL,1,'0000-00-00'),(11,2,'','','','','','',0.000000,0.000000,0.000000,100,0.000000,0.000000,NULL,1,'0000-00-00'),(12,2,'','','','','','',0.000000,0.000000,0.000000,100,0.000000,0.000000,NULL,1,'0000-00-00'),(13,3,'','','','','','',0.000000,0.000000,0.000000,100,0.000000,0.000000,1,1,'0000-00-00'),(14,3,'','','','','','',0.000000,0.000000,0.000000,100,0.000000,0.000000,NULL,1,'0000-00-00'),(15,3,'','','','','','',0.000000,0.000000,0.000000,100,0.000000,0.000000,NULL,1,'0000-00-00'),(16,4,'','','','','','',0.000000,0.000000,0.000000,100,0.000000,0.000000,1,1,'0000-00-00'),(17,4,'','','','','','',0.000000,0.000000,0.000000,100,0.000000,0.000000,NULL,1,'0000-00-00'),(18,4,'','','','','','',0.000000,0.000000,0.000000,100,0.000000,0.000000,NULL,1,'0000-00-00'),(19,5,'','','','','','',0.000000,0.000000,0.000000,100,0.000000,0.000000,1,1,'0000-00-00'),(20,5,'','','','','','',0.000000,0.000000,0.000000,100,0.000000,0.000000,NULL,1,'0000-00-00'),(21,5,'','','','','','',0.000000,0.000000,0.000000,100,0.000000,0.000000,NULL,1,'0000-00-00'),(22,5,'','','','','','',0.000000,0.000000,0.000000,100,0.000000,0.000000,NULL,1,'0000-00-00'),(23,5,'','','','','','',0.000000,0.000000,0.000000,100,0.000000,0.000000,NULL,1,'0000-00-00'),(24,5,'','','','','','',0.000000,0.000000,0.000000,100,0.000000,0.000000,NULL,1,'0000-00-00'),(25,5,'','','','','','',0.000000,0.000000,0.000000,100,0.000000,0.000000,NULL,1,'0000-00-00'),(26,5,'','','','','','',0.000000,0.000000,0.000000,100,0.000000,0.000000,NULL,1,'0000-00-00'),(27,5,'','','','','','',0.000000,0.000000,0.000000,100,0.000000,0.000000,NULL,1,'0000-00-00'),(28,5,'','','','','','',0.000000,0.000000,0.000000,100,0.000000,0.000000,NULL,1,'0000-00-00'),(29,5,'','','','','','',0.000000,0.000000,0.000000,100,0.000000,0.000000,NULL,1,'0000-00-00'),(30,5,'','','','','','',0.000000,0.000000,0.000000,100,0.000000,0.000000,NULL,1,'0000-00-00'),(31,6,'','','','','','',0.000000,0.000000,0.000000,100,0.000000,0.000000,1,1,'0000-00-00'),(32,6,'','','','','','',0.000000,0.000000,0.000000,100,0.000000,0.000000,NULL,1,'0000-00-00'),(33,6,'','','','','','',0.000000,0.000000,0.000000,100,0.000000,0.000000,NULL,1,'0000-00-00'),(34,7,'','','','','','',0.000000,0.000000,0.000000,100,0.000000,0.000000,1,1,'0000-00-00'),(35,7,'','','','','','',0.000000,0.000000,0.000000,100,0.000000,0.000000,NULL,1,'0000-00-00'),(36,7,'','','','','','',0.000000,0.000000,0.000000,100,0.000000,0.000000,NULL,1,'0000-00-00'),(37,7,'','','','','','',0.000000,0.000000,0.000000,0,0.000000,0.000000,NULL,1,'0000-00-00'),(38,7,'','','','','','',0.000000,0.000000,0.000000,0,0.000000,0.000000,NULL,1,'0000-00-00'),(39,7,'','','','','','',6.150000,0.000000,0.000000,0,0.000000,0.000000,NULL,1,'0000-00-00'),(40,6,'','','','','','',0.000000,0.000000,0.000000,0,0.000000,0.000000,NULL,1,'0000-00-00'),(41,6,'','','','','','',0.000000,0.000000,0.000000,0,0.000000,0.000000,NULL,1,'0000-00-00'),(42,6,'','','','','','',0.000000,0.000000,0.000000,0,0.000000,0.000000,NULL,1,'0000-00-00'),(43,4,'','','','','','',0.000000,0.000000,0.000000,0,0.000000,0.000000,NULL,1,'0000-00-00'),(44,4,'','','','','','',0.000000,0.000000,0.000000,0,0.000000,0.000000,NULL,1,'0000-00-00'),(45,4,'','','','','','',0.000000,0.000000,0.000000,0,0.000000,0.000000,NULL,1,'0000-00-00');

--
-- Table structure for table `ps_product_attribute_combination`
--

CREATE TABLE `ps_product_attribute_combination` (
  `id_attribute` int(10) unsigned NOT NULL,
  `id_product_attribute` int(10) unsigned NOT NULL,
  PRIMARY KEY (`id_attribute`,`id_product_attribute`),
  KEY `id_product_attribute` (`id_product_attribute`)
) ENGINE=InnoDB DEFAULT CHARSET=utf8;

--
-- Dumping data for table `ps_product_attribute_combination`
--

INSERT INTO `ps_product_attribute_combination` VALUES (1,1),(13,1),(1,2),(14,2),(2,3),(13,3),(2,4),(14,4),(3,5),(13,5),(3,6),(14,6),(1,7),(11,7),(1,8),(8,8),(2,9),(11,9),(2,10),(8,10),(3,11),(11,11),(3,12),(8,12),(1,13),(13,13),(2,14),(13,14),(3,15),(13,15),(1,16),(7,16),(2,17),(7,17),(3,18),(7,18),(1,19),(16,19),(1,20),(14,20),(1,21),(13,21),(1,22),(11,22),(2,23),(16,23),(2,24),(14,24),(2,25),(13,25),(2,26),(11,26),(3,27),(16,27),(3,28),(14,28),(3,29),(13,29),(3,30),(11,30),(1,31),(16,31),(2,32),(16,32),(3,33),(16,33),(1,34),(16,34),(2,35),(16,35),(3,36),(16,36),(1,37),(15,37),(2,38),(15,38),(3,39),(15,39),(1,40),(8,40),(2,41),(8,41),(3,42),(8,42),(1,43),(24,43),(2,44),(24,44),(3,45),(24,45);

--
-- Table structure for table `ps_product_attribute_image`
--

CREATE TABLE `ps_product_attribute_image` (
  `id_product_attribute` int(10) unsigned NOT NULL,
  `id_image` int(10) unsigned NOT NULL,
  PRIMARY KEY (`id_product_attribute`,`id_image`),
  KEY `id_image` (`id_image`)
) ENGINE=InnoDB DEFAULT CHARSET=utf8;

--
-- Dumping data for table `ps_product_attribute_image`
--

INSERT INTO `ps_product_attribute_image` VALUES (1,1),(3,1),(5,1),(1,2),(3,2),(5,2),(2,3),(4,3),(6,3),(2,4),(4,4),(6,4),(8,5),(10,5),(12,5),(8,6),(10,6),(12,6),(7,7),(9,7),(11,7),(16,10),(17,10),(18,10),(43,11),(44,11),(45,11),(19,12),(23,12),(27,12),(20,13),(24,13),(28,13),(21,14),(25,14),(29,14),(22,15),(26,15),(30,15),(31,16),(32,16),(33,16),(31,17),(32,17),(33,17),(40,18),(41,18),(42,18),(40,19),(41,19),(42,19),(34,20),(35,20),(36,20),(34,21),(35,21),(36,21),(37,22),(38,22),(39,22),(37,23),(38,23),(39,23);

--
-- Table structure for table `ps_product_attribute_shop`
--

CREATE TABLE `ps_product_attribute_shop` (
  `id_product` int(10) unsigned NOT NULL,
  `id_product_attribute` int(10) unsigned NOT NULL,
  `id_shop` int(10) unsigned NOT NULL,
  `wholesale_price` decimal(20,6) NOT NULL DEFAULT '0.000000',
  `price` decimal(20,6) NOT NULL DEFAULT '0.000000',
  `ecotax` decimal(17,6) NOT NULL DEFAULT '0.000000',
  `weight` decimal(20,6) NOT NULL DEFAULT '0.000000',
  `unit_price_impact` decimal(20,6) NOT NULL DEFAULT '0.000000',
  `default_on` tinyint(1) unsigned DEFAULT NULL,
  `minimal_quantity` int(10) unsigned NOT NULL DEFAULT '1',
  `available_date` date DEFAULT NULL,
  PRIMARY KEY (`id_product_attribute`,`id_shop`),
  UNIQUE KEY `id_product` (`id_product`,`id_shop`,`default_on`)
) ENGINE=InnoDB DEFAULT CHARSET=utf8;

--
-- Dumping data for table `ps_product_attribute_shop`
--

INSERT INTO `ps_product_attribute_shop` VALUES (1,1,1,0.000000,0.000000,0.000000,0.000000,0.000000,1,1,'0000-00-00'),(1,2,1,0.000000,0.000000,0.000000,0.000000,0.000000,NULL,1,'0000-00-00'),(1,3,1,0.000000,0.000000,0.000000,0.000000,0.000000,NULL,1,'0000-00-00'),(1,4,1,0.000000,0.000000,0.000000,0.000000,0.000000,NULL,1,'0000-00-00'),(1,5,1,0.000000,0.000000,0.000000,0.000000,0.000000,NULL,1,'0000-00-00'),(1,6,1,0.000000,0.000000,0.000000,0.000000,0.000000,NULL,1,'0000-00-00'),(2,7,1,0.000000,0.000000,0.000000,0.000000,0.000000,1,1,'0000-00-00'),(2,8,1,0.000000,0.000000,0.000000,0.000000,0.000000,NULL,1,'0000-00-00'),(2,9,1,0.000000,0.000000,0.000000,0.000000,0.000000,NULL,1,'0000-00-00'),(2,10,1,0.000000,0.000000,0.000000,0.000000,0.000000,NULL,1,'0000-00-00'),(2,11,1,0.000000,0.000000,0.000000,0.000000,0.000000,NULL,1,'0000-00-00'),(2,12,1,0.000000,0.000000,0.000000,0.000000,0.000000,NULL,1,'0000-00-00'),(3,13,1,0.000000,0.000000,0.000000,0.000000,0.000000,1,1,'0000-00-00'),(3,14,1,0.000000,0.000000,0.000000,0.000000,0.000000,NULL,1,'0000-00-00'),(3,15,1,0.000000,0.000000,0.000000,0.000000,0.000000,NULL,1,'0000-00-00'),(4,16,1,0.000000,0.000000,0.000000,0.000000,0.000000,1,1,'0000-00-00'),(4,17,1,0.000000,0.000000,0.000000,0.000000,0.000000,NULL,1,'0000-00-00'),(4,18,1,0.000000,0.000000,0.000000,0.000000,0.000000,NULL,1,'0000-00-00'),(5,19,1,0.000000,0.000000,0.000000,0.000000,0.000000,1,1,'0000-00-00'),(5,20,1,0.000000,0.000000,0.000000,0.000000,0.000000,NULL,1,'0000-00-00'),(5,21,1,0.000000,0.000000,0.000000,0.000000,0.000000,NULL,1,'0000-00-00'),(5,22,1,0.000000,0.000000,0.000000,0.000000,0.000000,NULL,1,'0000-00-00'),(5,23,1,0.000000,0.000000,0.000000,0.000000,0.000000,NULL,1,'0000-00-00'),(5,24,1,0.000000,0.000000,0.000000,0.000000,0.000000,NULL,1,'0000-00-00'),(5,25,1,0.000000,0.000000,0.000000,0.000000,0.000000,NULL,1,'0000-00-00'),(5,26,1,0.000000,0.000000,0.000000,0.000000,0.000000,NULL,1,'0000-00-00'),(5,27,1,0.000000,0.000000,0.000000,0.000000,0.000000,NULL,1,'0000-00-00'),(5,28,1,0.000000,0.000000,0.000000,0.000000,0.000000,NULL,1,'0000-00-00'),(5,29,1,0.000000,0.000000,0.000000,0.000000,0.000000,NULL,1,'0000-00-00'),(5,30,1,0.000000,0.000000,0.000000,0.000000,0.000000,NULL,1,'0000-00-00'),(6,31,1,0.000000,0.000000,0.000000,0.000000,0.000000,1,1,'0000-00-00'),(6,32,1,0.000000,0.000000,0.000000,0.000000,0.000000,NULL,1,'0000-00-00'),(6,33,1,0.000000,0.000000,0.000000,0.000000,0.000000,NULL,1,'0000-00-00'),(7,34,1,0.000000,0.000000,0.000000,0.000000,0.000000,1,1,'0000-00-00'),(7,35,1,0.000000,0.000000,0.000000,0.000000,0.000000,NULL,1,'0000-00-00'),(7,36,1,0.000000,0.000000,0.000000,0.000000,0.000000,NULL,1,'0000-00-00'),(7,37,1,0.000000,0.000000,0.000000,0.000000,0.000000,NULL,1,'0000-00-00'),(7,38,1,0.000000,0.000000,0.000000,0.000000,0.000000,NULL,1,'0000-00-00'),(7,39,1,6.150000,0.000000,0.000000,0.000000,0.000000,NULL,1,'0000-00-00'),(6,40,1,0.000000,0.000000,0.000000,0.000000,0.000000,NULL,1,'0000-00-00'),(6,41,1,0.000000,0.000000,0.000000,0.000000,0.000000,NULL,1,'0000-00-00'),(6,42,1,0.000000,0.000000,0.000000,0.000000,0.000000,NULL,1,'0000-00-00'),(4,43,1,0.000000,0.000000,0.000000,0.000000,0.000000,NULL,1,'0000-00-00'),(4,44,1,0.000000,0.000000,0.000000,0.000000,0.000000,NULL,1,'0000-00-00'),(4,45,1,0.000000,0.000000,0.000000,0.000000,0.000000,NULL,1,'0000-00-00');

--
-- Table structure for table `ps_product_carrier`
--

CREATE TABLE `ps_product_carrier` (
  `id_product` int(10) unsigned NOT NULL,
  `id_carrier_reference` int(10) unsigned NOT NULL,
  `id_shop` int(10) unsigned NOT NULL,
  PRIMARY KEY (`id_product`,`id_carrier_reference`,`id_shop`)
) ENGINE=InnoDB DEFAULT CHARSET=utf8;

--
-- Dumping data for table `ps_product_carrier`
--


--
-- Table structure for table `ps_product_country_tax`
--

CREATE TABLE `ps_product_country_tax` (
  `id_product` int(11) NOT NULL,
  `id_country` int(11) NOT NULL,
  `id_tax` int(11) NOT NULL,
  PRIMARY KEY (`id_product`,`id_country`)
) ENGINE=InnoDB DEFAULT CHARSET=utf8;

--
-- Dumping data for table `ps_product_country_tax`
--


--
-- Table structure for table `ps_product_download`
--

CREATE TABLE `ps_product_download` (
  `id_product_download` int(10) unsigned NOT NULL AUTO_INCREMENT,
  `id_product` int(10) unsigned NOT NULL,
  `display_filename` varchar(255) DEFAULT NULL,
  `filename` varchar(255) DEFAULT NULL,
  `date_add` datetime NOT NULL,
  `date_expiration` datetime DEFAULT NULL,
  `nb_days_accessible` int(10) unsigned DEFAULT NULL,
  `nb_downloadable` int(10) unsigned DEFAULT '1',
  `active` tinyint(1) unsigned NOT NULL DEFAULT '1',
  `is_shareable` tinyint(1) unsigned NOT NULL DEFAULT '0',
  PRIMARY KEY (`id_product_download`),
  UNIQUE KEY `id_product` (`id_product`),
  KEY `product_active` (`id_product`,`active`)
) ENGINE=InnoDB DEFAULT CHARSET=utf8;

--
-- Dumping data for table `ps_product_download`
--


--
-- Table structure for table `ps_product_group_reduction_cache`
--

CREATE TABLE `ps_product_group_reduction_cache` (
  `id_product` int(10) unsigned NOT NULL,
  `id_group` int(10) unsigned NOT NULL,
  `reduction` decimal(4,3) NOT NULL,
  PRIMARY KEY (`id_product`,`id_group`)
) ENGINE=InnoDB DEFAULT CHARSET=utf8;

--
-- Dumping data for table `ps_product_group_reduction_cache`
--


--
-- Table structure for table `ps_product_lang`
--

CREATE TABLE `ps_product_lang` (
  `id_product` int(10) unsigned NOT NULL,
  `id_shop` int(11) unsigned NOT NULL DEFAULT '1',
  `id_lang` int(10) unsigned NOT NULL,
  `description` text,
  `description_short` text,
  `link_rewrite` varchar(128) NOT NULL,
  `meta_description` varchar(255) DEFAULT NULL,
  `meta_keywords` varchar(255) DEFAULT NULL,
  `meta_title` varchar(128) DEFAULT NULL,
  `name` varchar(128) NOT NULL,
  `available_now` varchar(255) DEFAULT NULL,
  `available_later` varchar(255) DEFAULT NULL,
  PRIMARY KEY (`id_product`,`id_shop`,`id_lang`),
  KEY `id_lang` (`id_lang`),
  KEY `name` (`name`)
) ENGINE=InnoDB DEFAULT CHARSET=utf8;

--
-- Dumping data for table `ps_product_lang`
--

INSERT INTO `ps_product_lang` VALUES (1,1,1,'<p>Fashion has been creating well-designed collections since 2010. The brand offers feminine designs delivering stylish separates and statement dresses which have since evolved into a full ready-to-wear collection in which every item is a vital part of a woman\'s wardrobe. The result? Cool, easy, chic looks with youthful elegance and unmistakable signature style. All the beautiful pieces are made in Italy and manufactured with the greatest attention. Now Fashion extends to a range of accessories including shoes, hats, belts and more!</p>','<p>Faded short sleeves t-shirt with high neckline. Soft and stretchy material for a comfortable fit. Accessorize with a straw hat and you\'re ready for summer!</p>','faded-short-sleeves-tshirt','','','','Faded Short Sleeves T-shirt','In stock',''),(1,1,2,'<p>Fashion has been creating well-designed collections since 2010. The brand offers feminine designs delivering stylish separates and statement dresses which have since evolved into a full ready-to-wear collection in which every item is a vital part of a woman\'s wardrobe. The result? Cool, easy, chic looks with youthful elegance and unmistakable signature style. All the beautiful pieces are made in Italy and manufactured with the greatest attention. Now Fashion extends to a range of accessories including shoes, hats, belts and more!</p>','<p>Faded short sleeves t-shirt with high neckline. Soft and stretchy material for a comfortable fit. Accessorize with a straw hat and you\'re ready for summer!</p>','faded-short-sleeves-tshirt','','','','Faded Short Sleeves T-shirt','In stock',''),(1,1,3,'<p>Fashion has been creating well-designed collections since 2010. The brand offers feminine designs delivering stylish separates and statement dresses which have since evolved into a full ready-to-wear collection in which every item is a vital part of a woman\'s wardrobe. The result? Cool, easy, chic looks with youthful elegance and unmistakable signature style. All the beautiful pieces are made in Italy and manufactured with the greatest attention. Now Fashion extends to a range of accessories including shoes, hats, belts and more!</p>','<p>Faded short sleeves t-shirt with high neckline. Soft and stretchy material for a comfortable fit. Accessorize with a straw hat and you\'re ready for summer!</p>','faded-short-sleeves-tshirt','','','','Faded Short Sleeves T-shirt','In stock',''),(1,1,4,'<p>Fashion has been creating well-designed collections since 2010. The brand offers feminine designs delivering stylish separates and statement dresses which have since evolved into a full ready-to-wear collection in which every item is a vital part of a woman\'s wardrobe. The result? Cool, easy, chic looks with youthful elegance and unmistakable signature style. All the beautiful pieces are made in Italy and manufactured with the greatest attention. Now Fashion extends to a range of accessories including shoes, hats, belts and more!</p>','<p>Faded short sleeves t-shirt with high neckline. Soft and stretchy material for a comfortable fit. Accessorize with a straw hat and you\'re ready for summer!</p>','faded-short-sleeves-tshirt','','','','Faded Short Sleeves T-shirt','In stock',''),(1,1,5,'<p>Fashion has been creating well-designed collections since 2010. The brand offers feminine designs delivering stylish separates and statement dresses which have since evolved into a full ready-to-wear collection in which every item is a vital part of a woman\'s wardrobe. The result? Cool, easy, chic looks with youthful elegance and unmistakable signature style. All the beautiful pieces are made in Italy and manufactured with the greatest attention. Now Fashion extends to a range of accessories including shoes, hats, belts and more!</p>','<p>Faded short sleeves t-shirt with high neckline. Soft and stretchy material for a comfortable fit. Accessorize with a straw hat and you\'re ready for summer!</p>','faded-short-sleeves-tshirt','','','','Faded Short Sleeves T-shirt','In stock',''),(2,1,1,'<p>Fashion has been creating well-designed collections since 2010. The brand offers feminine designs delivering stylish separates and statement dresses which has since evolved into a full ready-to-wear collection in which every item is a vital part of a woman\'s wardrobe. The result? Cool, easy, chic looks with youthful elegance and unmistakable signature style. All the beautiful pieces are made in Italy and manufactured with the greatest attention. Now Fashion extends to a range of accessories including shoes, hats, belts and more!</p>','<p>Short-sleeved blouse with feminine draped sleeve detail.</p>','blouse','','','','Blouse','In stock',''),(2,1,2,'<p>Fashion has been creating well-designed collections since 2010. The brand offers feminine designs delivering stylish separates and statement dresses which has since evolved into a full ready-to-wear collection in which every item is a vital part of a woman\'s wardrobe. The result? Cool, easy, chic looks with youthful elegance and unmistakable signature style. All the beautiful pieces are made in Italy and manufactured with the greatest attention. Now Fashion extends to a range of accessories including shoes, hats, belts and more!</p>','<p>Short-sleeved blouse with feminine draped sleeve detail.</p>','blouse','','','','Blouse','In stock',''),(2,1,3,'<p>Fashion has been creating well-designed collections since 2010. The brand offers feminine designs delivering stylish separates and statement dresses which has since evolved into a full ready-to-wear collection in which every item is a vital part of a woman\'s wardrobe. The result? Cool, easy, chic looks with youthful elegance and unmistakable signature style. All the beautiful pieces are made in Italy and manufactured with the greatest attention. Now Fashion extends to a range of accessories including shoes, hats, belts and more!</p>','<p>Short-sleeved blouse with feminine draped sleeve detail.</p>','blouse','','','','Blouse','In stock',''),(2,1,4,'<p>Fashion has been creating well-designed collections since 2010. The brand offers feminine designs delivering stylish separates and statement dresses which has since evolved into a full ready-to-wear collection in which every item is a vital part of a woman\'s wardrobe. The result? Cool, easy, chic looks with youthful elegance and unmistakable signature style. All the beautiful pieces are made in Italy and manufactured with the greatest attention. Now Fashion extends to a range of accessories including shoes, hats, belts and more!</p>','<p>Short-sleeved blouse with feminine draped sleeve detail.</p>','blouse','','','','Blouse','In stock',''),(2,1,5,'<p>Fashion has been creating well-designed collections since 2010. The brand offers feminine designs delivering stylish separates and statement dresses which has since evolved into a full ready-to-wear collection in which every item is a vital part of a woman\'s wardrobe. The result? Cool, easy, chic looks with youthful elegance and unmistakable signature style. All the beautiful pieces are made in Italy and manufactured with the greatest attention. Now Fashion extends to a range of accessories including shoes, hats, belts and more!</p>','<p>Short-sleeved blouse with feminine draped sleeve detail.</p>','blouse','','','','Blouse','In stock',''),(3,1,1,'<p>Fashion has been creating well-designed collections since 2010. The brand offers feminine designs delivering stylish separates and statement dresses which have since evolved into a full ready-to-wear collection in which every item is a vital part of a woman\'s wardrobe. The result? Cool, easy, chic looks with youthful elegance and unmistakable signature style. All the beautiful pieces are made in Italy and manufactured with the greatest attention. Now Fashion extends to a range of accessories including shoes, hats, belts and more!</p>','<p>100% cotton double printed dress. Black and white striped top and orange high waisted skater skirt bottom.</p>','printed-dress','','','','Printed Dress','In stock',''),(3,1,2,'<p>Fashion has been creating well-designed collections since 2010. The brand offers feminine designs delivering stylish separates and statement dresses which have since evolved into a full ready-to-wear collection in which every item is a vital part of a woman\'s wardrobe. The result? Cool, easy, chic looks with youthful elegance and unmistakable signature style. All the beautiful pieces are made in Italy and manufactured with the greatest attention. Now Fashion extends to a range of accessories including shoes, hats, belts and more!</p>','<p>100% cotton double printed dress. Black and white striped top and orange high waisted skater skirt bottom.</p>','printed-dress','','','','Printed Dress','In stock',''),(3,1,3,'<p>Fashion has been creating well-designed collections since 2010. The brand offers feminine designs delivering stylish separates and statement dresses which have since evolved into a full ready-to-wear collection in which every item is a vital part of a woman\'s wardrobe. The result? Cool, easy, chic looks with youthful elegance and unmistakable signature style. All the beautiful pieces are made in Italy and manufactured with the greatest attention. Now Fashion extends to a range of accessories including shoes, hats, belts and more!</p>','<p>100% cotton double printed dress. Black and white striped top and orange high waisted skater skirt bottom.</p>','printed-dress','','','','Printed Dress','In stock',''),(3,1,4,'<p>Fashion has been creating well-designed collections since 2010. The brand offers feminine designs delivering stylish separates and statement dresses which have since evolved into a full ready-to-wear collection in which every item is a vital part of a woman\'s wardrobe. The result? Cool, easy, chic looks with youthful elegance and unmistakable signature style. All the beautiful pieces are made in Italy and manufactured with the greatest attention. Now Fashion extends to a range of accessories including shoes, hats, belts and more!</p>','<p>100% cotton double printed dress. Black and white striped top and orange high waisted skater skirt bottom.</p>','printed-dress','','','','Printed Dress','In stock',''),(3,1,5,'<p>Fashion has been creating well-designed collections since 2010. The brand offers feminine designs delivering stylish separates and statement dresses which have since evolved into a full ready-to-wear collection in which every item is a vital part of a woman\'s wardrobe. The result? Cool, easy, chic looks with youthful elegance and unmistakable signature style. All the beautiful pieces are made in Italy and manufactured with the greatest attention. Now Fashion extends to a range of accessories including shoes, hats, belts and more!</p>','<p>100% cotton double printed dress. Black and white striped top and orange high waisted skater skirt bottom.</p>','printed-dress','','','','Printed Dress','In stock',''),(4,1,1,'<p>Fashion has been creating well-designed collections since 2010. The brand offers feminine designs delivering stylish separates and statement dresses which have since evolved into a full ready-to-wear collection in which every item is a vital part of a woman\'s wardrobe. The result? Cool, easy, chic looks with youthful elegance and unmistakable signature style. All the beautiful pieces are made in Italy and manufactured with the greatest attention. Now Fashion extends to a range of accessories including shoes, hats, belts and more!</p>','<p>Printed evening dress with straight sleeves with black thin waist belt and ruffled linings.</p>','printed-dress','','','','Printed Dress','In stock',''),(4,1,2,'<p>Fashion has been creating well-designed collections since 2010. The brand offers feminine designs delivering stylish separates and statement dresses which have since evolved into a full ready-to-wear collection in which every item is a vital part of a woman\'s wardrobe. The result? Cool, easy, chic looks with youthful elegance and unmistakable signature style. All the beautiful pieces are made in Italy and manufactured with the greatest attention. Now Fashion extends to a range of accessories including shoes, hats, belts and more!</p>','<p>Printed evening dress with straight sleeves with black thin waist belt and ruffled linings.</p>','printed-dress','','','','Printed Dress','In stock',''),(4,1,3,'<p>Fashion has been creating well-designed collections since 2010. The brand offers feminine designs delivering stylish separates and statement dresses which have since evolved into a full ready-to-wear collection in which every item is a vital part of a woman\'s wardrobe. The result? Cool, easy, chic looks with youthful elegance and unmistakable signature style. All the beautiful pieces are made in Italy and manufactured with the greatest attention. Now Fashion extends to a range of accessories including shoes, hats, belts and more!</p>','<p>Printed evening dress with straight sleeves with black thin waist belt and ruffled linings.</p>','printed-dress','','','','Printed Dress','In stock',''),(4,1,4,'<p>Fashion has been creating well-designed collections since 2010. The brand offers feminine designs delivering stylish separates and statement dresses which have since evolved into a full ready-to-wear collection in which every item is a vital part of a woman\'s wardrobe. The result? Cool, easy, chic looks with youthful elegance and unmistakable signature style. All the beautiful pieces are made in Italy and manufactured with the greatest attention. Now Fashion extends to a range of accessories including shoes, hats, belts and more!</p>','<p>Printed evening dress with straight sleeves with black thin waist belt and ruffled linings.</p>','printed-dress','','','','Printed Dress','In stock',''),(4,1,5,'<p>Fashion has been creating well-designed collections since 2010. The brand offers feminine designs delivering stylish separates and statement dresses which have since evolved into a full ready-to-wear collection in which every item is a vital part of a woman\'s wardrobe. The result? Cool, easy, chic looks with youthful elegance and unmistakable signature style. All the beautiful pieces are made in Italy and manufactured with the greatest attention. Now Fashion extends to a range of accessories including shoes, hats, belts and more!</p>','<p>Printed evening dress with straight sleeves with black thin waist belt and ruffled linings.</p>','printed-dress','','','','Printed Dress','In stock',''),(5,1,1,'<p>Fashion has been creating well-designed collections since 2010. The brand offers feminine designs delivering stylish separates and statement dresses which have since evolved into a full ready-to-wear collection in which every item is a vital part of a woman\'s wardrobe. The result? Cool, easy, chic looks with youthful elegance and unmistakable signature style. All the beautiful pieces are made in Italy and manufactured with the greatest attention. Now Fashion extends to a range of accessories including shoes, hats, belts and more!</p>','<p>Long printed dress with thin adjustable straps. V-neckline and wiring under the bust with ruffles at the bottom of the dress.</p>','printed-summer-dress','','','','Printed Summer Dress','In stock',''),(5,1,2,'<p>Fashion has been creating well-designed collections since 2010. The brand offers feminine designs delivering stylish separates and statement dresses which have since evolved into a full ready-to-wear collection in which every item is a vital part of a woman\'s wardrobe. The result? Cool, easy, chic looks with youthful elegance and unmistakable signature style. All the beautiful pieces are made in Italy and manufactured with the greatest attention. Now Fashion extends to a range of accessories including shoes, hats, belts and more!</p>','<p>Long printed dress with thin adjustable straps. V-neckline and wiring under the bust with ruffles at the bottom of the dress.</p>','printed-summer-dress','','','','Printed Summer Dress','In stock',''),(5,1,3,'<p>Fashion has been creating well-designed collections since 2010. The brand offers feminine designs delivering stylish separates and statement dresses which have since evolved into a full ready-to-wear collection in which every item is a vital part of a woman\'s wardrobe. The result? Cool, easy, chic looks with youthful elegance and unmistakable signature style. All the beautiful pieces are made in Italy and manufactured with the greatest attention. Now Fashion extends to a range of accessories including shoes, hats, belts and more!</p>','<p>Long printed dress with thin adjustable straps. V-neckline and wiring under the bust with ruffles at the bottom of the dress.</p>','printed-summer-dress','','','','Printed Summer Dress','In stock',''),(5,1,4,'<p>Fashion has been creating well-designed collections since 2010. The brand offers feminine designs delivering stylish separates and statement dresses which have since evolved into a full ready-to-wear collection in which every item is a vital part of a woman\'s wardrobe. The result? Cool, easy, chic looks with youthful elegance and unmistakable signature style. All the beautiful pieces are made in Italy and manufactured with the greatest attention. Now Fashion extends to a range of accessories including shoes, hats, belts and more!</p>','<p>Long printed dress with thin adjustable straps. V-neckline and wiring under the bust with ruffles at the bottom of the dress.</p>','printed-summer-dress','','','','Printed Summer Dress','In stock',''),(5,1,5,'<p>Fashion has been creating well-designed collections since 2010. The brand offers feminine designs delivering stylish separates and statement dresses which have since evolved into a full ready-to-wear collection in which every item is a vital part of a woman\'s wardrobe. The result? Cool, easy, chic looks with youthful elegance and unmistakable signature style. All the beautiful pieces are made in Italy and manufactured with the greatest attention. Now Fashion extends to a range of accessories including shoes, hats, belts and more!</p>','<p>Long printed dress with thin adjustable straps. V-neckline and wiring under the bust with ruffles at the bottom of the dress.</p>','printed-summer-dress','','','','Printed Summer Dress','In stock',''),(6,1,1,'<p>Fashion has been creating well-designed collections since 2010. The brand offers feminine designs delivering stylish separates and statement dresses which have since evolved into a full ready-to-wear collection in which every item is a vital part of a woman\'s wardrobe. The result? Cool, easy, chic looks with youthful elegance and unmistakable signature style. All the beautiful pieces are made in Italy and manufactured with the greatest attention. Now Fashion extends to a range of accessories including shoes, hats, belts and more!</p>','<p>Sleeveless knee-length chiffon dress. V-neckline with elastic under the bust lining.</p>','printed-summer-dress','','','','Printed Summer Dress','In stock',''),(6,1,2,'<p>Fashion has been creating well-designed collections since 2010. The brand offers feminine designs delivering stylish separates and statement dresses which have since evolved into a full ready-to-wear collection in which every item is a vital part of a woman\'s wardrobe. The result? Cool, easy, chic looks with youthful elegance and unmistakable signature style. All the beautiful pieces are made in Italy and manufactured with the greatest attention. Now Fashion extends to a range of accessories including shoes, hats, belts and more!</p>','<p>Sleeveless knee-length chiffon dress. V-neckline with elastic under the bust lining.</p>','printed-summer-dress','','','','Printed Summer Dress','In stock',''),(6,1,3,'<p>Fashion has been creating well-designed collections since 2010. The brand offers feminine designs delivering stylish separates and statement dresses which have since evolved into a full ready-to-wear collection in which every item is a vital part of a woman\'s wardrobe. The result? Cool, easy, chic looks with youthful elegance and unmistakable signature style. All the beautiful pieces are made in Italy and manufactured with the greatest attention. Now Fashion extends to a range of accessories including shoes, hats, belts and more!</p>','<p>Sleeveless knee-length chiffon dress. V-neckline with elastic under the bust lining.</p>','printed-summer-dress','','','','Printed Summer Dress','In stock',''),(6,1,4,'<p>Fashion has been creating well-designed collections since 2010. The brand offers feminine designs delivering stylish separates and statement dresses which have since evolved into a full ready-to-wear collection in which every item is a vital part of a woman\'s wardrobe. The result? Cool, easy, chic looks with youthful elegance and unmistakable signature style. All the beautiful pieces are made in Italy and manufactured with the greatest attention. Now Fashion extends to a range of accessories including shoes, hats, belts and more!</p>','<p>Sleeveless knee-length chiffon dress. V-neckline with elastic under the bust lining.</p>','printed-summer-dress','','','','Printed Summer Dress','In stock',''),(6,1,5,'<p>Fashion has been creating well-designed collections since 2010. The brand offers feminine designs delivering stylish separates and statement dresses which have since evolved into a full ready-to-wear collection in which every item is a vital part of a woman\'s wardrobe. The result? Cool, easy, chic looks with youthful elegance and unmistakable signature style. All the beautiful pieces are made in Italy and manufactured with the greatest attention. Now Fashion extends to a range of accessories including shoes, hats, belts and more!</p>','<p>Sleeveless knee-length chiffon dress. V-neckline with elastic under the bust lining.</p>','printed-summer-dress','','','','Printed Summer Dress','In stock',''),(7,1,1,'<p>Fashion has been creating well-designed collections since 2010. The brand offers feminine designs delivering stylish separates and statement dresses which have since evolved into a full ready-to-wear collection in which every item is a vital part of a woman\'s wardrobe. The result? Cool, easy, chic looks with youthful elegance and unmistakable signature style. All the beautiful pieces are made in Italy and manufactured with the greatest attention. Now Fashion extends to a range of accessories including shoes, hats, belts and more!</p>','<p>Printed chiffon knee length dress with tank straps. Deep v-neckline.</p>','printed-chiffon-dress','','','','Printed Chiffon Dress','In stock',''),(7,1,2,'<p>Fashion has been creating well-designed collections since 2010. The brand offers feminine designs delivering stylish separates and statement dresses which have since evolved into a full ready-to-wear collection in which every item is a vital part of a woman\'s wardrobe. The result? Cool, easy, chic looks with youthful elegance and unmistakable signature style. All the beautiful pieces are made in Italy and manufactured with the greatest attention. Now Fashion extends to a range of accessories including shoes, hats, belts and more!</p>','<p>Printed chiffon knee length dress with tank straps. Deep v-neckline.</p>','printed-chiffon-dress','','','','Printed Chiffon Dress','In stock',''),(7,1,3,'<p>Fashion has been creating well-designed collections since 2010. The brand offers feminine designs delivering stylish separates and statement dresses which have since evolved into a full ready-to-wear collection in which every item is a vital part of a woman\'s wardrobe. The result? Cool, easy, chic looks with youthful elegance and unmistakable signature style. All the beautiful pieces are made in Italy and manufactured with the greatest attention. Now Fashion extends to a range of accessories including shoes, hats, belts and more!</p>','<p>Printed chiffon knee length dress with tank straps. Deep v-neckline.</p>','printed-chiffon-dress','','','','Printed Chiffon Dress','In stock',''),(7,1,4,'<p>Fashion has been creating well-designed collections since 2010. The brand offers feminine designs delivering stylish separates and statement dresses which have since evolved into a full ready-to-wear collection in which every item is a vital part of a woman\'s wardrobe. The result? Cool, easy, chic looks with youthful elegance and unmistakable signature style. All the beautiful pieces are made in Italy and manufactured with the greatest attention. Now Fashion extends to a range of accessories including shoes, hats, belts and more!</p>','<p>Printed chiffon knee length dress with tank straps. Deep v-neckline.</p>','printed-chiffon-dress','','','','Printed Chiffon Dress','In stock',''),(7,1,5,'<p>Fashion has been creating well-designed collections since 2010. The brand offers feminine designs delivering stylish separates and statement dresses which have since evolved into a full ready-to-wear collection in which every item is a vital part of a woman\'s wardrobe. The result? Cool, easy, chic looks with youthful elegance and unmistakable signature style. All the beautiful pieces are made in Italy and manufactured with the greatest attention. Now Fashion extends to a range of accessories including shoes, hats, belts and more!</p>','<p>Printed chiffon knee length dress with tank straps. Deep v-neckline.</p>','printed-chiffon-dress','','','','Printed Chiffon Dress','In stock','');

--
-- Table structure for table `ps_product_sale`
--

CREATE TABLE `ps_product_sale` (
  `id_product` int(10) unsigned NOT NULL,
  `quantity` int(10) unsigned NOT NULL DEFAULT '0',
  `sale_nbr` int(10) unsigned NOT NULL DEFAULT '0',
  `date_upd` date DEFAULT NULL,
  PRIMARY KEY (`id_product`),
  KEY `quantity` (`quantity`)
) ENGINE=InnoDB DEFAULT CHARSET=utf8;

--
-- Dumping data for table `ps_product_sale`
--


--
-- Table structure for table `ps_product_shop`
--

CREATE TABLE `ps_product_shop` (
  `id_product` int(10) unsigned NOT NULL,
  `id_shop` int(10) unsigned NOT NULL,
  `id_category_default` int(10) unsigned DEFAULT NULL,
  `id_tax_rules_group` int(11) unsigned NOT NULL,
  `on_sale` tinyint(1) unsigned NOT NULL DEFAULT '0',
  `online_only` tinyint(1) unsigned NOT NULL DEFAULT '0',
  `ecotax` decimal(17,6) NOT NULL DEFAULT '0.000000',
  `minimal_quantity` int(10) unsigned NOT NULL DEFAULT '1',
  `price` decimal(20,6) NOT NULL DEFAULT '0.000000',
  `wholesale_price` decimal(20,6) NOT NULL DEFAULT '0.000000',
  `unity` varchar(255) DEFAULT NULL,
  `unit_price_ratio` decimal(20,6) NOT NULL DEFAULT '0.000000',
  `additional_shipping_cost` decimal(20,2) NOT NULL DEFAULT '0.00',
  `customizable` tinyint(2) NOT NULL DEFAULT '0',
  `uploadable_files` tinyint(4) NOT NULL DEFAULT '0',
  `text_fields` tinyint(4) NOT NULL DEFAULT '0',
  `active` tinyint(1) unsigned NOT NULL DEFAULT '0',
  `redirect_type` enum('','404','301-product','302-product','301-category','302-category') NOT NULL DEFAULT '',
  `id_type_redirected` int(10) unsigned NOT NULL DEFAULT '0',
  `available_for_order` tinyint(1) NOT NULL DEFAULT '1',
  `available_date` date DEFAULT NULL,
  `show_condition` tinyint(1) NOT NULL DEFAULT '1',
  `condition` enum('new','used','refurbished') NOT NULL DEFAULT 'new',
  `show_price` tinyint(1) NOT NULL DEFAULT '1',
  `indexed` tinyint(1) NOT NULL DEFAULT '0',
  `visibility` enum('both','catalog','search','none') NOT NULL DEFAULT 'both',
  `cache_default_attribute` int(10) unsigned DEFAULT NULL,
  `advanced_stock_management` tinyint(1) NOT NULL DEFAULT '0',
  `date_add` datetime NOT NULL,
  `date_upd` datetime NOT NULL,
  `pack_stock_type` int(11) unsigned NOT NULL DEFAULT '3',
  PRIMARY KEY (`id_product`,`id_shop`),
  KEY `id_category_default` (`id_category_default`),
  KEY `date_add` (`date_add`,`active`,`visibility`),
  KEY `indexed` (`indexed`,`active`,`id_product`)
) ENGINE=InnoDB DEFAULT CHARSET=utf8;

--
-- Dumping data for table `ps_product_shop`
--

INSERT INTO `ps_product_shop` VALUES (1,1,5,1,0,0,0.000000,1,16.510000,4.950000,'',0.000000,0.00,0,0,0,1,'404',0,1,'0000-00-00',0,'new',1,1,'both',1,0,'2017-07-03 15:43:42','2017-07-03 15:43:42',3),(2,1,7,1,0,0,0.000000,1,26.990000,8.100000,'',0.000000,0.00,0,0,0,1,'404',0,1,'0000-00-00',0,'new',1,1,'both',7,0,'2017-07-03 15:43:42','2017-07-03 15:43:42',3),(3,1,9,1,0,0,0.000000,1,25.990000,7.800000,'',0.000000,0.00,0,0,0,1,'404',0,1,'0000-00-00',0,'new',1,1,'both',13,0,'2017-07-03 15:43:42','2017-07-03 15:43:42',3),(4,1,10,1,0,0,0.000000,1,50.990000,15.300000,'',0.000000,0.00,0,0,0,1,'404',0,1,'0000-00-00',0,'new',1,1,'both',16,0,'2017-07-03 15:43:42','2017-07-03 15:43:42',3),(5,1,11,1,0,0,0.000000,1,30.500000,9.150000,'',0.000000,0.00,0,0,0,1,'404',0,1,'0000-00-00',0,'new',1,1,'both',19,0,'2017-07-03 15:43:42','2017-07-03 15:43:42',3),(6,1,11,1,0,0,0.000000,1,30.500000,9.150000,'',0.000000,0.00,0,0,0,1,'404',0,1,'0000-00-00',0,'new',1,1,'both',31,0,'2017-07-03 15:43:42','2017-07-03 15:43:42',3),(7,1,11,1,0,0,0.000000,1,20.501236,6.150000,'',0.000000,0.00,0,0,0,1,'404',0,1,'0000-00-00',0,'new',1,1,'both',34,0,'2017-07-03 15:43:42','2017-07-03 15:43:42',3);

--
-- Table structure for table `ps_product_supplier`
--

CREATE TABLE `ps_product_supplier` (
  `id_product_supplier` int(11) unsigned NOT NULL AUTO_INCREMENT,
  `id_product` int(11) unsigned NOT NULL,
  `id_product_attribute` int(11) unsigned NOT NULL DEFAULT '0',
  `id_supplier` int(11) unsigned NOT NULL,
  `product_supplier_reference` varchar(32) DEFAULT NULL,
  `product_supplier_price_te` decimal(20,6) NOT NULL DEFAULT '0.000000',
  `id_currency` int(11) unsigned NOT NULL,
  PRIMARY KEY (`id_product_supplier`),
  UNIQUE KEY `id_product` (`id_product`,`id_product_attribute`,`id_supplier`),
  KEY `id_supplier` (`id_supplier`,`id_product`)
) ENGINE=InnoDB AUTO_INCREMENT=8 DEFAULT CHARSET=utf8;

--
-- Dumping data for table `ps_product_supplier`
--

INSERT INTO `ps_product_supplier` VALUES (1,1,0,1,'',0.000000,0),(2,2,0,1,'',0.000000,0),(3,3,0,1,'',0.000000,0),(4,4,0,1,'',0.000000,0),(5,5,0,1,'',0.000000,0),(6,6,0,1,'',0.000000,0),(7,7,0,1,'',0.000000,0);

--
-- Table structure for table `ps_product_tag`
--

CREATE TABLE `ps_product_tag` (
  `id_product` int(10) unsigned NOT NULL,
  `id_tag` int(10) unsigned NOT NULL,
  `id_lang` int(10) unsigned NOT NULL,
  PRIMARY KEY (`id_product`,`id_tag`),
  KEY `id_tag` (`id_tag`),
  KEY `id_lang` (`id_lang`,`id_tag`)
) ENGINE=InnoDB DEFAULT CHARSET=utf8;

--
-- Dumping data for table `ps_product_tag`
--


--
-- Table structure for table `ps_profile`
--

CREATE TABLE `ps_profile` (
  `id_profile` int(10) unsigned NOT NULL AUTO_INCREMENT,
  PRIMARY KEY (`id_profile`)
) ENGINE=InnoDB AUTO_INCREMENT=6 DEFAULT CHARSET=utf8;

--
-- Dumping data for table `ps_profile`
--

INSERT INTO `ps_profile` VALUES (1),(2),(3),(4),(5);

--
-- Table structure for table `ps_profile_lang`
--

CREATE TABLE `ps_profile_lang` (
  `id_lang` int(10) unsigned NOT NULL,
  `id_profile` int(10) unsigned NOT NULL,
  `name` varchar(128) NOT NULL,
  PRIMARY KEY (`id_profile`,`id_lang`)
) ENGINE=InnoDB DEFAULT CHARSET=utf8;

--
-- Dumping data for table `ps_profile_lang`
--

INSERT INTO `ps_profile_lang` VALUES (1,1,'SuperAdmin'),(2,1,'SuperAdmin'),(3,1,'SuperAdmin'),(4,1,'SuperAdmin'),(5,1,'SuperAdmin'),(1,2,'Logistician'),(2,2,'Logistiker'),(3,2,'Encargado de logística'),(4,2,'Logisticien'),(5,2,'Addetto alla spedizione'),(1,3,'Translator'),(2,3,'Übersetzer'),(3,3,'Traductor'),(4,3,'Traducteur'),(5,3,'Traduttore'),(1,4,'Salesman'),(2,4,'Verkäufer'),(3,4,'Vendedor'),(4,4,'Vendeur'),(5,4,'Venditore'),(1,5,'demo'),(2,5,'demo'),(3,5,'demo'),(4,5,'demo'),(5,5,'demo');

--
-- Table structure for table `ps_psgdpr_consent`
--

CREATE TABLE `ps_psgdpr_consent` (
  `id_gdpr_consent` int(10) unsigned NOT NULL AUTO_INCREMENT,
  `id_module` int(10) unsigned NOT NULL,
  `active` int(10) NOT NULL,
  `error` int(10) DEFAULT NULL,
  `error_message` text,
  `date_add` datetime NOT NULL,
  `date_upd` datetime NOT NULL,
  PRIMARY KEY (`id_gdpr_consent`,`id_module`)
) ENGINE=InnoDB AUTO_INCREMENT=2 DEFAULT CHARSET=utf8;

--
-- Dumping data for table `ps_psgdpr_consent`
--

INSERT INTO `ps_psgdpr_consent` VALUES (1,53,1,0,'','2018-07-27 04:56:55','2018-07-27 04:57:06');

--
-- Table structure for table `ps_psgdpr_consent_lang`
--

CREATE TABLE `ps_psgdpr_consent_lang` (
  `id_gdpr_consent` int(10) unsigned NOT NULL AUTO_INCREMENT,
  `id_lang` int(10) unsigned NOT NULL,
  `message` text,
  `id_shop` int(10) unsigned NOT NULL,
  PRIMARY KEY (`id_gdpr_consent`,`id_lang`,`id_shop`)
) ENGINE=InnoDB AUTO_INCREMENT=2 DEFAULT CHARSET=utf8;

--
-- Dumping data for table `ps_psgdpr_consent_lang`
--

INSERT INTO `ps_psgdpr_consent_lang` VALUES (1,1,'I agree to the terms and conditions and the privacy policy <a href=\"#\" style=\"color:#3ed2f0;text-decoration:underline;\">Read the terms and conditions of use</a>.',1),(1,2,'Enim quis fugiat consequat elit minim nisi eu occaecat occaecat deserunt aliquip nisi ex deserunt.',1),(1,3,'Enim quis fugiat consequat elit minim nisi eu occaecat occaecat deserunt aliquip nisi ex deserunt.',1),(1,4,'Enim quis fugiat consequat elit minim nisi eu occaecat occaecat deserunt aliquip nisi ex deserunt.',1),(1,5,'Enim quis fugiat consequat elit minim nisi eu occaecat occaecat deserunt aliquip nisi ex deserunt.',1);

--
-- Table structure for table `ps_psgdpr_log`
--

CREATE TABLE `ps_psgdpr_log` (
  `id_gdpr_log` int(10) unsigned NOT NULL AUTO_INCREMENT,
  `id_customer` int(10) unsigned DEFAULT NULL,
  `id_guest` int(10) unsigned DEFAULT NULL,
  `client_name` varchar(250) DEFAULT NULL,
  `id_module` int(10) unsigned NOT NULL,
  `request_type` int(10) NOT NULL,
  `date_add` datetime NOT NULL,
  `date_upd` datetime NOT NULL,
  PRIMARY KEY (`id_gdpr_log`)
) ENGINE=InnoDB DEFAULT CHARSET=utf8;

--
-- Dumping data for table `ps_psgdpr_log`
--


--
-- Table structure for table `ps_quick_access`
--

CREATE TABLE `ps_quick_access` (
  `id_quick_access` int(10) unsigned NOT NULL AUTO_INCREMENT,
  `new_window` tinyint(1) NOT NULL DEFAULT '0',
  `link` varchar(255) NOT NULL,
  PRIMARY KEY (`id_quick_access`)
) ENGINE=InnoDB AUTO_INCREMENT=6 DEFAULT CHARSET=utf8;

--
-- Dumping data for table `ps_quick_access`
--

INSERT INTO `ps_quick_access` VALUES (1,0,'index.php?controller=AdminOrders'),(2,0,'index.php?controller=AdminCartRules&addcart_rule'),(3,0,'index.php/product/new'),(4,0,'index.php?controller=AdminCategories&addcategory'),(5,0,'index.php/module/manage');

--
-- Table structure for table `ps_quick_access_lang`
--

CREATE TABLE `ps_quick_access_lang` (
  `id_quick_access` int(10) unsigned NOT NULL,
  `id_lang` int(10) unsigned NOT NULL,
  `name` varchar(32) NOT NULL,
  PRIMARY KEY (`id_quick_access`,`id_lang`)
) ENGINE=InnoDB DEFAULT CHARSET=utf8;

--
-- Dumping data for table `ps_quick_access_lang`
--

INSERT INTO `ps_quick_access_lang` VALUES (1,1,'Orders'),(1,2,'Bestellungen'),(1,3,'Pedidos'),(1,4,'Commandes'),(1,5,'Ordini'),(2,1,'New voucher'),(2,2,'Neuer Ermäßigungsgutschein'),(2,3,'Nuevo cupón de descuento'),(2,4,'Nouveau bon de réduction'),(2,5,'Nuovo voucher'),(3,1,'New product'),(3,2,'Neuer Artikel'),(3,3,'Nuevo producto'),(3,4,'Nouveau produit'),(3,5,'Nuovo prodotto'),(4,1,'New category'),(4,2,'Neue Kategorie'),(4,3,'Nueva categoría'),(4,4,'Nouvelle catégorie'),(4,5,'Nuova categoria'),(5,1,'Installed modules'),(5,2,'Installierte Module'),(5,3,'Módulos instalados'),(5,4,'Modules installés'),(5,5,'Moduli installati');

--
-- Table structure for table `ps_range_price`
--

CREATE TABLE `ps_range_price` (
  `id_range_price` int(10) unsigned NOT NULL AUTO_INCREMENT,
  `id_carrier` int(10) unsigned NOT NULL,
  `delimiter1` decimal(20,6) NOT NULL,
  `delimiter2` decimal(20,6) NOT NULL,
  PRIMARY KEY (`id_range_price`),
  UNIQUE KEY `id_carrier` (`id_carrier`,`delimiter1`,`delimiter2`)
) ENGINE=InnoDB AUTO_INCREMENT=2 DEFAULT CHARSET=utf8;

--
-- Dumping data for table `ps_range_price`
--

INSERT INTO `ps_range_price` VALUES (1,2,0.000000,10000.000000);

--
-- Table structure for table `ps_range_weight`
--

CREATE TABLE `ps_range_weight` (
  `id_range_weight` int(10) unsigned NOT NULL AUTO_INCREMENT,
  `id_carrier` int(10) unsigned NOT NULL,
  `delimiter1` decimal(20,6) NOT NULL,
  `delimiter2` decimal(20,6) NOT NULL,
  PRIMARY KEY (`id_range_weight`),
  UNIQUE KEY `id_carrier` (`id_carrier`,`delimiter1`,`delimiter2`)
) ENGINE=InnoDB AUTO_INCREMENT=2 DEFAULT CHARSET=utf8;

--
-- Dumping data for table `ps_range_weight`
--

INSERT INTO `ps_range_weight` VALUES (1,2,0.000000,10000.000000);

--
-- Table structure for table `ps_reassurance`
--

CREATE TABLE `ps_reassurance` (
  `id_reassurance` int(10) unsigned NOT NULL AUTO_INCREMENT,
  `id_shop` int(10) unsigned NOT NULL,
  `file_name` varchar(100) NOT NULL,
  PRIMARY KEY (`id_reassurance`)
) ENGINE=InnoDB AUTO_INCREMENT=4 DEFAULT CHARSET=utf8;

--
-- Dumping data for table `ps_reassurance`
--

INSERT INTO `ps_reassurance` VALUES (1,1,'ic_verified_user_black_36dp_1x.png'),(2,1,'ic_local_shipping_black_36dp_1x.png'),(3,1,'ic_swap_horiz_black_36dp_1x.png');

--
-- Table structure for table `ps_reassurance_lang`
--

CREATE TABLE `ps_reassurance_lang` (
  `id_reassurance` int(10) unsigned NOT NULL AUTO_INCREMENT,
  `id_lang` int(10) unsigned NOT NULL,
  `text` varchar(300) NOT NULL,
  PRIMARY KEY (`id_reassurance`,`id_lang`)
) ENGINE=InnoDB AUTO_INCREMENT=4 DEFAULT CHARSET=utf8;

--
-- Dumping data for table `ps_reassurance_lang`
--

INSERT INTO `ps_reassurance_lang` VALUES (1,1,'Security policy (edit with module Customer reassurance)'),(1,2,'Datenschutzbedingungen (bearbeiten mit dem Modul \"Kundenvorteile\")'),(1,3,'Política de seguridad (editar con el módulo Información de seguridad y confianza para el cliente)'),(1,4,'Garanties sécurité (à modifier dans le module \"Réassurance\")'),(1,5,'Politiche per la sicurezza (modificale con il modulo \"Rassicurazioni cliente\")'),(2,1,'Delivery policy (edit with module Customer reassurance)'),(2,2,'Lieferbedingungen (bearbeiten mit dem Modul \"Kundenvorteile\")'),(2,3,'Política de envío (editar con el módulo Información de seguridad y confianza para el cliente)'),(2,4,'Politique de livraison (à modifier dans le module \"Réassurance\")'),(2,5,'Politiche per le spedizioni (modificale con il modulo Rassicurazioni cliente)'),(3,1,'Return policy (edit with module Customer reassurance)'),(3,2,'Rücksendebedingungen (bearbeiten mit dem Modul \"Kundenvorteile\")'),(3,3,'Política de devolución (editar con el módulo Información de seguridad y confianza para el cliente)'),(3,4,'Politique retours (à modifier dans le module \"Réassurance\")'),(3,5,'Politiche per i resi merce (modificale con il modulo Rassicurazioni cliente)');

--
-- Table structure for table `ps_referrer`
--

CREATE TABLE `ps_referrer` (
  `id_referrer` int(10) unsigned NOT NULL AUTO_INCREMENT,
  `name` varchar(64) NOT NULL,
  `passwd` varchar(32) DEFAULT NULL,
  `http_referer_regexp` varchar(64) DEFAULT NULL,
  `http_referer_like` varchar(64) DEFAULT NULL,
  `request_uri_regexp` varchar(64) DEFAULT NULL,
  `request_uri_like` varchar(64) DEFAULT NULL,
  `http_referer_regexp_not` varchar(64) DEFAULT NULL,
  `http_referer_like_not` varchar(64) DEFAULT NULL,
  `request_uri_regexp_not` varchar(64) DEFAULT NULL,
  `request_uri_like_not` varchar(64) DEFAULT NULL,
  `base_fee` decimal(5,2) NOT NULL DEFAULT '0.00',
  `percent_fee` decimal(5,2) NOT NULL DEFAULT '0.00',
  `click_fee` decimal(5,2) NOT NULL DEFAULT '0.00',
  `date_add` datetime NOT NULL,
  PRIMARY KEY (`id_referrer`)
) ENGINE=InnoDB DEFAULT CHARSET=utf8;

--
-- Dumping data for table `ps_referrer`
--


--
-- Table structure for table `ps_referrer_cache`
--

CREATE TABLE `ps_referrer_cache` (
  `id_connections_source` int(11) unsigned NOT NULL,
  `id_referrer` int(11) unsigned NOT NULL,
  PRIMARY KEY (`id_connections_source`,`id_referrer`)
) ENGINE=InnoDB DEFAULT CHARSET=utf8;

--
-- Dumping data for table `ps_referrer_cache`
--


--
-- Table structure for table `ps_referrer_shop`
--

CREATE TABLE `ps_referrer_shop` (
  `id_referrer` int(10) unsigned NOT NULL AUTO_INCREMENT,
  `id_shop` int(10) unsigned NOT NULL DEFAULT '1',
  `cache_visitors` int(11) DEFAULT NULL,
  `cache_visits` int(11) DEFAULT NULL,
  `cache_pages` int(11) DEFAULT NULL,
  `cache_registrations` int(11) DEFAULT NULL,
  `cache_orders` int(11) DEFAULT NULL,
  `cache_sales` decimal(17,2) DEFAULT NULL,
  `cache_reg_rate` decimal(5,4) DEFAULT NULL,
  `cache_order_rate` decimal(5,4) DEFAULT NULL,
  PRIMARY KEY (`id_referrer`,`id_shop`)
) ENGINE=InnoDB DEFAULT CHARSET=utf8;

--
-- Dumping data for table `ps_referrer_shop`
--


--
-- Table structure for table `ps_request_sql`
--

CREATE TABLE `ps_request_sql` (
  `id_request_sql` int(11) NOT NULL AUTO_INCREMENT,
  `name` varchar(200) NOT NULL,
  `sql` text NOT NULL,
  PRIMARY KEY (`id_request_sql`)
) ENGINE=InnoDB DEFAULT CHARSET=utf8;

--
-- Dumping data for table `ps_request_sql`
--


--
-- Table structure for table `ps_required_field`
--

CREATE TABLE `ps_required_field` (
  `id_required_field` int(11) NOT NULL AUTO_INCREMENT,
  `object_name` varchar(32) NOT NULL,
  `field_name` varchar(32) NOT NULL,
  PRIMARY KEY (`id_required_field`),
  KEY `object_name` (`object_name`)
) ENGINE=InnoDB DEFAULT CHARSET=utf8;

--
-- Dumping data for table `ps_required_field`
--


--
-- Table structure for table `ps_risk`
--

CREATE TABLE `ps_risk` (
  `id_risk` int(11) unsigned NOT NULL AUTO_INCREMENT,
  `percent` tinyint(3) NOT NULL,
  `color` varchar(32) DEFAULT NULL,
  PRIMARY KEY (`id_risk`)
) ENGINE=InnoDB AUTO_INCREMENT=5 DEFAULT CHARSET=utf8;

--
-- Dumping data for table `ps_risk`
--

INSERT INTO `ps_risk` VALUES (1,0,'#32CD32'),(2,35,'#FF8C00'),(3,75,'#DC143C'),(4,100,'#ec2e15');

--
-- Table structure for table `ps_risk_lang`
--

CREATE TABLE `ps_risk_lang` (
  `id_risk` int(10) unsigned NOT NULL,
  `id_lang` int(10) unsigned NOT NULL,
  `name` varchar(20) NOT NULL,
  PRIMARY KEY (`id_risk`,`id_lang`),
  KEY `id_risk` (`id_risk`)
) ENGINE=InnoDB DEFAULT CHARSET=utf8;

--
-- Dumping data for table `ps_risk_lang`
--

INSERT INTO `ps_risk_lang` VALUES (1,1,'None'),(1,2,'Keine'),(1,3,'Ninguno'),(1,4,'Aucun'),(1,5,'Nessuno'),(2,1,'Low'),(2,2,'Niedrig'),(2,3,'Baja'),(2,4,'Faible'),(2,5,'Basso'),(3,1,'Medium'),(3,2,'Mittel'),(3,3,'Medio'),(3,4,'Moyen'),(3,5,'Medio'),(4,1,'High'),(4,2,'Hoch'),(4,3,'Alto'),(4,4,'Élevé'),(4,5,'Alto');

--
-- Table structure for table `ps_search_engine`
--

CREATE TABLE `ps_search_engine` (
  `id_search_engine` int(10) unsigned NOT NULL AUTO_INCREMENT,
  `server` varchar(64) NOT NULL,
  `getvar` varchar(16) NOT NULL,
  PRIMARY KEY (`id_search_engine`)
) ENGINE=InnoDB AUTO_INCREMENT=39 DEFAULT CHARSET=utf8;

--
-- Dumping data for table `ps_search_engine`
--

INSERT INTO `ps_search_engine` VALUES (1,'google','q'),(2,'aol','q'),(3,'yandex','text'),(4,'ask.com','q'),(5,'nhl.com','q'),(6,'yahoo','p'),(7,'baidu','wd'),(8,'lycos','query'),(9,'exalead','q'),(10,'search.live','q'),(11,'voila','rdata'),(12,'altavista','q'),(13,'bing','q'),(14,'daum','q'),(15,'eniro','search_word'),(16,'naver','query'),(17,'msn','q'),(18,'netscape','query'),(19,'cnn','query'),(20,'about','terms'),(21,'mamma','query'),(22,'alltheweb','q'),(23,'virgilio','qs'),(24,'alice','qs'),(25,'najdi','q'),(26,'mama','query'),(27,'seznam','q'),(28,'onet','qt'),(29,'szukacz','q'),(30,'yam','k'),(31,'pchome','q'),(32,'kvasir','q'),(33,'sesam','q'),(34,'ozu','q'),(35,'terra','query'),(36,'mynet','q'),(37,'ekolay','q'),(38,'rambler','words');

--
-- Table structure for table `ps_search_index`
--

CREATE TABLE `ps_search_index` (
  `id_product` int(11) unsigned NOT NULL,
  `id_word` int(11) unsigned NOT NULL,
  `weight` smallint(4) unsigned NOT NULL DEFAULT '1',
  PRIMARY KEY (`id_word`,`id_product`),
  KEY `id_product` (`id_product`)
) ENGINE=InnoDB DEFAULT CHARSET=utf8;

--
-- Dumping data for table `ps_search_index`
--

INSERT INTO `ps_search_index` VALUES (1,1,7),(1,2,9),(2,2,3),(4,2,2),(6,2,2),(1,3,7),(4,3,1),(1,4,7),(1,5,10),(2,5,10),(3,5,10),(4,5,10),(5,5,10),(6,5,10),(7,5,10),(1,6,1),(3,6,1),(1,7,1),(5,7,1),(6,7,1),(7,7,1),(1,8,1),(1,9,1),(1,10,1),(1,11,1),(1,12,1),(1,13,1),(1,14,1),(1,15,1),(1,16,2),(2,16,1),(3,16,1),(4,16,1),(5,16,1),(6,16,1),(7,16,1),(1,17,1),(5,17,9),(6,17,9),(7,17,3),(1,18,5),(2,18,5),(3,18,5),(4,18,5),(5,18,5),(6,18,5),(7,18,5),(1,19,1),(2,19,1),(3,19,1),(4,19,1),(5,19,1),(6,19,1),(7,19,1),(1,20,1),(2,20,1),(3,20,1),(4,20,1),(5,20,1),(6,20,1),(7,20,1),(1,21,1),(2,21,1),(3,21,1),(4,21,1),(5,21,1),(6,21,1),(7,21,1),(1,22,1),(2,22,1),(3,22,1),(4,22,1),(5,22,1),(6,22,1),(7,22,1),(1,23,2),(2,23,2),(3,23,2),(4,23,2),(5,23,2),(6,23,2),(7,23,2),(1,24,1),(2,24,1),(3,24,1),(4,24,1),(5,24,1),(6,24,1),(7,24,1),(1,25,1),(2,25,1),(3,25,1),(4,25,1),(5,25,1),(6,25,1),(7,25,1),(1,26,1),(2,26,1),(3,26,1),(4,26,1),(5,26,1),(6,26,1),(7,26,1),(1,27,1),(2,27,2),(3,27,1),(4,27,1),(5,27,1),(6,27,1),(7,27,1),(1,28,1),(2,28,1),(3,28,1),(4,28,1),(5,28,1),(6,28,1),(7,28,1),(1,29,1),(2,29,1),(3,29,1),(4,29,1),(5,29,1),(6,29,1),(7,29,1),(1,30,1),(2,30,1),(3,30,1),(4,30,1),(5,30,1),(6,30,1),(7,30,1),(1,31,1),(2,31,1),(3,31,1),(4,31,1),(5,31,1),(6,31,1),(7,31,1),(1,32,1),(2,32,1),(3,32,1),(4,32,1),(5,32,1),(6,32,1),(7,32,1),(1,33,1),(2,33,1),(3,33,4),(4,33,4),(5,33,4),(6,33,4),(7,33,4),(1,34,1),(2,34,1),(3,34,1),(4,34,1),(5,34,1),(6,34,1),(7,34,1),(1,35,1),(2,35,1),(3,35,1),(4,35,1),(5,35,1),(6,35,1),(7,35,1),(1,36,1),(2,36,1),(3,36,1),(4,36,1),(5,36,1),(6,36,1),(7,36,1),(1,37,1),(2,37,1),(3,37,1),(4,37,1),(5,37,1),(6,37,1),(7,37,1),(1,38,1),(2,38,1),(3,38,1),(4,38,1),(5,38,1),(6,38,1),(7,38,1),(1,39,1),(2,39,1),(3,39,1),(4,39,1),(5,39,1),(6,39,1),(7,39,1),(1,40,1),(2,40,1),(3,40,1),(4,40,1),(5,40,1),(6,40,1),(7,40,1),(1,41,1),(2,41,1),(3,41,1),(4,41,1),(5,41,1),(6,41,1),(7,41,1),(1,42,1),(2,42,1),(3,42,1),(4,42,1),(5,42,1),(6,42,1),(7,42,1),(1,43,1),(2,43,1),(3,43,1),(4,43,1),(5,43,1),(6,43,1),(7,43,1),(1,44,1),(2,44,1),(3,44,1),(4,44,1),(5,44,1),(6,44,1),(7,44,1),(1,45,1),(2,45,1),(3,45,1),(4,45,1),(5,45,1),(6,45,1),(7,45,1),(1,46,1),(2,46,1),(3,46,1),(4,46,1),(5,46,1),(6,46,1),(7,46,1),(1,47,1),(2,47,1),(3,47,1),(4,47,1),(5,47,1),(6,47,1),(7,47,1),(1,48,1),(2,48,1),(3,48,1),(4,48,1),(5,48,1),(6,48,1),(7,48,1),(1,49,1),(2,49,1),(3,49,1),(4,49,1),(5,49,1),(6,49,1),(7,49,1),(1,50,1),(2,50,1),(3,50,1),(4,50,1),(5,50,1),(6,50,1),(7,50,1),(1,51,1),(2,51,1),(3,51,1),(4,51,1),(5,51,1),(6,51,1),(7,51,1),(1,52,1),(2,52,1),(3,52,1),(4,52,1),(5,52,1),(6,52,1),(7,52,1),(1,53,1),(2,53,1),(3,53,1),(4,53,1),(5,53,1),(6,53,1),(7,53,1),(1,54,1),(2,54,1),(3,54,1),(4,54,1),(5,54,1),(6,54,1),(7,54,1),(1,55,1),(2,55,1),(3,55,1),(4,55,1),(5,55,1),(6,55,1),(7,55,1),(1,56,1),(2,56,1),(3,56,1),(4,56,1),(5,56,1),(6,56,1),(7,56,1),(1,57,1),(2,57,1),(3,57,1),(4,57,1),(5,57,1),(6,57,1),(7,57,1),(1,58,1),(2,58,1),(3,58,1),(4,58,1),(5,58,1),(6,58,1),(7,58,1),(1,59,1),(2,59,1),(3,59,1),(4,59,1),(5,59,1),(6,59,1),(7,59,1),(1,60,1),(2,60,1),(3,60,1),(4,60,1),(5,60,1),(6,60,1),(7,60,1),(1,61,1),(2,61,1),(3,61,1),(4,61,1),(5,61,1),(6,61,1),(7,61,1),(1,62,1),(2,62,1),(3,62,1),(4,62,1),(5,62,1),(6,62,1),(7,62,1),(1,63,1),(2,63,1),(3,63,1),(4,63,1),(5,63,1),(6,63,1),(7,63,1),(1,64,1),(2,64,1),(3,64,1),(4,64,1),(5,64,1),(6,64,1),(7,64,1),(1,65,1),(2,65,1),(3,65,1),(4,65,1),(5,65,1),(6,65,1),(7,65,1),(1,66,1),(2,66,1),(3,66,1),(4,66,1),(5,66,1),(6,66,1),(7,66,1),(1,67,1),(2,67,1),(3,67,1),(4,67,1),(5,67,1),(6,67,1),(7,67,1),(1,68,1),(2,68,1),(3,68,1),(4,68,1),(5,68,1),(6,68,1),(7,68,1),(1,69,3),(1,70,3),(2,70,3),(3,70,3),(4,70,3),(5,70,3),(6,70,3),(7,70,3),(1,71,6),(3,71,7),(5,71,6),(1,72,6),(5,72,6),(1,73,2),(2,73,2),(3,73,3),(1,74,2),(2,74,2),(3,74,3),(5,74,2),(1,75,2),(2,75,3),(2,76,7),(2,77,1),(2,78,1),(2,79,1),(2,80,3),(2,81,6),(3,81,1),(4,81,1),(5,81,6),(2,82,6),(3,82,1),(6,82,6),(3,141,7),(4,141,7),(5,141,7),(6,141,6),(7,141,7),(3,142,9),(4,142,9),(5,142,10),(6,142,9),(7,142,9),(3,143,1),(3,144,1),(3,145,1),(3,146,1),(3,147,1),(3,148,1),(3,149,1),(3,150,1),(5,150,1),(3,151,2),(6,151,2),(7,151,2),(3,152,2),(4,213,4),(4,214,1),(4,215,1),(5,215,1),(4,216,1),(4,217,1),(4,218,1),(4,219,1),(4,220,6),(4,221,6),(4,222,2),(5,222,2),(4,223,2),(5,283,1),(5,284,1),(5,285,1),(7,285,1),(5,286,1),(5,287,1),(6,287,1),(5,288,1),(5,289,6),(6,289,6),(7,289,6),(5,290,2),(6,356,1),(6,357,1),(7,357,1),(6,358,1),(7,358,1),(6,359,1),(7,359,7),(6,360,1),(6,361,1),(6,362,2),(7,362,2),(7,426,1),(7,427,1),(7,428,6),(7,429,2);

--
-- Table structure for table `ps_search_word`
--

CREATE TABLE `ps_search_word` (
  `id_word` int(10) unsigned NOT NULL AUTO_INCREMENT,
  `id_shop` int(11) unsigned NOT NULL DEFAULT '1',
  `id_lang` int(10) unsigned NOT NULL,
  `word` varchar(15) NOT NULL,
  PRIMARY KEY (`id_word`),
  UNIQUE KEY `id_lang` (`id_lang`,`id_shop`,`word`)
) ENGINE=InnoDB AUTO_INCREMENT=495 DEFAULT CHARSET=utf8;

--
-- Dumping data for table `ps_search_word`
--

INSERT INTO `ps_search_word` VALUES (143,1,1,'100'),(24,1,1,'2010'),(64,1,1,'accessories'),(13,1,1,'accessorize'),(284,1,1,'adjustable'),(60,1,1,'attention'),(54,1,1,'beautiful'),(220,1,1,'beige'),(217,1,1,'belt'),(68,1,1,'belts'),(81,1,1,'black'),(76,1,1,'blouse'),(80,1,1,'blouses'),(72,1,1,'blue'),(150,1,1,'bottom'),(25,1,1,'brand'),(287,1,1,'bust'),(74,1,1,'casual'),(47,1,1,'chic'),(359,1,1,'chiffon'),(37,1,1,'collection'),(22,1,1,'collections'),(152,1,1,'colorful'),(11,1,1,'comfortable'),(45,1,1,'cool'),(73,1,1,'cotton'),(19,1,1,'creating'),(427,1,1,'deep'),(29,1,1,'delivering'),(5,1,1,'demo'),(21,1,1,'designed'),(28,1,1,'designs'),(79,1,1,'detail'),(144,1,1,'double'),(78,1,1,'draped'),(142,1,1,'dress'),(33,1,1,'dresses'),(223,1,1,'dressy'),(46,1,1,'easy'),(360,1,1,'elastic'),(50,1,1,'elegance'),(213,1,1,'evening'),(38,1,1,'every'),(34,1,1,'evolved'),(62,1,1,'extends'),(1,1,1,'faded'),(18,1,1,'fashion'),(27,1,1,'feminine'),(12,1,1,'fit'),(35,1,1,'full'),(151,1,1,'girly'),(59,1,1,'greatest'),(428,1,1,'green'),(15,1,1,'hat'),(67,1,1,'hats'),(6,1,1,'high'),(65,1,1,'including'),(57,1,1,'italy'),(39,1,1,'item'),(357,1,1,'knee'),(358,1,1,'length'),(361,1,1,'lining'),(219,1,1,'linings'),(283,1,1,'long'),(48,1,1,'looks'),(56,1,1,'made'),(58,1,1,'manufactured'),(70,1,1,'manufacturer'),(10,1,1,'material'),(290,1,1,'maxi'),(429,1,1,'midi'),(7,1,1,'neckline'),(61,1,1,'now'),(26,1,1,'offers'),(71,1,1,'orange'),(41,1,1,'part'),(55,1,1,'pieces'),(221,1,1,'pink'),(362,1,1,'polyester'),(141,1,1,'printed'),(63,1,1,'range'),(16,1,1,'ready'),(44,1,1,'result'),(218,1,1,'ruffled'),(288,1,1,'ruffles'),(31,1,1,'separates'),(4,1,1,'shirt'),(69,1,1,'shirts'),(66,1,1,'shoes'),(2,1,1,'short'),(52,1,1,'signature'),(23,1,1,'since'),(148,1,1,'skater'),(149,1,1,'skirt'),(75,1,1,'sleeve'),(77,1,1,'sleeved'),(356,1,1,'sleeveless'),(3,1,1,'sleeves'),(8,1,1,'soft'),(32,1,1,'statement'),(214,1,1,'straight'),(285,1,1,'straps'),(14,1,1,'straw'),(9,1,1,'stretchy'),(145,1,1,'striped'),(53,1,1,'style'),(30,1,1,'stylish'),(17,1,1,'summer'),(426,1,1,'tank'),(215,1,1,'thin'),(146,1,1,'top'),(51,1,1,'unmistakable'),(222,1,1,'viscose'),(40,1,1,'vital'),(216,1,1,'waist'),(147,1,1,'waisted'),(43,1,1,'wardrobe'),(36,1,1,'wear'),(20,1,1,'well'),(82,1,1,'white'),(286,1,1,'wiring'),(42,1,1,'woman'),(289,1,1,'yellow'),(49,1,1,'youthful');

--
-- Table structure for table `ps_sekeyword`
--

CREATE TABLE `ps_sekeyword` (
  `id_sekeyword` int(10) unsigned NOT NULL AUTO_INCREMENT,
  `id_shop` int(10) unsigned NOT NULL DEFAULT '1',
  `id_shop_group` int(10) unsigned NOT NULL DEFAULT '1',
  `keyword` varchar(256) NOT NULL,
  `date_add` datetime NOT NULL,
  PRIMARY KEY (`id_sekeyword`)
) ENGINE=InnoDB DEFAULT CHARSET=utf8;

--
-- Dumping data for table `ps_sekeyword`
--


--
-- Table structure for table `ps_shop`
--

CREATE TABLE `ps_shop` (
  `id_shop` int(11) NOT NULL AUTO_INCREMENT,
  `id_shop_group` int(11) NOT NULL,
  `name` varchar(64) COLLATE utf8_unicode_ci NOT NULL,
  `id_category` int(11) NOT NULL,
  `theme_name` varchar(255) COLLATE utf8_unicode_ci NOT NULL,
  `active` tinyint(1) NOT NULL,
  `deleted` tinyint(1) NOT NULL,
  PRIMARY KEY (`id_shop`),
  KEY `IDX_CBDFBB9EF5C9E40` (`id_shop_group`)
) ENGINE=InnoDB AUTO_INCREMENT=2 DEFAULT CHARSET=utf8 COLLATE=utf8_unicode_ci;

--
-- Dumping data for table `ps_shop`
--

INSERT INTO `ps_shop` VALUES (1,1,'Facebook and Twitter (8 in 1)',2,'classic',1,0);

--
-- Table structure for table `ps_shop_group`
--

CREATE TABLE `ps_shop_group` (
  `id_shop_group` int(11) NOT NULL AUTO_INCREMENT,
  `name` varchar(64) COLLATE utf8_unicode_ci NOT NULL,
  `share_customer` tinyint(1) NOT NULL,
  `share_order` tinyint(1) NOT NULL,
  `share_stock` tinyint(1) NOT NULL,
  `active` tinyint(1) NOT NULL,
  `deleted` tinyint(1) NOT NULL,
  PRIMARY KEY (`id_shop_group`)
) ENGINE=InnoDB AUTO_INCREMENT=2 DEFAULT CHARSET=utf8 COLLATE=utf8_unicode_ci;

--
-- Dumping data for table `ps_shop_group`
--

INSERT INTO `ps_shop_group` VALUES (1,'Default',0,0,0,1,0);

--
-- Table structure for table `ps_shop_url`
--

CREATE TABLE `ps_shop_url` (
  `id_shop_url` int(11) unsigned NOT NULL AUTO_INCREMENT,
  `id_shop` int(11) unsigned NOT NULL,
  `domain` varchar(150) NOT NULL,
  `domain_ssl` varchar(150) NOT NULL,
  `physical_uri` varchar(64) NOT NULL,
  `virtual_uri` varchar(64) NOT NULL,
  `main` tinyint(1) NOT NULL,
  `active` tinyint(1) NOT NULL,
  PRIMARY KEY (`id_shop_url`),
  UNIQUE KEY `full_shop_url` (`domain`,`physical_uri`,`virtual_uri`),
  UNIQUE KEY `full_shop_url_ssl` (`domain_ssl`,`physical_uri`,`virtual_uri`),
  KEY `id_shop` (`id_shop`,`main`)
) ENGINE=InnoDB AUTO_INCREMENT=2 DEFAULT CHARSET=utf8;

--
-- Dumping data for table `ps_shop_url`
--

INSERT INTO `ps_shop_url` VALUES (1,1,'demostoreprestashop.com','demostoreprestashop.com','/demo/fbtweinone/','',1,1);

--
-- Table structure for table `ps_smarty_cache`
--

CREATE TABLE `ps_smarty_cache` (
  `id_smarty_cache` char(40) NOT NULL,
  `name` char(40) NOT NULL,
  `cache_id` varchar(254) DEFAULT NULL,
  `modified` timestamp NOT NULL DEFAULT CURRENT_TIMESTAMP,
  `content` longtext NOT NULL,
  PRIMARY KEY (`id_smarty_cache`),
  KEY `name` (`name`),
  KEY `cache_id` (`cache_id`),
  KEY `modified` (`modified`)
) ENGINE=InnoDB DEFAULT CHARSET=utf8;

--
-- Dumping data for table `ps_smarty_cache`
--


--
-- Table structure for table `ps_smarty_last_flush`
--

CREATE TABLE `ps_smarty_last_flush` (
  `type` enum('compile','template') NOT NULL DEFAULT 'compile',
  `last_flush` datetime NOT NULL DEFAULT '0000-00-00 00:00:00',
  PRIMARY KEY (`type`)
) ENGINE=InnoDB DEFAULT CHARSET=utf8;

--
-- Dumping data for table `ps_smarty_last_flush`
--


--
-- Table structure for table `ps_smarty_lazy_cache`
--

CREATE TABLE `ps_smarty_lazy_cache` (
  `template_hash` varchar(32) NOT NULL DEFAULT '',
  `cache_id` varchar(255) NOT NULL DEFAULT '',
  `compile_id` varchar(32) NOT NULL DEFAULT '',
  `filepath` varchar(255) NOT NULL DEFAULT '',
  `last_update` datetime NOT NULL DEFAULT '0000-00-00 00:00:00',
  PRIMARY KEY (`template_hash`,`cache_id`,`compile_id`)
) ENGINE=InnoDB DEFAULT CHARSET=utf8;

--
-- Dumping data for table `ps_smarty_lazy_cache`
--


--
-- Table structure for table `ps_specific_price`
--

CREATE TABLE `ps_specific_price` (
  `id_specific_price` int(10) unsigned NOT NULL AUTO_INCREMENT,
  `id_specific_price_rule` int(11) unsigned NOT NULL,
  `id_cart` int(11) unsigned NOT NULL,
  `id_product` int(10) unsigned NOT NULL,
  `id_shop` int(11) unsigned NOT NULL DEFAULT '1',
  `id_shop_group` int(11) unsigned NOT NULL,
  `id_currency` int(10) unsigned NOT NULL,
  `id_country` int(10) unsigned NOT NULL,
  `id_group` int(10) unsigned NOT NULL,
  `id_customer` int(10) unsigned NOT NULL,
  `id_product_attribute` int(10) unsigned NOT NULL,
  `price` decimal(20,6) NOT NULL,
  `from_quantity` mediumint(8) unsigned NOT NULL,
  `reduction` decimal(20,6) NOT NULL,
  `reduction_tax` tinyint(1) NOT NULL DEFAULT '1',
  `reduction_type` enum('amount','percentage') NOT NULL,
  `from` datetime NOT NULL,
  `to` datetime NOT NULL,
  PRIMARY KEY (`id_specific_price`),
  UNIQUE KEY `id_product_2` (`id_product`,`id_product_attribute`,`id_customer`,`id_cart`,`from`,`to`,`id_shop`,`id_shop_group`,`id_currency`,`id_country`,`id_group`,`from_quantity`,`id_specific_price_rule`),
  KEY `id_product` (`id_product`,`id_shop`,`id_currency`,`id_country`,`id_group`,`id_customer`,`from_quantity`,`from`,`to`),
  KEY `from_quantity` (`from_quantity`),
  KEY `id_specific_price_rule` (`id_specific_price_rule`),
  KEY `id_cart` (`id_cart`),
  KEY `id_product_attribute` (`id_product_attribute`),
  KEY `id_shop` (`id_shop`),
  KEY `id_customer` (`id_customer`),
  KEY `from` (`from`),
  KEY `to` (`to`)
) ENGINE=InnoDB AUTO_INCREMENT=3 DEFAULT CHARSET=utf8;

--
-- Dumping data for table `ps_specific_price`
--

INSERT INTO `ps_specific_price` VALUES (1,0,0,5,0,0,0,0,0,0,0,-1.000000,1,0.050000,1,'percentage','0000-00-00 00:00:00','0000-00-00 00:00:00'),(2,0,0,7,0,0,0,0,0,0,0,-1.000000,1,0.200000,1,'percentage','0000-00-00 00:00:00','0000-00-00 00:00:00');

--
-- Table structure for table `ps_specific_price_priority`
--

CREATE TABLE `ps_specific_price_priority` (
  `id_specific_price_priority` int(11) NOT NULL AUTO_INCREMENT,
  `id_product` int(11) NOT NULL,
  `priority` varchar(80) NOT NULL,
  PRIMARY KEY (`id_specific_price_priority`,`id_product`),
  UNIQUE KEY `id_product` (`id_product`)
) ENGINE=InnoDB DEFAULT CHARSET=utf8;

--
-- Dumping data for table `ps_specific_price_priority`
--


--
-- Table structure for table `ps_specific_price_rule`
--

CREATE TABLE `ps_specific_price_rule` (
  `id_specific_price_rule` int(10) unsigned NOT NULL AUTO_INCREMENT,
  `name` varchar(255) NOT NULL,
  `id_shop` int(11) unsigned NOT NULL DEFAULT '1',
  `id_currency` int(10) unsigned NOT NULL,
  `id_country` int(10) unsigned NOT NULL,
  `id_group` int(10) unsigned NOT NULL,
  `from_quantity` mediumint(8) unsigned NOT NULL,
  `price` decimal(20,6) DEFAULT NULL,
  `reduction` decimal(20,6) NOT NULL,
  `reduction_tax` tinyint(1) NOT NULL DEFAULT '1',
  `reduction_type` enum('amount','percentage') NOT NULL,
  `from` datetime NOT NULL,
  `to` datetime NOT NULL,
  PRIMARY KEY (`id_specific_price_rule`),
  KEY `id_product` (`id_shop`,`id_currency`,`id_country`,`id_group`,`from_quantity`,`from`,`to`)
) ENGINE=InnoDB DEFAULT CHARSET=utf8;

--
-- Dumping data for table `ps_specific_price_rule`
--


--
-- Table structure for table `ps_specific_price_rule_condition`
--

CREATE TABLE `ps_specific_price_rule_condition` (
  `id_specific_price_rule_condition` int(11) unsigned NOT NULL AUTO_INCREMENT,
  `id_specific_price_rule_condition_group` int(11) unsigned NOT NULL,
  `type` varchar(255) NOT NULL,
  `value` varchar(255) NOT NULL,
  PRIMARY KEY (`id_specific_price_rule_condition`),
  KEY `id_specific_price_rule_condition_group` (`id_specific_price_rule_condition_group`)
) ENGINE=InnoDB DEFAULT CHARSET=utf8;

--
-- Dumping data for table `ps_specific_price_rule_condition`
--


--
-- Table structure for table `ps_specific_price_rule_condition_group`
--

CREATE TABLE `ps_specific_price_rule_condition_group` (
  `id_specific_price_rule_condition_group` int(11) unsigned NOT NULL AUTO_INCREMENT,
  `id_specific_price_rule` int(11) unsigned NOT NULL,
  PRIMARY KEY (`id_specific_price_rule_condition_group`,`id_specific_price_rule`)
) ENGINE=InnoDB DEFAULT CHARSET=utf8;

--
-- Dumping data for table `ps_specific_price_rule_condition_group`
--


--
-- Table structure for table `ps_state`
--

CREATE TABLE `ps_state` (
  `id_state` int(10) unsigned NOT NULL AUTO_INCREMENT,
  `id_country` int(11) unsigned NOT NULL,
  `id_zone` int(11) unsigned NOT NULL,
  `name` varchar(64) NOT NULL,
  `iso_code` varchar(7) NOT NULL,
  `tax_behavior` smallint(1) NOT NULL DEFAULT '0',
  `active` tinyint(1) NOT NULL DEFAULT '0',
  PRIMARY KEY (`id_state`),
  KEY `id_country` (`id_country`),
  KEY `name` (`name`),
  KEY `id_zone` (`id_zone`)
) ENGINE=InnoDB AUTO_INCREMENT=325 DEFAULT CHARSET=utf8;

--
-- Dumping data for table `ps_state`
--

INSERT INTO `ps_state` VALUES (1,21,2,'AA','AA',0,1),(2,21,2,'AE','AE',0,1),(3,21,2,'AP','AP',0,1),(4,21,2,'Alabama','AL',0,1),(5,21,2,'Alaska','AK',0,1),(6,21,2,'Arizona','AZ',0,1),(7,21,2,'Arkansas','AR',0,1),(8,21,2,'California','CA',0,1),(9,21,2,'Colorado','CO',0,1),(10,21,2,'Connecticut','CT',0,1),(11,21,2,'Delaware','DE',0,1),(12,21,2,'Florida','FL',0,1),(13,21,2,'Georgia','GA',0,1),(14,21,2,'Hawaii','HI',0,1),(15,21,2,'Idaho','ID',0,1),(16,21,2,'Illinois','IL',0,1),(17,21,2,'Indiana','IN',0,1),(18,21,2,'Iowa','IA',0,1),(19,21,2,'Kansas','KS',0,1),(20,21,2,'Kentucky','KY',0,1),(21,21,2,'Louisiana','LA',0,1),(22,21,2,'Maine','ME',0,1),(23,21,2,'Maryland','MD',0,1),(24,21,2,'Massachusetts','MA',0,1),(25,21,2,'Michigan','MI',0,1),(26,21,2,'Minnesota','MN',0,1),(27,21,2,'Mississippi','MS',0,1),(28,21,2,'Missouri','MO',0,1),(29,21,2,'Montana','MT',0,1),(30,21,2,'Nebraska','NE',0,1),(31,21,2,'Nevada','NV',0,1),(32,21,2,'New Hampshire','NH',0,1),(33,21,2,'New Jersey','NJ',0,1),(34,21,2,'New Mexico','NM',0,1),(35,21,2,'New York','NY',0,1),(36,21,2,'North Carolina','NC',0,1),(37,21,2,'North Dakota','ND',0,1),(38,21,2,'Ohio','OH',0,1),(39,21,2,'Oklahoma','OK',0,1),(40,21,2,'Oregon','OR',0,1),(41,21,2,'Pennsylvania','PA',0,1),(42,21,2,'Rhode Island','RI',0,1),(43,21,2,'South Carolina','SC',0,1),(44,21,2,'South Dakota','SD',0,1),(45,21,2,'Tennessee','TN',0,1),(46,21,2,'Texas','TX',0,1),(47,21,2,'Utah','UT',0,1),(48,21,2,'Vermont','VT',0,1),(49,21,2,'Virginia','VA',0,1),(50,21,2,'Washington','WA',0,1),(51,21,2,'West Virginia','WV',0,1),(52,21,2,'Wisconsin','WI',0,1),(53,21,2,'Wyoming','WY',0,1),(54,21,2,'Puerto Rico','PR',0,1),(55,21,2,'US Virgin Islands','VI',0,1),(56,21,2,'District of Columbia','DC',0,1),(57,145,2,'Aguascalientes','AGS',0,1),(58,145,2,'Baja California','BCN',0,1),(59,145,2,'Baja California Sur','BCS',0,1),(60,145,2,'Campeche','CAM',0,1),(61,145,2,'Chiapas','CHP',0,1),(62,145,2,'Chihuahua','CHH',0,1),(63,145,2,'Coahuila','COA',0,1),(64,145,2,'Colima','COL',0,1),(65,145,2,'Distrito Federal','DIF',0,1),(66,145,2,'Durango','DUR',0,1),(67,145,2,'Guanajuato','GUA',0,1),(68,145,2,'Guerrero','GRO',0,1),(69,145,2,'Hidalgo','HID',0,1),(70,145,2,'Jalisco','JAL',0,1),(71,145,2,'Estado de México','MEX',0,1),(72,145,2,'Michoacán','MIC',0,1),(73,145,2,'Morelos','MOR',0,1),(74,145,2,'Nayarit','NAY',0,1),(75,145,2,'Nuevo León','NLE',0,1),(76,145,2,'Oaxaca','OAX',0,1),(77,145,2,'Puebla','PUE',0,1),(78,145,2,'Querétaro','QUE',0,1),(79,145,2,'Quintana Roo','ROO',0,1),(80,145,2,'San Luis Potosí','SLP',0,1),(81,145,2,'Sinaloa','SIN',0,1),(82,145,2,'Sonora','SON',0,1),(83,145,2,'Tabasco','TAB',0,1),(84,145,2,'Tamaulipas','TAM',0,1),(85,145,2,'Tlaxcala','TLA',0,1),(86,145,2,'Veracruz','VER',0,1),(87,145,2,'Yucatán','YUC',0,1),(88,145,2,'Zacatecas','ZAC',0,1),(89,4,2,'Ontario','ON',0,1),(90,4,2,'Quebec','QC',0,1),(91,4,2,'British Columbia','BC',0,1),(92,4,2,'Alberta','AB',0,1),(93,4,2,'Manitoba','MB',0,1),(94,4,2,'Saskatchewan','SK',0,1),(95,4,2,'Nova Scotia','NS',0,1),(96,4,2,'New Brunswick','NB',0,1),(97,4,2,'Newfoundland and Labrador','NL',0,1),(98,4,2,'Prince Edward Island','PE',0,1),(99,4,2,'Northwest Territories','NT',0,1),(100,4,2,'Yukon','YT',0,1),(101,4,2,'Nunavut','NU',0,1),(102,44,6,'Buenos Aires','B',0,1),(103,44,6,'Catamarca','K',0,1),(104,44,6,'Chaco','H',0,1),(105,44,6,'Chubut','U',0,1),(106,44,6,'Ciudad de Buenos Aires','C',0,1),(107,44,6,'Córdoba','X',0,1),(108,44,6,'Corrientes','W',0,1),(109,44,6,'Entre Ríos','E',0,1),(110,44,6,'Formosa','P',0,1),(111,44,6,'Jujuy','Y',0,1),(112,44,6,'La Pampa','L',0,1),(113,44,6,'La Rioja','F',0,1),(114,44,6,'Mendoza','M',0,1),(115,44,6,'Misiones','N',0,1),(116,44,6,'Neuquén','Q',0,1),(117,44,6,'Río Negro','R',0,1),(118,44,6,'Salta','A',0,1),(119,44,6,'San Juan','J',0,1),(120,44,6,'San Luis','D',0,1),(121,44,6,'Santa Cruz','Z',0,1),(122,44,6,'Santa Fe','S',0,1),(123,44,6,'Santiago del Estero','G',0,1),(124,44,6,'Tierra del Fuego','V',0,1),(125,44,6,'Tucumán','T',0,1),(126,10,1,'Agrigento','AG',0,1),(127,10,1,'Alessandria','AL',0,1),(128,10,1,'Ancona','AN',0,1),(129,10,1,'Aosta','AO',0,1),(130,10,1,'Arezzo','AR',0,1),(131,10,1,'Ascoli Piceno','AP',0,1),(132,10,1,'Asti','AT',0,1),(133,10,1,'Avellino','AV',0,1),(134,10,1,'Bari','BA',0,1),(135,10,1,'Barletta-Andria-Trani','BT',0,1),(136,10,1,'Belluno','BL',0,1),(137,10,1,'Benevento','BN',0,1),(138,10,1,'Bergamo','BG',0,1),(139,10,1,'Biella','BI',0,1),(140,10,1,'Bologna','BO',0,1),(141,10,1,'Bolzano','BZ',0,1),(142,10,1,'Brescia','BS',0,1),(143,10,1,'Brindisi','BR',0,1),(144,10,1,'Cagliari','CA',0,1),(145,10,1,'Caltanissetta','CL',0,1),(146,10,1,'Campobasso','CB',0,1),(147,10,1,'Carbonia-Iglesias','CI',0,1),(148,10,1,'Caserta','CE',0,1),(149,10,1,'Catania','CT',0,1),(150,10,1,'Catanzaro','CZ',0,1),(151,10,1,'Chieti','CH',0,1),(152,10,1,'Como','CO',0,1),(153,10,1,'Cosenza','CS',0,1),(154,10,1,'Cremona','CR',0,1),(155,10,1,'Crotone','KR',0,1),(156,10,1,'Cuneo','CN',0,1),(157,10,1,'Enna','EN',0,1),(158,10,1,'Fermo','FM',0,1),(159,10,1,'Ferrara','FE',0,1),(160,10,1,'Firenze','FI',0,1),(161,10,1,'Foggia','FG',0,1),(162,10,1,'Forlì-Cesena','FC',0,1),(163,10,1,'Frosinone','FR',0,1),(164,10,1,'Genova','GE',0,1),(165,10,1,'Gorizia','GO',0,1),(166,10,1,'Grosseto','GR',0,1),(167,10,1,'Imperia','IM',0,1),(168,10,1,'Isernia','IS',0,1),(169,10,1,'L\'Aquila','AQ',0,1),(170,10,1,'La Spezia','SP',0,1),(171,10,1,'Latina','LT',0,1),(172,10,1,'Lecce','LE',0,1),(173,10,1,'Lecco','LC',0,1),(174,10,1,'Livorno','LI',0,1),(175,10,1,'Lodi','LO',0,1),(176,10,1,'Lucca','LU',0,1),(177,10,1,'Macerata','MC',0,1),(178,10,1,'Mantova','MN',0,1),(179,10,1,'Massa','MS',0,1),(180,10,1,'Matera','MT',0,1),(181,10,1,'Medio Campidano','VS',0,1),(182,10,1,'Messina','ME',0,1),(183,10,1,'Milano','MI',0,1),(184,10,1,'Modena','MO',0,1),(185,10,1,'Monza e della Brianza','MB',0,1),(186,10,1,'Napoli','NA',0,1),(187,10,1,'Novara','NO',0,1),(188,10,1,'Nuoro','NU',0,1),(189,10,1,'Ogliastra','OG',0,1),(190,10,1,'Olbia-Tempio','OT',0,1),(191,10,1,'Oristano','OR',0,1),(192,10,1,'Padova','PD',0,1),(193,10,1,'Palermo','PA',0,1),(194,10,1,'Parma','PR',0,1),(195,10,1,'Pavia','PV',0,1),(196,10,1,'Perugia','PG',0,1),(197,10,1,'Pesaro-Urbino','PU',0,1),(198,10,1,'Pescara','PE',0,1),(199,10,1,'Piacenza','PC',0,1),(200,10,1,'Pisa','PI',0,1),(201,10,1,'Pistoia','PT',0,1),(202,10,1,'Pordenone','PN',0,1),(203,10,1,'Potenza','PZ',0,1),(204,10,1,'Prato','PO',0,1),(205,10,1,'Ragusa','RG',0,1),(206,10,1,'Ravenna','RA',0,1),(207,10,1,'Reggio Calabria','RC',0,1),(208,10,1,'Reggio Emilia','RE',0,1),(209,10,1,'Rieti','RI',0,1),(210,10,1,'Rimini','RN',0,1),(211,10,1,'Roma','RM',0,1),(212,10,1,'Rovigo','RO',0,1),(213,10,1,'Salerno','SA',0,1),(214,10,1,'Sassari','SS',0,1),(215,10,1,'Savona','SV',0,1),(216,10,1,'Siena','SI',0,1),(217,10,1,'Siracusa','SR',0,1),(218,10,1,'Sondrio','SO',0,1),(219,10,1,'Taranto','TA',0,1),(220,10,1,'Teramo','TE',0,1),(221,10,1,'Terni','TR',0,1),(222,10,1,'Torino','TO',0,1),(223,10,1,'Trapani','TP',0,1),(224,10,1,'Trento','TN',0,1),(225,10,1,'Treviso','TV',0,1),(226,10,1,'Trieste','TS',0,1),(227,10,1,'Udine','UD',0,1),(228,10,1,'Varese','VA',0,1),(229,10,1,'Venezia','VE',0,1),(230,10,1,'Verbano-Cusio-Ossola','VB',0,1),(231,10,1,'Vercelli','VC',0,1),(232,10,1,'Verona','VR',0,1),(233,10,1,'Vibo Valentia','VV',0,1),(234,10,1,'Vicenza','VI',0,1),(235,10,1,'Viterbo','VT',0,1),(236,111,3,'Aceh','ID-AC',0,1),(237,111,3,'Bali','ID-BA',0,1),(238,111,3,'Banten','ID-BT',0,1),(239,111,3,'Bengkulu','ID-BE',0,1),(240,111,3,'Gorontalo','ID-GO',0,1),(241,111,3,'Jakarta','ID-JK',0,1),(242,111,3,'Jambi','ID-JA',0,1),(243,111,3,'Jawa Barat','ID-JB',0,1),(244,111,3,'Jawa Tengah','ID-JT',0,1),(245,111,3,'Jawa Timur','ID-JI',0,1),(246,111,3,'Kalimantan Barat','ID-KB',0,1),(247,111,3,'Kalimantan Selatan','ID-KS',0,1),(248,111,3,'Kalimantan Tengah','ID-KT',0,1),(249,111,3,'Kalimantan Timur','ID-KI',0,1),(250,111,3,'Kalimantan Utara','ID-KU',0,1),(251,111,3,'Kepulauan Bangka Belitug','ID-BB',0,1),(252,111,3,'Kepulauan Riau','ID-KR',0,1),(253,111,3,'Lampung','ID-LA',0,1),(254,111,3,'Maluku','ID-MA',0,1),(255,111,3,'Maluku Utara','ID-MU',0,1),(256,111,3,'Nusa Tengara Barat','ID-NB',0,1),(257,111,3,'Nusa Tenggara Timur','ID-NT',0,1),(258,111,3,'Papua','ID-PA',0,1),(259,111,3,'Papua Barat','ID-PB',0,1),(260,111,3,'Riau','ID-RI',0,1),(261,111,3,'Sulawesi Barat','ID-SR',0,1),(262,111,3,'Sulawesi Selatan','ID-SN',0,1),(263,111,3,'Sulawesi Tengah','ID-ST',0,1),(264,111,3,'Sulawesi Tenggara','ID-SG',0,1),(265,111,3,'Sulawesi Utara','ID-SA',0,1),(266,111,3,'Sumatera Barat','ID-SB',0,1),(267,111,3,'Sumatera Selatan','ID-SS',0,1),(268,111,3,'Sumatera Utara','ID-SU',0,1),(269,111,3,'Yogyakarta','ID-YO',0,1),(270,11,3,'Aichi','23',0,1),(271,11,3,'Akita','05',0,1),(272,11,3,'Aomori','02',0,1),(273,11,3,'Chiba','12',0,1),(274,11,3,'Ehime','38',0,1),(275,11,3,'Fukui','18',0,1),(276,11,3,'Fukuoka','40',0,1),(277,11,3,'Fukushima','07',0,1),(278,11,3,'Gifu','21',0,1),(279,11,3,'Gunma','10',0,1),(280,11,3,'Hiroshima','34',0,1),(281,11,3,'Hokkaido','01',0,1),(282,11,3,'Hyogo','28',0,1),(283,11,3,'Ibaraki','08',0,1),(284,11,3,'Ishikawa','17',0,1),(285,11,3,'Iwate','03',0,1),(286,11,3,'Kagawa','37',0,1),(287,11,3,'Kagoshima','46',0,1),(288,11,3,'Kanagawa','14',0,1),(289,11,3,'Kochi','39',0,1),(290,11,3,'Kumamoto','43',0,1),(291,11,3,'Kyoto','26',0,1),(292,11,3,'Mie','24',0,1),(293,11,3,'Miyagi','04',0,1),(294,11,3,'Miyazaki','45',0,1),(295,11,3,'Nagano','20',0,1),(296,11,3,'Nagasaki','42',0,1),(297,11,3,'Nara','29',0,1),(298,11,3,'Niigata','15',0,1),(299,11,3,'Oita','44',0,1),(300,11,3,'Okayama','33',0,1),(301,11,3,'Okinawa','47',0,1),(302,11,3,'Osaka','27',0,1),(303,11,3,'Saga','41',0,1),(304,11,3,'Saitama','11',0,1),(305,11,3,'Shiga','25',0,1),(306,11,3,'Shimane','32',0,1),(307,11,3,'Shizuoka','22',0,1),(308,11,3,'Tochigi','09',0,1),(309,11,3,'Tokushima','36',0,1),(310,11,3,'Tokyo','13',0,1),(311,11,3,'Tottori','31',0,1),(312,11,3,'Toyama','16',0,1),(313,11,3,'Wakayama','30',0,1),(314,11,3,'Yamagata','06',0,1),(315,11,3,'Yamaguchi','35',0,1),(316,11,3,'Yamanashi','19',0,1),(317,24,5,'Australian Capital Territory','ACT',0,1),(318,24,5,'New South Wales','NSW',0,1),(319,24,5,'Northern Territory','NT',0,1),(320,24,5,'Queensland','QLD',0,1),(321,24,5,'South Australia','SA',0,1),(322,24,5,'Tasmania','TAS',0,1),(323,24,5,'Victoria','VIC',0,1),(324,24,5,'Western Australia','WA',0,1);

--
-- Table structure for table `ps_statssearch`
--

CREATE TABLE `ps_statssearch` (
  `id_statssearch` int(10) unsigned NOT NULL AUTO_INCREMENT,
  `id_shop` int(10) unsigned NOT NULL DEFAULT '1',
  `id_shop_group` int(10) unsigned NOT NULL DEFAULT '1',
  `keywords` varchar(255) NOT NULL,
  `results` int(6) NOT NULL DEFAULT '0',
  `date_add` datetime NOT NULL,
  PRIMARY KEY (`id_statssearch`)
) ENGINE=InnoDB DEFAULT CHARSET=utf8;

--
-- Dumping data for table `ps_statssearch`
--


--
-- Table structure for table `ps_stock`
--

CREATE TABLE `ps_stock` (
  `id_stock` int(11) unsigned NOT NULL AUTO_INCREMENT,
  `id_warehouse` int(11) unsigned NOT NULL,
  `id_product` int(11) unsigned NOT NULL,
  `id_product_attribute` int(11) unsigned NOT NULL,
  `reference` varchar(32) NOT NULL,
  `ean13` varchar(13) DEFAULT NULL,
  `isbn` varchar(13) DEFAULT NULL,
  `upc` varchar(12) DEFAULT NULL,
  `physical_quantity` int(11) unsigned NOT NULL,
  `usable_quantity` int(11) unsigned NOT NULL,
  `price_te` decimal(20,6) DEFAULT '0.000000',
  PRIMARY KEY (`id_stock`),
  KEY `id_warehouse` (`id_warehouse`),
  KEY `id_product` (`id_product`),
  KEY `id_product_attribute` (`id_product_attribute`)
) ENGINE=InnoDB DEFAULT CHARSET=utf8;

--
-- Dumping data for table `ps_stock`
--


--
-- Table structure for table `ps_stock_available`
--

CREATE TABLE `ps_stock_available` (
  `id_stock_available` int(11) unsigned NOT NULL AUTO_INCREMENT,
  `id_product` int(11) unsigned NOT NULL,
  `id_product_attribute` int(11) unsigned NOT NULL,
  `id_shop` int(11) unsigned NOT NULL,
  `id_shop_group` int(11) unsigned NOT NULL,
  `quantity` int(10) NOT NULL DEFAULT '0',
  `depends_on_stock` tinyint(1) unsigned NOT NULL DEFAULT '0',
  `out_of_stock` tinyint(1) unsigned NOT NULL DEFAULT '0',
  PRIMARY KEY (`id_stock_available`),
  UNIQUE KEY `product_sqlstock` (`id_product`,`id_product_attribute`,`id_shop`,`id_shop_group`),
  KEY `id_shop` (`id_shop`),
  KEY `id_shop_group` (`id_shop_group`),
  KEY `id_product` (`id_product`),
  KEY `id_product_attribute` (`id_product_attribute`)
) ENGINE=InnoDB AUTO_INCREMENT=53 DEFAULT CHARSET=utf8;

--
-- Dumping data for table `ps_stock_available`
--

INSERT INTO `ps_stock_available` VALUES (1,1,0,1,0,1799,0,2),(2,2,0,1,0,1799,0,2),(3,3,0,1,0,899,0,2),(4,4,0,1,0,900,0,2),(5,5,0,1,0,3600,0,2),(6,6,0,1,0,900,0,2),(7,7,0,1,0,1800,0,2),(8,1,1,1,0,299,0,2),(9,1,2,1,0,300,0,2),(10,1,3,1,0,300,0,2),(11,1,4,1,0,300,0,2),(12,1,5,1,0,300,0,2),(13,1,6,1,0,300,0,2),(14,2,7,1,0,299,0,2),(15,2,8,1,0,300,0,2),(16,2,9,1,0,300,0,2),(17,2,10,1,0,300,0,2),(18,2,11,1,0,300,0,2),(19,2,12,1,0,300,0,2),(20,3,13,1,0,299,0,2),(21,3,14,1,0,300,0,2),(22,3,15,1,0,300,0,2),(23,4,16,1,0,300,0,2),(24,4,17,1,0,300,0,2),(25,4,18,1,0,300,0,2),(26,5,19,1,0,300,0,2),(27,5,20,1,0,300,0,2),(28,5,21,1,0,300,0,2),(29,5,22,1,0,300,0,2),(30,5,23,1,0,300,0,2),(31,5,24,1,0,300,0,2),(32,5,25,1,0,300,0,2),(33,5,26,1,0,300,0,2),(34,5,27,1,0,300,0,2),(35,5,28,1,0,300,0,2),(36,5,29,1,0,300,0,2),(37,5,30,1,0,300,0,2),(38,6,31,1,0,300,0,2),(39,6,32,1,0,300,0,2),(40,6,33,1,0,300,0,2),(41,7,34,1,0,300,0,2),(42,7,35,1,0,300,0,2),(43,7,36,1,0,300,0,2),(44,7,37,1,0,300,0,2),(45,7,38,1,0,300,0,2),(46,7,39,1,0,300,0,2),(47,6,40,1,0,0,0,2),(48,6,41,1,0,0,0,2),(49,6,42,1,0,0,0,2),(50,4,43,1,0,0,0,2),(51,4,44,1,0,0,0,2),(52,4,45,1,0,0,0,2);

--
-- Table structure for table `ps_stock_mvt`
--

CREATE TABLE `ps_stock_mvt` (
  `id_stock_mvt` bigint(20) unsigned NOT NULL AUTO_INCREMENT,
  `id_stock` int(11) unsigned NOT NULL,
  `id_order` int(11) unsigned DEFAULT NULL,
  `id_supply_order` int(11) unsigned DEFAULT NULL,
  `id_stock_mvt_reason` int(11) unsigned NOT NULL,
  `id_employee` int(11) unsigned NOT NULL,
  `employee_lastname` varchar(32) DEFAULT '',
  `employee_firstname` varchar(32) DEFAULT '',
  `physical_quantity` int(11) unsigned NOT NULL,
  `date_add` datetime NOT NULL,
  `sign` tinyint(1) NOT NULL DEFAULT '1',
  `price_te` decimal(20,6) DEFAULT '0.000000',
  `last_wa` decimal(20,6) DEFAULT '0.000000',
  `current_wa` decimal(20,6) DEFAULT '0.000000',
  `referer` bigint(20) unsigned DEFAULT NULL,
  PRIMARY KEY (`id_stock_mvt`),
  KEY `id_stock` (`id_stock`),
  KEY `id_stock_mvt_reason` (`id_stock_mvt_reason`)
) ENGINE=InnoDB DEFAULT CHARSET=utf8;

--
-- Dumping data for table `ps_stock_mvt`
--


--
-- Table structure for table `ps_stock_mvt_reason`
--

CREATE TABLE `ps_stock_mvt_reason` (
  `id_stock_mvt_reason` int(11) unsigned NOT NULL AUTO_INCREMENT,
  `sign` tinyint(1) NOT NULL DEFAULT '1',
  `date_add` datetime NOT NULL,
  `date_upd` datetime NOT NULL,
  `deleted` tinyint(1) unsigned NOT NULL DEFAULT '0',
  PRIMARY KEY (`id_stock_mvt_reason`)
) ENGINE=InnoDB AUTO_INCREMENT=9 DEFAULT CHARSET=utf8;

--
-- Dumping data for table `ps_stock_mvt_reason`
--

INSERT INTO `ps_stock_mvt_reason` VALUES (1,1,'2017-07-03 15:43:30','2017-07-03 15:43:30',0),(2,-1,'2017-07-03 15:43:30','2017-07-03 15:43:30',0),(3,-1,'2017-07-03 15:43:30','2017-07-03 15:43:30',0),(4,-1,'2017-07-03 15:43:30','2017-07-03 15:43:30',0),(5,1,'2017-07-03 15:43:30','2017-07-03 15:43:30',0),(6,-1,'2017-07-03 15:43:30','2017-07-03 15:43:30',0),(7,1,'2017-07-03 15:43:30','2017-07-03 15:43:30',0),(8,1,'2017-07-03 15:43:30','2017-07-03 15:43:30',0);

--
-- Table structure for table `ps_stock_mvt_reason_lang`
--

CREATE TABLE `ps_stock_mvt_reason_lang` (
  `id_stock_mvt_reason` int(11) unsigned NOT NULL,
  `id_lang` int(11) unsigned NOT NULL,
  `name` varchar(255) NOT NULL,
  PRIMARY KEY (`id_stock_mvt_reason`,`id_lang`)
) ENGINE=InnoDB DEFAULT CHARSET=utf8;

--
-- Dumping data for table `ps_stock_mvt_reason_lang`
--

INSERT INTO `ps_stock_mvt_reason_lang` VALUES (1,1,'Increase'),(1,2,'Erhöhung'),(1,3,'Incrementar'),(1,4,'Augmentation'),(1,5,'Aumento'),(2,1,'Decrease'),(2,2,'Reduzierung'),(2,3,'Decrementar'),(2,4,'Baisse'),(2,5,'Diminuisci'),(3,1,'Customer Order'),(3,2,'Bestellung'),(3,3,'Pedido del cliente'),(3,4,'Commande client'),(3,5,'Ordine Cliente'),(4,1,'Regulation following an inventory of stock'),(4,2,'Bestandsberichtigung nach Inventur'),(4,3,'Regulación tras inventario de stock'),(4,4,'Régularisation suite à inventaire'),(4,5,'Adeguamento in seguito a un inventario delle scorte'),(5,1,'Regulation following an inventory of stock'),(5,2,'Bestandsberichtigung nach Inventur'),(5,3,'Regulación tras inventario de stock'),(5,4,'Régularisation suite à inventaire'),(5,5,'Adeguamento in seguito a un inventario delle scorte'),(6,1,'Transfer to another warehouse'),(6,2,'Übertragung in anderes Lager'),(6,3,'Transferir a otro almacén'),(6,4,'Transfert vers un autre entrepôt'),(6,5,'Trasferimento a un altro magazzino'),(7,1,'Transfer from another warehouse'),(7,2,'Übertragung von anderem Lager'),(7,3,'Transferir desde otro almacén'),(7,4,'Transfert depuis un autre entrepôt'),(7,5,'Trasferimento da un altro magazzino'),(8,1,'Supply Order'),(8,2,'Lieferbestellung'),(8,3,'Pedido de suministros'),(8,4,'Commande fournisseur'),(8,5,'Ordine di Fornitura');

--
-- Table structure for table `ps_store`
--

CREATE TABLE `ps_store` (
  `id_store` int(10) unsigned NOT NULL AUTO_INCREMENT,
  `id_country` int(10) unsigned NOT NULL,
  `id_state` int(10) unsigned DEFAULT NULL,
  `name` varchar(128) NOT NULL,
  `address1` varchar(128) NOT NULL,
  `address2` varchar(128) DEFAULT NULL,
  `city` varchar(64) NOT NULL,
  `postcode` varchar(12) NOT NULL,
  `latitude` decimal(13,8) DEFAULT NULL,
  `longitude` decimal(13,8) DEFAULT NULL,
  `hours` varchar(254) DEFAULT NULL,
  `phone` varchar(16) DEFAULT NULL,
  `fax` varchar(16) DEFAULT NULL,
  `email` varchar(128) DEFAULT NULL,
  `note` text,
  `active` tinyint(1) unsigned NOT NULL DEFAULT '0',
  `date_add` datetime NOT NULL,
  `date_upd` datetime NOT NULL,
  PRIMARY KEY (`id_store`)
) ENGINE=InnoDB AUTO_INCREMENT=6 DEFAULT CHARSET=utf8;

--
-- Dumping data for table `ps_store`
--

INSERT INTO `ps_store` VALUES (1,21,12,'Dade County','3030 SW 8th St Miami','','Miami',' 33135',25.76500500,-80.24379700,' [[\"09:00 - 19:00\"],[\"09:00 - 19:00\"],[\"09:00 - 19:00\"],[\"09:00 - 19:00\"],[\"09:00 - 19:00\"],[\"10:00 - 16:00\"],[\"10:00 - 16:00\"]]','','','','',1,'2017-07-03 15:43:40','2017-07-03 15:43:40'),(2,21,12,'E Fort Lauderdale','1000 Northeast 4th Ave Fort Lauderdale','','Miami',' 33304',26.13793600,-80.13943500,' [[\"09:00 - 19:00\"],[\"09:00 - 19:00\"],[\"09:00 - 19:00\"],[\"09:00 - 19:00\"],[\"09:00 - 19:00\"],[\"10:00 - 16:00\"],[\"10:00 - 16:00\"]]','','','','',1,'2017-07-03 15:43:40','2017-07-03 15:43:40'),(3,21,12,'Pembroke Pines','11001 Pines Blvd Pembroke Pines','','Miami','33026',26.00998700,-80.29447200,' [[\"09:00 - 19:00\"],[\"09:00 - 19:00\"],[\"09:00 - 19:00\"],[\"09:00 - 19:00\"],[\"09:00 - 19:00\"],[\"10:00 - 16:00\"],[\"10:00 - 16:00\"]]','','','','',1,'2017-07-03 15:43:40','2017-07-03 15:43:40'),(4,21,12,'Coconut Grove','2999 SW 32nd Avenue','','Miami',' 33133',25.73629600,-80.24479700,' [[\"09:00 - 19:00\"],[\"09:00 - 19:00\"],[\"09:00 - 19:00\"],[\"09:00 - 19:00\"],[\"09:00 - 19:00\"],[\"10:00 - 16:00\"],[\"10:00 - 16:00\"]]','','','','',1,'2017-07-03 15:43:40','2017-07-03 15:43:40'),(5,21,12,'N Miami/Biscayne','12055 Biscayne Blvd','','Miami','33181',25.88674000,-80.16329200,' [[\"09:00 - 19:00\"],[\"09:00 - 19:00\"],[\"09:00 - 19:00\"],[\"09:00 - 19:00\"],[\"09:00 - 19:00\"],[\"10:00 - 16:00\"],[\"10:00 - 16:00\"]]','','','','',1,'2017-07-03 15:43:40','2017-07-03 15:43:40');

--
-- Table structure for table `ps_store_shop`
--

CREATE TABLE `ps_store_shop` (
  `id_store` int(11) unsigned NOT NULL,
  `id_shop` int(11) unsigned NOT NULL,
  PRIMARY KEY (`id_store`,`id_shop`),
  KEY `id_shop` (`id_shop`)
) ENGINE=InnoDB DEFAULT CHARSET=utf8;

--
-- Dumping data for table `ps_store_shop`
--

INSERT INTO `ps_store_shop` VALUES (1,1),(2,1),(3,1),(4,1),(5,1);

--
-- Table structure for table `ps_supplier`
--

CREATE TABLE `ps_supplier` (
  `id_supplier` int(10) unsigned NOT NULL AUTO_INCREMENT,
  `name` varchar(64) NOT NULL,
  `date_add` datetime NOT NULL,
  `date_upd` datetime NOT NULL,
  `active` tinyint(1) NOT NULL DEFAULT '0',
  PRIMARY KEY (`id_supplier`)
) ENGINE=InnoDB AUTO_INCREMENT=2 DEFAULT CHARSET=utf8;

--
-- Dumping data for table `ps_supplier`
--

INSERT INTO `ps_supplier` VALUES (1,'Fashion Supplier','2017-07-03 15:43:42','2017-07-03 15:43:42',1);

--
-- Table structure for table `ps_supplier_lang`
--

CREATE TABLE `ps_supplier_lang` (
  `id_supplier` int(10) unsigned NOT NULL,
  `id_lang` int(10) unsigned NOT NULL,
  `description` text,
  `meta_title` varchar(128) DEFAULT NULL,
  `meta_keywords` varchar(255) DEFAULT NULL,
  `meta_description` varchar(255) DEFAULT NULL,
  PRIMARY KEY (`id_supplier`,`id_lang`)
) ENGINE=InnoDB DEFAULT CHARSET=utf8;

--
-- Dumping data for table `ps_supplier_lang`
--

INSERT INTO `ps_supplier_lang` VALUES (1,1,'','','',''),(1,2,'','','',''),(1,3,'','','',''),(1,4,'','','',''),(1,5,'','','','');

--
-- Table structure for table `ps_supplier_shop`
--

CREATE TABLE `ps_supplier_shop` (
  `id_supplier` int(11) unsigned NOT NULL,
  `id_shop` int(11) unsigned NOT NULL,
  PRIMARY KEY (`id_supplier`,`id_shop`),
  KEY `id_shop` (`id_shop`)
) ENGINE=InnoDB DEFAULT CHARSET=utf8;

--
-- Dumping data for table `ps_supplier_shop`
--

INSERT INTO `ps_supplier_shop` VALUES (1,1);

--
-- Table structure for table `ps_supply_order`
--

CREATE TABLE `ps_supply_order` (
  `id_supply_order` int(11) unsigned NOT NULL AUTO_INCREMENT,
  `id_supplier` int(11) unsigned NOT NULL,
  `supplier_name` varchar(64) NOT NULL,
  `id_lang` int(11) unsigned NOT NULL,
  `id_warehouse` int(11) unsigned NOT NULL,
  `id_supply_order_state` int(11) unsigned NOT NULL,
  `id_currency` int(11) unsigned NOT NULL,
  `id_ref_currency` int(11) unsigned NOT NULL,
  `reference` varchar(64) NOT NULL,
  `date_add` datetime NOT NULL,
  `date_upd` datetime NOT NULL,
  `date_delivery_expected` datetime DEFAULT NULL,
  `total_te` decimal(20,6) DEFAULT '0.000000',
  `total_with_discount_te` decimal(20,6) DEFAULT '0.000000',
  `total_tax` decimal(20,6) DEFAULT '0.000000',
  `total_ti` decimal(20,6) DEFAULT '0.000000',
  `discount_rate` decimal(20,6) DEFAULT '0.000000',
  `discount_value_te` decimal(20,6) DEFAULT '0.000000',
  `is_template` tinyint(1) DEFAULT '0',
  PRIMARY KEY (`id_supply_order`),
  KEY `id_supplier` (`id_supplier`),
  KEY `id_warehouse` (`id_warehouse`),
  KEY `reference` (`reference`)
) ENGINE=InnoDB DEFAULT CHARSET=utf8;

--
-- Dumping data for table `ps_supply_order`
--


--
-- Table structure for table `ps_supply_order_detail`
--

CREATE TABLE `ps_supply_order_detail` (
  `id_supply_order_detail` int(11) unsigned NOT NULL AUTO_INCREMENT,
  `id_supply_order` int(11) unsigned NOT NULL,
  `id_currency` int(11) unsigned NOT NULL,
  `id_product` int(11) unsigned NOT NULL,
  `id_product_attribute` int(11) unsigned NOT NULL,
  `reference` varchar(32) NOT NULL,
  `supplier_reference` varchar(32) NOT NULL,
  `name` varchar(128) NOT NULL,
  `ean13` varchar(13) DEFAULT NULL,
  `isbn` varchar(13) DEFAULT NULL,
  `upc` varchar(12) DEFAULT NULL,
  `exchange_rate` decimal(20,6) DEFAULT '0.000000',
  `unit_price_te` decimal(20,6) DEFAULT '0.000000',
  `quantity_expected` int(11) unsigned NOT NULL,
  `quantity_received` int(11) unsigned NOT NULL,
  `price_te` decimal(20,6) DEFAULT '0.000000',
  `discount_rate` decimal(20,6) DEFAULT '0.000000',
  `discount_value_te` decimal(20,6) DEFAULT '0.000000',
  `price_with_discount_te` decimal(20,6) DEFAULT '0.000000',
  `tax_rate` decimal(20,6) DEFAULT '0.000000',
  `tax_value` decimal(20,6) DEFAULT '0.000000',
  `price_ti` decimal(20,6) DEFAULT '0.000000',
  `tax_value_with_order_discount` decimal(20,6) DEFAULT '0.000000',
  `price_with_order_discount_te` decimal(20,6) DEFAULT '0.000000',
  PRIMARY KEY (`id_supply_order_detail`),
  KEY `id_supply_order` (`id_supply_order`,`id_product`),
  KEY `id_product_attribute` (`id_product_attribute`),
  KEY `id_product_product_attribute` (`id_product`,`id_product_attribute`)
) ENGINE=InnoDB DEFAULT CHARSET=utf8;

--
-- Dumping data for table `ps_supply_order_detail`
--


--
-- Table structure for table `ps_supply_order_history`
--

CREATE TABLE `ps_supply_order_history` (
  `id_supply_order_history` int(11) unsigned NOT NULL AUTO_INCREMENT,
  `id_supply_order` int(11) unsigned NOT NULL,
  `id_employee` int(11) unsigned NOT NULL,
  `employee_lastname` varchar(32) DEFAULT '',
  `employee_firstname` varchar(32) DEFAULT '',
  `id_state` int(11) unsigned NOT NULL,
  `date_add` datetime NOT NULL,
  PRIMARY KEY (`id_supply_order_history`),
  KEY `id_supply_order` (`id_supply_order`),
  KEY `id_employee` (`id_employee`),
  KEY `id_state` (`id_state`)
) ENGINE=InnoDB DEFAULT CHARSET=utf8;

--
-- Dumping data for table `ps_supply_order_history`
--


--
-- Table structure for table `ps_supply_order_receipt_history`
--

CREATE TABLE `ps_supply_order_receipt_history` (
  `id_supply_order_receipt_history` int(11) unsigned NOT NULL AUTO_INCREMENT,
  `id_supply_order_detail` int(11) unsigned NOT NULL,
  `id_employee` int(11) unsigned NOT NULL,
  `employee_lastname` varchar(32) DEFAULT '',
  `employee_firstname` varchar(32) DEFAULT '',
  `id_supply_order_state` int(11) unsigned NOT NULL,
  `quantity` int(11) unsigned NOT NULL,
  `date_add` datetime NOT NULL,
  PRIMARY KEY (`id_supply_order_receipt_history`),
  KEY `id_supply_order_detail` (`id_supply_order_detail`),
  KEY `id_supply_order_state` (`id_supply_order_state`)
) ENGINE=InnoDB DEFAULT CHARSET=utf8;

--
-- Dumping data for table `ps_supply_order_receipt_history`
--


--
-- Table structure for table `ps_supply_order_state`
--

CREATE TABLE `ps_supply_order_state` (
  `id_supply_order_state` int(11) unsigned NOT NULL AUTO_INCREMENT,
  `delivery_note` tinyint(1) NOT NULL DEFAULT '0',
  `editable` tinyint(1) NOT NULL DEFAULT '0',
  `receipt_state` tinyint(1) NOT NULL DEFAULT '0',
  `pending_receipt` tinyint(1) NOT NULL DEFAULT '0',
  `enclosed` tinyint(1) NOT NULL DEFAULT '0',
  `color` varchar(32) DEFAULT NULL,
  PRIMARY KEY (`id_supply_order_state`)
) ENGINE=InnoDB AUTO_INCREMENT=7 DEFAULT CHARSET=utf8;

--
-- Dumping data for table `ps_supply_order_state`
--

INSERT INTO `ps_supply_order_state` VALUES (1,0,1,0,0,0,'#faab00'),(2,1,0,0,0,0,'#273cff'),(3,0,0,0,1,0,'#ff37f5'),(4,0,0,1,1,0,'#ff3e33'),(5,0,0,1,0,1,'#00d60c'),(6,0,0,0,0,1,'#666666');

--
-- Table structure for table `ps_supply_order_state_lang`
--

CREATE TABLE `ps_supply_order_state_lang` (
  `id_supply_order_state` int(11) unsigned NOT NULL,
  `id_lang` int(11) unsigned NOT NULL,
  `name` varchar(128) DEFAULT NULL,
  PRIMARY KEY (`id_supply_order_state`,`id_lang`)
) ENGINE=InnoDB DEFAULT CHARSET=utf8;

--
-- Dumping data for table `ps_supply_order_state_lang`
--

INSERT INTO `ps_supply_order_state_lang` VALUES (1,1,'1 - Creation in progress'),(1,2,'1 - In Bearbeitung'),(1,3,'1 - Creación en proceso'),(1,4,'1 - En cours de création'),(1,5,'1 - Creazione in corso'),(2,1,'2 - Order validated'),(2,2,'2 - Bestellung geprüft'),(2,3,'2 - Pedido validado'),(2,4,'2 - Commande validée'),(2,5,'2 - Ordine convalidato'),(3,1,'3 - Pending receipt'),(3,2,'3 - Warten auf Rechnung'),(3,3,'3 - Pendiente de recepción'),(3,4,'3 - En attente de réception'),(3,5,'3 - In attesa di ricevimento'),(4,1,'4 - Order received in part'),(4,2,'4 - Teillieferung erhalten'),(4,3,'4 - Pedido recibido parcialmente'),(4,4,'4 - Commande reçue partiellement'),(4,5,'4 - Ordine ricevuto in parte'),(5,1,'5 - Order received completely'),(5,2,'5 - Lieferung erhalten'),(5,3,'5 - Pedido recibido al completo'),(5,4,'5 - Commande reçue intégralement'),(5,5,'5 - Ordine ricevuto completamente'),(6,1,'6 - Order canceled'),(6,2,'6 - Bestellung storniert'),(6,3,'6 - Pedido cancelado'),(6,4,'6 - Commande annulée'),(6,5,'6 - Ordine annullato');

--
-- Table structure for table `ps_tab`
--

CREATE TABLE `ps_tab` (
  `id_tab` int(11) NOT NULL AUTO_INCREMENT,
  `id_parent` int(11) NOT NULL,
  `position` int(11) NOT NULL,
  `module` varchar(64) COLLATE utf8_unicode_ci DEFAULT NULL,
  `class_name` varchar(64) COLLATE utf8_unicode_ci DEFAULT NULL,
  `active` tinyint(1) NOT NULL,
  `hide_host_mode` tinyint(1) NOT NULL,
  `icon` varchar(32) COLLATE utf8_unicode_ci DEFAULT NULL,
  PRIMARY KEY (`id_tab`)
) ENGINE=InnoDB AUTO_INCREMENT=125 DEFAULT CHARSET=utf8 COLLATE=utf8_unicode_ci;

--
-- Dumping data for table `ps_tab`
--

INSERT INTO `ps_tab` VALUES (1,0,0,NULL,'AdminDashboard',1,0,'trending_up'),(2,0,1,NULL,'SELL',1,0,''),(3,2,0,NULL,'AdminParentOrders',1,0,'shopping_basket'),(4,3,0,NULL,'AdminOrders',1,0,''),(5,3,1,NULL,'AdminInvoices',1,0,''),(6,3,2,NULL,'AdminSlip',1,0,''),(7,3,3,NULL,'AdminDeliverySlip',1,0,''),(8,3,4,NULL,'AdminCarts',1,0,''),(9,2,1,NULL,'AdminCatalog',1,0,'store'),(10,9,0,NULL,'AdminProducts',1,0,''),(11,9,1,NULL,'AdminCategories',1,0,''),(12,9,2,NULL,'AdminTracking',1,0,''),(13,9,3,NULL,'AdminParentAttributesGroups',1,0,''),(14,13,0,NULL,'AdminAttributesGroups',1,0,''),(15,13,1,NULL,'AdminFeatures',1,0,''),(16,9,4,NULL,'AdminParentManufacturers',1,0,''),(17,16,0,NULL,'AdminManufacturers',1,0,''),(18,16,1,NULL,'AdminSuppliers',1,0,''),(19,9,5,NULL,'AdminAttachments',1,0,''),(20,9,6,NULL,'AdminParentCartRules',1,0,''),(21,20,0,NULL,'AdminCartRules',1,0,''),(22,20,1,NULL,'AdminSpecificPriceRule',1,0,''),(23,2,2,NULL,'AdminParentCustomer',1,0,'account_circle'),(24,23,0,NULL,'AdminCustomers',1,0,''),(25,23,1,NULL,'AdminAddresses',1,0,''),(26,23,2,NULL,'AdminOutstanding',0,0,''),(27,2,3,NULL,'AdminParentCustomerThreads',1,0,'chat'),(28,27,0,NULL,'AdminCustomerThreads',1,0,''),(29,27,1,NULL,'AdminOrderMessage',1,0,''),(30,27,2,NULL,'AdminReturn',1,0,''),(31,2,4,NULL,'AdminStats',1,0,'assessment'),(32,2,5,NULL,'AdminStock',1,0,'store'),(33,32,0,NULL,'AdminWarehouses',1,0,''),(34,32,1,NULL,'AdminParentStockManagement',1,0,''),(35,34,0,NULL,'AdminStockManagement',1,0,''),(36,35,0,NULL,'AdminStockMvt',1,0,''),(37,35,1,NULL,'AdminStockInstantState',1,0,''),(38,35,2,NULL,'AdminStockCover',1,0,''),(39,32,2,NULL,'AdminSupplyOrders',1,0,''),(40,32,3,NULL,'AdminStockConfiguration',1,0,''),(41,0,2,NULL,'IMPROVE',1,0,''),(42,41,0,NULL,'AdminParentModulesSf',1,0,'extension'),(43,42,0,NULL,'AdminModulesSf',1,0,''),(44,42,1,NULL,'AdminModules',0,0,''),(45,42,2,NULL,'AdminAddonsCatalog',1,0,''),(46,41,1,NULL,'AdminParentThemes',1,0,'desktop_mac'),(47,46,0,NULL,'AdminThemes',1,0,''),(48,46,1,NULL,'AdminThemesCatalog',1,0,''),(49,46,2,NULL,'AdminCmsContent',1,0,''),(50,46,3,NULL,'AdminModulesPositions',1,0,''),(51,46,4,NULL,'AdminImages',1,0,''),(52,41,2,NULL,'AdminParentShipping',1,0,'local_shipping'),(53,52,0,NULL,'AdminCarriers',1,0,''),(54,52,1,NULL,'AdminShipping',1,0,''),(55,41,3,NULL,'AdminParentPayment',1,0,'payment'),(56,55,0,NULL,'AdminPayment',1,0,''),(57,55,1,NULL,'AdminPaymentPreferences',1,0,''),(58,41,4,NULL,'AdminInternational',1,0,'language'),(59,58,0,NULL,'AdminParentLocalization',1,0,''),(60,59,0,NULL,'AdminLocalization',1,0,''),(61,59,1,NULL,'AdminLanguages',1,0,''),(62,59,2,NULL,'AdminCurrencies',1,0,''),(63,59,3,NULL,'AdminGeolocation',1,0,''),(64,58,1,NULL,'AdminParentCountries',1,0,''),(65,64,0,NULL,'AdminCountries',1,0,''),(66,64,1,NULL,'AdminZones',1,0,''),(67,64,2,NULL,'AdminStates',1,0,''),(68,58,2,NULL,'AdminParentTaxes',1,0,''),(69,68,0,NULL,'AdminTaxes',1,0,''),(70,68,1,NULL,'AdminTaxRulesGroup',1,0,''),(71,58,3,NULL,'AdminTranslations',1,0,''),(72,0,3,NULL,'CONFIGURE',1,0,''),(73,72,0,NULL,'ShopParameters',1,0,'settings'),(74,73,0,NULL,'AdminParentPreferences',1,0,''),(75,74,0,NULL,'AdminPreferences',1,0,''),(76,74,1,NULL,'AdminMaintenance',1,0,''),(77,73,1,NULL,'AdminParentOrderPreferences',1,0,''),(78,77,0,NULL,'AdminOrderPreferences',1,0,''),(79,77,1,NULL,'AdminStatuses',1,0,''),(80,73,2,NULL,'AdminPPreferences',1,0,''),(81,73,3,NULL,'AdminParentCustomerPreferences',1,0,''),(82,81,0,NULL,'AdminCustomerPreferences',1,0,''),(83,81,1,NULL,'AdminGroups',1,0,''),(84,81,2,NULL,'AdminGenders',1,0,''),(85,73,4,NULL,'AdminParentStores',1,0,''),(86,85,0,NULL,'AdminContacts',1,0,''),(87,85,1,NULL,'AdminStores',1,0,''),(88,73,5,NULL,'AdminParentMeta',1,0,''),(89,88,0,NULL,'AdminMeta',1,0,''),(90,88,1,NULL,'AdminSearchEngines',1,0,''),(91,88,2,NULL,'AdminReferrers',1,0,''),(92,73,6,NULL,'AdminParentSearchConf',1,0,''),(93,92,0,NULL,'AdminSearchConf',1,0,''),(94,92,1,NULL,'AdminTags',1,0,''),(95,72,1,NULL,'AdminAdvancedParameters',1,0,'settings_applications'),(96,95,0,NULL,'AdminInformation',1,0,''),(97,95,1,NULL,'AdminPerformance',1,0,''),(98,95,2,NULL,'AdminAdminPreferences',1,0,''),(99,95,3,NULL,'AdminEmails',1,0,''),(100,95,4,NULL,'AdminImport',1,0,''),(101,95,5,NULL,'AdminParentEmployees',1,0,''),(102,101,0,NULL,'AdminEmployees',1,0,''),(103,101,1,NULL,'AdminProfiles',1,0,''),(104,101,2,NULL,'AdminAccess',1,0,''),(105,95,6,NULL,'AdminParentRequestSql',1,0,''),(106,105,0,NULL,'AdminRequestSql',1,0,''),(107,105,1,NULL,'AdminBackup',1,0,''),(108,95,7,NULL,'AdminLogs',1,0,''),(109,95,8,NULL,'AdminWebservice',1,0,''),(110,95,9,'','AdminShopGroup',0,0,''),(111,95,10,NULL,'AdminShopUrl',0,0,''),(112,-1,0,NULL,'AdminQuickAccesses',1,0,''),(113,0,4,NULL,'DEFAULT',1,0,''),(114,-1,1,NULL,'AdminPatterns',1,0,''),(115,-1,2,'dashgoals','AdminDashgoals',1,0,''),(116,46,5,'ps_linklist','AdminLinkWidget',1,0,''),(117,-1,3,'cronjobs','AdminCronJobs',1,0,''),(118,0,5,'fbtweinone','AdminStat',1,0,''),(119,118,1,'fbtweinone','AdminStatistics',1,0,''),(120,0,6,'fbtweinone','AdminFbtweinoneajax',0,0,''),(121,-1,4,'psgdpr','AdminAjaxPsgdpr',1,0,''),(122,-1,5,'psgdpr','AdminDownloadInvoicesPsgdpr',1,0,''),(123,0,7,'psgdpr','AdminDownloadInvoicesPsgdpr',0,0,''),(124,0,8,'psgdpr','AdminAjaxPsgdpr',0,0,'');

--
-- Table structure for table `ps_tab_lang`
--

CREATE TABLE `ps_tab_lang` (
  `id_tab` int(11) NOT NULL,
  `id_lang` int(11) NOT NULL,
  `name` varchar(128) COLLATE utf8_unicode_ci NOT NULL,
  PRIMARY KEY (`id_tab`,`id_lang`),
  KEY `IDX_CFD9262DED47AB56` (`id_tab`)
) ENGINE=InnoDB DEFAULT CHARSET=utf8 COLLATE=utf8_unicode_ci;

--
-- Dumping data for table `ps_tab_lang`
--

INSERT INTO `ps_tab_lang` VALUES (1,1,'Dashboard'),(1,2,'Übersicht'),(1,3,'Inicio'),(1,4,'Tableau de Bord'),(1,5,'Pannello di controllo'),(2,1,'Sell'),(2,2,'Verkauf'),(2,3,'Ventas'),(2,4,'Vendre'),(2,5,'Vendi'),(3,1,'Orders'),(3,2,'Bestellungen'),(3,3,'Pedidos'),(3,4,'Commandes'),(3,5,'Ordini'),(4,1,'Orders'),(4,2,'Bestellungen'),(4,3,'Pedidos'),(4,4,'Commandes'),(4,5,'Ordini'),(5,1,'Invoices'),(5,2,'Rechnungen'),(5,3,'Facturas'),(5,4,'Factures'),(5,5,'Fatture'),(6,1,'Credit Slips'),(6,2,'Gutschriften'),(6,3,'Facturas por abono'),(6,4,'Avoirs'),(6,5,'Note di credito'),(7,1,'Delivery Slips'),(7,2,'Lieferscheine'),(7,3,'Albaranes de entrega'),(7,4,'Bons de livraison'),(7,5,'Note di consegna'),(8,1,'Shopping Carts'),(8,2,'Warenkörbe'),(8,3,'Carritos de compra'),(8,4,'Paniers'),(8,5,'Carrello'),(9,1,'Catalog'),(9,2,'Katalog'),(9,3,'Catálogo'),(9,4,'Catalogue'),(9,5,'Catalogo'),(10,1,'Products'),(10,2,'Artikel'),(10,3,'Productos'),(10,4,'Produits'),(10,5,'Prodotti'),(11,1,'Categories'),(11,2,'Kategorien'),(11,3,'Categorías'),(11,4,'Catégories'),(11,5,'Categorie'),(12,1,'Monitoring'),(12,2,'Kontrollübersicht'),(12,3,'Monitorización'),(12,4,'Suivi'),(12,5,'Monitoraggio'),(13,1,'Attributes & Features'),(13,2,'Varianten & Eigenschaften'),(13,3,'Atributos y Características'),(13,4,'Attributs & caractéristiques'),(13,5,'Attributi e Caratteristiche'),(14,1,'Attributes'),(14,2,'Varianten'),(14,3,'Atributos y Valores'),(14,4,'Attributs'),(14,5,'Attributi'),(15,1,'Features'),(15,2,'Eigenschaften'),(15,3,'Características de productos'),(15,4,'Caractéristiques'),(15,5,'Caratteristiche'),(16,1,'Brands & Suppliers'),(16,2,'Marken & Lieferanten'),(16,3,'Marcas y Proveedores'),(16,4,'Marques et fournisseurs'),(16,5,'Marche & Fornitori'),(17,1,'Brands'),(17,2,'Hersteller'),(17,3,'Marcas'),(17,4,'Marques'),(17,5,'Marchi'),(18,1,'Suppliers'),(18,2,'Lieferanten'),(18,3,'Proveedores'),(18,4,'Fournisseurs'),(18,5,'Fornitori'),(19,1,'Files'),(19,2,'Anhänge'),(19,3,'Archivos'),(19,4,'Documents joints'),(19,5,'Allegati'),(20,1,'Discounts'),(20,2,'Rabatt'),(20,3,'Descuentos'),(20,4,'Promotions'),(20,5,'Buoni sconto'),(21,1,'Cart Rules'),(21,2,'Warenkorb Preisregeln'),(21,3,'Reglas del carrito'),(21,4,'Règles paniers'),(21,5,'Regole carrello'),(22,1,'Catalog Price Rules'),(22,2,'Katalog Preisregeln'),(22,3,'Reglas del catálogo'),(22,4,'Règles de prix catalogue'),(22,5,'Regole catalogo'),(23,1,'Customers'),(23,2,'Kunden'),(23,3,'Clientes'),(23,4,'Clients'),(23,5,'Clienti'),(24,1,'Customers'),(24,2,'Kunden'),(24,3,'Clientes'),(24,4,'Clients'),(24,5,'Clienti'),(25,1,'Addresses'),(25,2,'Adressen'),(25,3,'Direcciones'),(25,4,'Adresses'),(25,5,'Indirizzi'),(26,1,'Outstanding'),(26,2,'Offene Forderungen'),(26,3,'Saldo pendiente por cobrar'),(26,4,'Encours'),(26,5,'In sospeso'),(27,1,'Customer Service'),(27,2,'Kundenservice'),(27,3,'Servicio al cliente'),(27,4,'Service client'),(27,5,'Assistenza clienti'),(28,1,'Customer Service'),(28,2,'Kundenservice'),(28,3,'Servicio al cliente'),(28,4,'Service client'),(28,5,'Assistenza clienti'),(29,1,'Order Messages'),(29,2,'Bestellnachrichten'),(29,3,'Mensajes predefinidos'),(29,4,'Messages prédéfinis'),(29,5,'Messaggi predefiniti'),(30,1,'Merchandise Returns'),(30,2,'Warenrücksendungen'),(30,3,'Devoluciones de mercancía'),(30,4,'Retours produits'),(30,5,'Resi'),(31,1,'Stats'),(31,2,'Statistiken'),(31,3,'Estadísticas'),(31,4,'Statistiques'),(31,5,'Statistiche'),(33,1,'Warehouses'),(33,2,'Lagerort'),(33,3,'Almacenes'),(33,4,'Entrepôts'),(33,5,'Magazzini'),(34,1,'Stock Management'),(34,2,'Lagerverwaltung'),(34,3,'Gestión de stock'),(34,4,'Gestion du stock'),(34,5,'Gestione magazzino'),(35,1,'Stock Management'),(35,2,'Lagerverwaltung'),(35,3,'Gestión de stock'),(35,4,'Gestion du stock'),(35,5,'Gestione magazzino'),(36,1,'Stock Movement'),(36,2,'Lagerbewegung'),(36,3,'Movimiento de Stock'),(36,4,'Mouvements de stock'),(36,5,'Movimento magazzino'),(37,1,'Instant Stock Status'),(37,2,'Aktueller Lagerbestand'),(37,3,'Estado actual del stock'),(37,4,'Etat instantané du stock'),(37,5,'Stato dello Stock Istantaneo'),(38,1,'Stock Coverage'),(38,2,'Bestandsdeckung'),(38,3,'Cobertura de stock'),(38,4,'Couverture du stock'),(38,5,'Copertura magazzino'),(39,1,'Supply orders'),(39,2,'Lieferaufträge'),(39,3,'Pedido de Suministros'),(39,4,'Commandes fournisseurs'),(39,5,'Ordini fornitura'),(40,1,'Configuration'),(40,2,'Konfiguration'),(40,3,'Configuración'),(40,4,'Paramètres'),(40,5,'Configurazione'),(41,1,'Improve'),(41,2,'Optimierung'),(41,3,'Mejoras'),(41,4,'Personnaliser'),(41,5,'Migliora'),(42,1,'Modules'),(42,2,'Module'),(42,3,'Módulos'),(42,4,'Modules'),(42,5,'Moduli'),(43,1,'Modules & Services'),(43,2,'Module und Dienste'),(43,3,'Módulos y Servicios'),(43,4,'Modules et services'),(43,5,'Moduli & Servizi'),(45,1,'Modules Catalog'),(45,2,'Versanddienst'),(45,3,'Catálogo de Módulos'),(45,4,'Catalogue de modules'),(45,5,'Strumenti di Compra-Vendita'),(46,1,'Design'),(46,2,'Design'),(46,3,'Diseño'),(46,4,'Apparence'),(46,5,'Design'),(47,1,'Theme & Logo'),(47,2,'Template'),(47,3,'Tema y logotipo'),(47,4,'Thème et logo'),(47,5,'Tema & Logo'),(48,1,'Theme Catalog'),(48,2,'Templates'),(48,3,'Catálogo de Temas'),(48,4,'Catalogue de thèmes'),(48,5,'Catalogo dei Temi'),(49,1,'Pages'),(49,2,'Seiten'),(49,3,'Páginas'),(49,4,'Pages'),(49,5,'Pagine'),(50,1,'Positions'),(50,2,'Positionen'),(50,3,'Posiciones de los módulos'),(50,4,'Positions'),(50,5,'Posizioni'),(51,1,'Image Settings'),(51,2,'Bilder'),(51,3,'Ajustes de imágenes'),(51,4,'Images'),(51,5,'Impostazioni immagine'),(52,1,'Shipping'),(52,2,'Versand'),(52,3,'Transporte'),(52,4,'Transport'),(52,5,'Spedizione'),(53,1,'Carriers'),(53,2,'Versanddienste'),(53,3,'Transportistas'),(53,4,'Transporteurs'),(53,5,'Corrieri'),(54,1,'Preferences'),(54,2,'Voreinstellungen'),(54,3,'Preferencias'),(54,4,'Préférences'),(54,5,'Preferenze'),(55,1,'Payment'),(55,2,'Zahlung'),(55,3,'Pago'),(55,4,'Paiement'),(55,5,'Pagamento'),(56,1,'Payment Methods'),(56,2,'Zahlungsarten'),(56,3,'Métodos de pago'),(56,4,'Modes de paiement'),(56,5,'Metodi di Pagamento'),(57,1,'Preferences'),(57,2,'Voreinstellungen'),(57,3,'Preferencias'),(57,4,'Préférences'),(57,5,'Preferenze'),(58,1,'International'),(58,2,'international'),(58,3,'Internacional'),(58,4,'International'),(58,5,'Internazionale'),(59,1,'Localization'),(59,2,'Lokalisierung'),(59,3,'Localización'),(59,4,'Localisation'),(59,5,'Localizzazione'),(60,1,'Localization'),(60,2,'Lokalisierung'),(60,3,'Localización'),(60,4,'Localisation'),(60,5,'Localizzazione'),(61,1,'Languages'),(61,2,'Sprachen'),(61,3,'Idiomas'),(61,4,'Langues'),(61,5,'Lingue'),(62,1,'Currencies'),(62,2,'Währungen'),(62,3,'Monedas'),(62,4,'Devises'),(62,5,'Valute'),(63,1,'Geolocation'),(63,2,'Geotargeting'),(63,3,'Geolocalización'),(63,4,'Géolocalisation'),(63,5,'Geolocalizzazione'),(64,1,'Locations'),(64,2,'Länder & Gebiete'),(64,3,'Ubicaciones Geográficas'),(64,4,'Zones géographiques'),(64,5,'Località'),(65,1,'Countries'),(65,2,'Länder'),(65,3,'Países'),(65,4,'Pays'),(65,5,'Nazioni'),(66,1,'Zones'),(66,2,'Gebiete'),(66,3,'Zonas'),(66,4,'Zones'),(66,5,'Zone'),(67,1,'States'),(67,2,'Bundesländer'),(67,3,'Estados'),(67,4,'États'),(67,5,'Stati'),(68,1,'Taxes'),(68,2,'Steuersätze'),(68,3,'Impuestos'),(68,4,'Taxes'),(68,5,'Tasse'),(69,1,'Taxes'),(69,2,'Steuersätze'),(69,3,'Impuestos'),(69,4,'Taxes'),(69,5,'Tasse'),(70,1,'Tax Rules'),(70,2,'Steuerregeln'),(70,3,'Reglas de Impuestos'),(70,4,'Règles de taxes'),(70,5,'Regole tasse'),(71,1,'Translations'),(71,2,'Übersetzungen'),(71,3,'Traducciones'),(71,4,'Traductions'),(71,5,'Traduzioni'),(72,1,'Configure'),(72,2,'Einstellungen'),(72,3,'Configuración'),(72,4,'Configurer'),(72,5,'Configura'),(73,1,'Shop Parameters'),(73,2,'Shop-Einstellungen'),(73,3,'Parámetros de la tienda'),(73,4,'Paramètres de la boutique'),(73,5,'Parametri Negozio'),(74,1,'General'),(74,2,'Allgemein'),(74,3,'Configuración'),(74,4,'Général'),(74,5,'Generale'),(75,1,'General'),(75,2,'Allgemein'),(75,3,'Configuración'),(75,4,'Général'),(75,5,'Generale'),(76,1,'Maintenance'),(76,2,'Wartung'),(76,3,'Mantenimiento'),(76,4,'Maintenance'),(76,5,'Manutenzione'),(77,1,'Order Settings'),(77,2,'Bestellungen'),(77,3,'Configuración de Pedidos'),(77,4,'Commandes'),(77,5,'Impostazioni Ordine'),(78,1,'Order Settings'),(78,2,'Bestellungen'),(78,3,'Configuración de Pedidos'),(78,4,'Commandes'),(78,5,'Impostazioni Ordine'),(79,1,'Statuses'),(79,2,'Status'),(79,3,'Estados'),(79,4,'États'),(79,5,'Stati'),(80,1,'Product Settings'),(80,2,'Artikel'),(80,3,'Configuración de Productos'),(80,4,'Produits'),(80,5,'Prodotti'),(81,1,'Customer Settings'),(81,2,'Benutzerdefinierte Einstellungen'),(81,3,'Ajustes sobre clientes'),(81,4,'Clients'),(81,5,'Impostazioni clienti'),(82,1,'Customers'),(82,2,'Kunden'),(82,3,'Clientes'),(82,4,'Clients'),(82,5,'Clienti'),(83,1,'Groups'),(83,2,'Gruppen'),(83,3,'Grupos'),(83,4,'Groupes'),(83,5,'Gruppi'),(84,1,'Titles'),(84,2,'Anreden'),(84,3,'Tratamientos'),(84,4,'Titres de civilité'),(84,5,'Titoli'),(85,1,'Contact'),(85,2,'Kontakt'),(85,3,'Contacto'),(85,4,'Contact'),(85,5,'Contatti'),(86,1,'Contacts'),(86,2,'Kontakte'),(86,3,'Datos'),(86,4,'Contacts'),(86,5,'Contatti'),(87,1,'Stores'),(87,2,'Shopadressen'),(87,3,'Contactos de la tienda'),(87,4,'Coordonnées & magasins'),(87,5,'Contatti del negozio'),(88,1,'Traffic & SEO'),(88,2,'Traffic & SEO'),(88,3,'Tráfico & SEO'),(88,4,'Trafic et SEO'),(88,5,'Traffico & SEO'),(89,1,'SEO & URLs'),(89,2,'SEO & URLs'),(89,3,'SEO y URLs'),(89,4,'SEO & URL'),(89,5,'SEO & URLs'),(90,1,'Search Engines'),(90,2,'Suchmaschinen'),(90,3,'Motores de búsqueda'),(90,4,'Moteurs de recherche'),(90,5,'Motori di ricerca'),(91,1,'Referrers'),(91,2,'Referrer'),(91,3,'Afiliados'),(91,4,'Affiliation'),(91,5,'Affiliati'),(92,1,'Search'),(92,2,'Suche'),(92,3,'Búsqueda'),(92,4,'Recherche'),(92,5,'Cerca'),(93,1,'Search'),(93,2,'Suche'),(93,3,'Búsqueda'),(93,4,'Recherche'),(93,5,'Cerca'),(94,1,'Tags'),(94,2,'Stichworte'),(94,3,'Etiquetas'),(94,4,'Mots-clés'),(94,5,'Tag'),(95,1,'Advanced Parameters'),(95,2,'Erweiterte Einstellungen'),(95,3,'Parámetros Avanzados'),(95,4,'Paramètres avancés'),(95,5,'Parametri avanzati'),(96,1,'Information'),(96,2,'Informationen'),(96,3,'Información'),(96,4,'Informations'),(96,5,'Informazione'),(97,1,'Performance'),(97,2,'Leistung'),(97,3,'Rendimiento'),(97,4,'Performances'),(97,5,'Prestazioni'),(98,1,'Administration'),(98,2,'Verwaltung'),(98,3,'Administración'),(98,4,'Administration'),(98,5,'Amministrazione'),(99,1,'E-mail'),(99,2,'E-Mail'),(99,3,'Correo Electrónico'),(99,4,'Emails'),(99,5,'Email'),(100,1,'Import'),(100,2,'Importieren'),(100,3,'Importación'),(100,4,'Importer'),(100,5,'Importazione CSV'),(101,1,'Team'),(101,2,'Benutzerrechte'),(101,3,'Equipo'),(101,4,'Équipe'),(101,5,'Dipendenti'),(102,1,'Employees'),(102,2,'Mitarbeiter'),(102,3,'Equipo'),(102,4,'Employés'),(102,5,'Dipendenti'),(103,1,'Profiles'),(103,2,'Profile'),(103,3,'Perfiles'),(103,4,'Profils'),(103,5,'Profili'),(104,1,'Permissions'),(104,2,'Berechtigungen'),(104,3,'Permisos'),(104,4,'Autorisations'),(104,5,'Permessi'),(105,1,'Database'),(105,2,'Datenbank'),(105,3,'Base de datos'),(105,4,'Base de données'),(105,5,'Database'),(106,1,'SQL Manager'),(106,2,'SQL-Abfragen'),(106,3,'Gestor SQL'),(106,4,'Gestionnaire SQL'),(106,5,'Manager SQL'),(107,1,'DB Backup'),(107,2,'DB-Sicherung'),(107,3,'Copia BD'),(107,4,'Sauvegarde BDD'),(107,5,'Backup database'),(108,1,'Logs'),(108,2,'Log-Dateien'),(108,3,'Registros/Logs'),(108,4,'Log'),(108,5,'Log'),(109,1,'Webservice'),(109,2,'Webdienste'),(109,3,'Webservice'),(109,4,'Service web'),(109,5,'Webservice'),(110,1,'Multistore'),(110,2,'Multishop'),(110,3,'Multitienda'),(110,4,'Multiboutique'),(110,5,'Multi-negozio'),(111,1,'Multistore'),(111,2,'Multishop'),(111,3,'Multitienda'),(111,4,'Multiboutique'),(111,5,'Multi-negozio'),(112,1,'Quick Access'),(112,2,'Schnellzugriff'),(112,3,'Acceso rápido'),(112,4,'Accès rapide'),(112,5,'Accesso veloce'),(113,1,'More'),(113,2,'Mehr'),(113,3,'Más'),(113,4,'Autres'),(113,5,'Di Più'),(115,1,'Dashgoals'),(115,2,'Dashgoals'),(115,3,'Dashgoals'),(115,4,'Dashgoals'),(115,5,'Dashgoals'),(116,1,'Link Widget'),(116,2,'Link Widget'),(116,3,'Link Widget'),(116,4,'Link Widget'),(116,5,'Link Widget'),(117,1,'Cron Jobs'),(117,2,'Cron Jobs'),(117,3,'Cron Jobs'),(117,4,'Cron Jobs'),(117,5,'Cron Jobs'),(118,1,'Statistics'),(118,2,'Statistics'),(118,3,'Statistics'),(118,4,'Statistics'),(118,5,'Statistics'),(119,1,'Customer Statistics'),(119,2,'Customer Statistics'),(119,3,'Customer Statistics'),(119,4,'Customer Statistics'),(119,5,'Customer Statistics'),(120,1,'fbtweinoneajax'),(120,2,'fbtweinoneajax'),(120,3,'fbtweinoneajax'),(120,4,'fbtweinoneajax'),(120,5,'fbtweinoneajax'),(121,1,'psgdpr'),(121,2,'psgdpr'),(121,3,'psgdpr'),(121,4,'psgdpr'),(121,5,'psgdpr'),(122,1,'psgdpr'),(122,2,'psgdpr'),(122,3,'psgdpr'),(122,4,'psgdpr'),(122,5,'psgdpr'),(123,1,'AdminDownloadInvoicesPsgdpr'),(123,2,'AdminDownloadInvoicesPsgdpr'),(123,3,'AdminDownloadInvoicesPsgdpr'),(123,4,'AdminDownloadInvoicesPsgdpr'),(123,5,'AdminDownloadInvoicesPsgdpr'),(124,1,'AdminAjaxPsgdpr'),(124,2,'AdminAjaxPsgdpr'),(124,3,'AdminAjaxPsgdpr'),(124,4,'AdminAjaxPsgdpr'),(124,5,'AdminAjaxPsgdpr');

--
-- Table structure for table `ps_tab_module_preference`
--

CREATE TABLE `ps_tab_module_preference` (
  `id_tab_module_preference` int(11) NOT NULL AUTO_INCREMENT,
  `id_employee` int(11) NOT NULL,
  `id_tab` int(11) NOT NULL,
  `module` varchar(255) NOT NULL,
  PRIMARY KEY (`id_tab_module_preference`),
  UNIQUE KEY `employee_module` (`id_employee`,`id_tab`,`module`)
) ENGINE=InnoDB DEFAULT CHARSET=utf8;

--
-- Dumping data for table `ps_tab_module_preference`
--


--
-- Table structure for table `ps_tag`
--

CREATE TABLE `ps_tag` (
  `id_tag` int(10) unsigned NOT NULL AUTO_INCREMENT,
  `id_lang` int(10) unsigned NOT NULL,
  `name` varchar(32) NOT NULL,
  PRIMARY KEY (`id_tag`),
  KEY `tag_name` (`name`),
  KEY `id_lang` (`id_lang`)
) ENGINE=InnoDB DEFAULT CHARSET=utf8;

--
-- Dumping data for table `ps_tag`
--


--
-- Table structure for table `ps_tag_count`
--

CREATE TABLE `ps_tag_count` (
  `id_group` int(10) unsigned NOT NULL DEFAULT '0',
  `id_tag` int(10) unsigned NOT NULL DEFAULT '0',
  `id_lang` int(10) unsigned NOT NULL DEFAULT '0',
  `id_shop` int(11) unsigned NOT NULL DEFAULT '0',
  `counter` int(10) unsigned NOT NULL DEFAULT '0',
  PRIMARY KEY (`id_group`,`id_tag`),
  KEY `id_group` (`id_group`,`id_lang`,`id_shop`,`counter`)
) ENGINE=InnoDB DEFAULT CHARSET=utf8;

--
-- Dumping data for table `ps_tag_count`
--


--
-- Table structure for table `ps_tax`
--

CREATE TABLE `ps_tax` (
  `id_tax` int(10) unsigned NOT NULL AUTO_INCREMENT,
  `rate` decimal(10,3) NOT NULL,
  `active` tinyint(1) unsigned NOT NULL DEFAULT '1',
  `deleted` tinyint(1) unsigned NOT NULL DEFAULT '0',
  PRIMARY KEY (`id_tax`)
) ENGINE=InnoDB AUTO_INCREMENT=53 DEFAULT CHARSET=utf8;

--
-- Dumping data for table `ps_tax`
--

INSERT INTO `ps_tax` VALUES (1,4.000,1,0),(2,0.000,1,0),(3,6.600,1,0),(4,6.000,1,0),(5,8.250,1,0),(6,2.900,1,0),(7,0.000,1,0),(8,0.000,1,0),(9,6.000,1,0),(10,4.000,1,0),(11,4.000,1,0),(12,6.000,1,0),(13,6.250,1,0),(14,7.000,1,0),(15,6.000,1,0),(16,5.300,1,0),(17,6.000,1,0),(18,4.000,1,0),(19,5.000,1,0),(20,6.000,1,0),(21,6.250,1,0),(22,6.000,1,0),(23,6.875,1,0),(24,7.000,1,0),(25,4.225,1,0),(26,0.000,1,0),(27,5.500,1,0),(28,6.850,1,0),(29,0.000,1,0),(30,7.000,1,0),(31,5.125,1,0),(32,4.000,1,0),(33,5.500,1,0),(34,5.000,1,0),(35,5.500,1,0),(36,4.500,1,0),(37,0.000,1,0),(38,6.000,1,0),(39,7.000,1,0),(40,6.000,1,0),(41,4.000,1,0),(42,7.000,1,0),(43,6.250,1,0),(44,4.750,1,0),(45,6.000,1,0),(46,4.000,1,0),(47,6.500,1,0),(48,6.000,1,0),(49,5.000,1,0),(50,4.000,1,0),(51,5.500,1,0),(52,6.000,1,0);

--
-- Table structure for table `ps_tax_lang`
--

CREATE TABLE `ps_tax_lang` (
  `id_tax` int(10) unsigned NOT NULL,
  `id_lang` int(10) unsigned NOT NULL,
  `name` varchar(32) NOT NULL,
  PRIMARY KEY (`id_tax`,`id_lang`)
) ENGINE=InnoDB DEFAULT CHARSET=utf8;

--
-- Dumping data for table `ps_tax_lang`
--

INSERT INTO `ps_tax_lang` VALUES (1,1,'Sales-taxes US-AL 4%'),(1,2,'Sales-taxes US-AL 4%'),(1,3,'Sales-taxes US-AL 4%'),(1,4,'Sales-taxes US-AL 4%'),(1,5,'Sales-taxes US-AL 4%'),(2,1,'Sales-taxes US-AK 0%'),(2,2,'Sales-taxes US-AK 0%'),(2,3,'Sales-taxes US-AK 0%'),(2,4,'Sales-taxes US-AK 0%'),(2,5,'Sales-taxes US-AK 0%'),(3,1,'Sales-taxes US-AZ 6.6%'),(3,2,'Sales-taxes US-AZ 6.6%'),(3,3,'Sales-taxes US-AZ 6.6%'),(3,4,'Sales-taxes US-AZ 6.6%'),(3,5,'Sales-taxes US-AZ 6.6%'),(4,1,'Sales-taxes US-AR 6%'),(4,2,'Sales-taxes US-AR 6%'),(4,3,'Sales-taxes US-AR 6%'),(4,4,'Sales-taxes US-AR 6%'),(4,5,'Sales-taxes US-AR 6%'),(5,1,'Sales-taxes US-CA 8.25%'),(5,2,'Sales-taxes US-CA 8.25%'),(5,3,'Sales-taxes US-CA 8.25%'),(5,4,'Sales-taxes US-CA 8.25%'),(5,5,'Sales-taxes US-CA 8.25%'),(6,1,'Sales-taxes US-CO 2.9%'),(6,2,'Sales-taxes US-CO 2.9%'),(6,3,'Sales-taxes US-CO 2.9%'),(6,4,'Sales-taxes US-CO 2.9%'),(6,5,'Sales-taxes US-CO 2.9%'),(7,1,'Sales-taxes US-CT 0%'),(7,2,'Sales-taxes US-CT 0%'),(7,3,'Sales-taxes US-CT 0%'),(7,4,'Sales-taxes US-CT 0%'),(7,5,'Sales-taxes US-CT 0%'),(8,1,'Sales-taxes US-DE 0%'),(8,2,'Sales-taxes US-DE 0%'),(8,3,'Sales-taxes US-DE 0%'),(8,4,'Sales-taxes US-DE 0%'),(8,5,'Sales-taxes US-DE 0%'),(9,1,'Sales-taxes US-FL 6%'),(9,2,'Sales-taxes US-FL 6%'),(9,3,'Sales-taxes US-FL 6%'),(9,4,'Sales-taxes US-FL 6%'),(9,5,'Sales-taxes US-FL 6%'),(10,1,'Sales-taxes US-GA 4%'),(10,2,'Sales-taxes US-GA 4%'),(10,3,'Sales-taxes US-GA 4%'),(10,4,'Sales-taxes US-GA 4%'),(10,5,'Sales-taxes US-GA 4%'),(11,1,'Sales-taxes US-HI 4%'),(11,2,'Sales-taxes US-HI 4%'),(11,3,'Sales-taxes US-HI 4%'),(11,4,'Sales-taxes US-HI 4%'),(11,5,'Sales-taxes US-HI 4%'),(12,1,'Sales-taxes US-ID 6%'),(12,2,'Sales-taxes US-ID 6%'),(12,3,'Sales-taxes US-ID 6%'),(12,4,'Sales-taxes US-ID 6%'),(12,5,'Sales-taxes US-ID 6%'),(13,1,'Sales-taxes US-IL 6.25%'),(13,2,'Sales-taxes US-IL 6.25%'),(13,3,'Sales-taxes US-IL 6.25%'),(13,4,'Sales-taxes US-IL 6.25%'),(13,5,'Sales-taxes US-IL 6.25%'),(14,1,'Sales-taxes US-IN 7%'),(14,2,'Sales-taxes US-IN 7%'),(14,3,'Sales-taxes US-IN 7%'),(14,4,'Sales-taxes US-IN 7%'),(14,5,'Sales-taxes US-IN 7%'),(15,1,'Sales-taxes US-IA 6%'),(15,2,'Sales-taxes US-IA 6%'),(15,3,'Sales-taxes US-IA 6%'),(15,4,'Sales-taxes US-IA 6%'),(15,5,'Sales-taxes US-IA 6%'),(16,1,'Sales-taxes US-KS 5.3%'),(16,2,'Sales-taxes US-KS 5.3%'),(16,3,'Sales-taxes US-KS 5.3%'),(16,4,'Sales-taxes US-KS 5.3%'),(16,5,'Sales-taxes US-KS 5.3%'),(17,1,'Sales-taxes US-KY 6%'),(17,2,'Sales-taxes US-KY 6%'),(17,3,'Sales-taxes US-KY 6%'),(17,4,'Sales-taxes US-KY 6%'),(17,5,'Sales-taxes US-KY 6%'),(18,1,'Sales-taxes US-LA 4%'),(18,2,'Sales-taxes US-LA 4%'),(18,3,'Sales-taxes US-LA 4%'),(18,4,'Sales-taxes US-LA 4%'),(18,5,'Sales-taxes US-LA 4%'),(19,1,'Sales-taxes US-ME 5%'),(19,2,'Sales-taxes US-ME 5%'),(19,3,'Sales-taxes US-ME 5%'),(19,4,'Sales-taxes US-ME 5%'),(19,5,'Sales-taxes US-ME 5%'),(20,1,'Sales-taxes US-MD 6%'),(20,2,'Sales-taxes US-MD 6%'),(20,3,'Sales-taxes US-MD 6%'),(20,4,'Sales-taxes US-MD 6%'),(20,5,'Sales-taxes US-MD 6%'),(21,1,'Sales-taxes US-MA 6.25%'),(21,2,'Sales-taxes US-MA 6.25%'),(21,3,'Sales-taxes US-MA 6.25%'),(21,4,'Sales-taxes US-MA 6.25%'),(21,5,'Sales-taxes US-MA 6.25%'),(22,1,'Sales-taxes US-MI 6%'),(22,2,'Sales-taxes US-MI 6%'),(22,3,'Sales-taxes US-MI 6%'),(22,4,'Sales-taxes US-MI 6%'),(22,5,'Sales-taxes US-MI 6%'),(23,1,'Sales-taxes US-MN 6.875%'),(23,2,'Sales-taxes US-MN 6.875%'),(23,3,'Sales-taxes US-MN 6.875%'),(23,4,'Sales-taxes US-MN 6.875%'),(23,5,'Sales-taxes US-MN 6.875%'),(24,1,'Sales-taxes US-MS 7%'),(24,2,'Sales-taxes US-MS 7%'),(24,3,'Sales-taxes US-MS 7%'),(24,4,'Sales-taxes US-MS 7%'),(24,5,'Sales-taxes US-MS 7%'),(25,1,'Sales-taxes US-MO 4.225%'),(25,2,'Sales-taxes US-MO 4.225%'),(25,3,'Sales-taxes US-MO 4.225%'),(25,4,'Sales-taxes US-MO 4.225%'),(25,5,'Sales-taxes US-MO 4.225%'),(26,1,'Sales-taxes US-MT 0.0%'),(26,2,'Sales-taxes US-MT 0.0%'),(26,3,'Sales-taxes US-MT 0.0%'),(26,4,'Sales-taxes US-MT 0.0%'),(26,5,'Sales-taxes US-MT 0.0%'),(27,1,'Sales-taxes US-NE 5.5%'),(27,2,'Sales-taxes US-NE 5.5%'),(27,3,'Sales-taxes US-NE 5.5%'),(27,4,'Sales-taxes US-NE 5.5%'),(27,5,'Sales-taxes US-NE 5.5%'),(28,1,'Sales-taxes US-NV 6.85%'),(28,2,'Sales-taxes US-NV 6.85%'),(28,3,'Sales-taxes US-NV 6.85%'),(28,4,'Sales-taxes US-NV 6.85%'),(28,5,'Sales-taxes US-NV 6.85%'),(29,1,'Sales-taxes US-NH 0%'),(29,2,'Sales-taxes US-NH 0%'),(29,3,'Sales-taxes US-NH 0%'),(29,4,'Sales-taxes US-NH 0%'),(29,5,'Sales-taxes US-NH 0%'),(30,1,'Sales-taxes US-NJ 7%'),(30,2,'Sales-taxes US-NJ 7%'),(30,3,'Sales-taxes US-NJ 7%'),(30,4,'Sales-taxes US-NJ 7%'),(30,5,'Sales-taxes US-NJ 7%'),(31,1,'Sales-taxes US-NM 5.125%'),(31,2,'Sales-taxes US-NM 5.125%'),(31,3,'Sales-taxes US-NM 5.125%'),(31,4,'Sales-taxes US-NM 5.125%'),(31,5,'Sales-taxes US-NM 5.125%'),(32,1,'Sales-taxes US-NY 4%'),(32,2,'Sales-taxes US-NY 4%'),(32,3,'Sales-taxes US-NY 4%'),(32,4,'Sales-taxes US-NY 4%'),(32,5,'Sales-taxes US-NY 4%'),(33,1,'Sales-taxes US-NC 5.5%'),(33,2,'Sales-taxes US-NC 5.5%'),(33,3,'Sales-taxes US-NC 5.5%'),(33,4,'Sales-taxes US-NC 5.5%'),(33,5,'Sales-taxes US-NC 5.5%'),(34,1,'Sales-taxes US-ND 5%'),(34,2,'Sales-taxes US-ND 5%'),(34,3,'Sales-taxes US-ND 5%'),(34,4,'Sales-taxes US-ND 5%'),(34,5,'Sales-taxes US-ND 5%'),(35,1,'Sales-taxes US-OH 5.5%'),(35,2,'Sales-taxes US-OH 5.5%'),(35,3,'Sales-taxes US-OH 5.5%'),(35,4,'Sales-taxes US-OH 5.5%'),(35,5,'Sales-taxes US-OH 5.5%'),(36,1,'Sales-taxes US-OK 4.5%'),(36,2,'Sales-taxes US-OK 4.5%'),(36,3,'Sales-taxes US-OK 4.5%'),(36,4,'Sales-taxes US-OK 4.5%'),(36,5,'Sales-taxes US-OK 4.5%'),(37,1,'Sales-taxes US-OR 0%'),(37,2,'Sales-taxes US-OR 0%'),(37,3,'Sales-taxes US-OR 0%'),(37,4,'Sales-taxes US-OR 0%'),(37,5,'Sales-taxes US-OR 0%'),(38,1,'Sales-taxes US-PA 6%'),(38,2,'Sales-taxes US-PA 6%'),(38,3,'Sales-taxes US-PA 6%'),(38,4,'Sales-taxes US-PA 6%'),(38,5,'Sales-taxes US-PA 6%'),(39,1,'Sales-taxes US-RI 7%'),(39,2,'Sales-taxes US-RI 7%'),(39,3,'Sales-taxes US-RI 7%'),(39,4,'Sales-taxes US-RI 7%'),(39,5,'Sales-taxes US-RI 7%'),(40,1,'Sales-taxes US-SC 6%'),(40,2,'Sales-taxes US-SC 6%'),(40,3,'Sales-taxes US-SC 6%'),(40,4,'Sales-taxes US-SC 6%'),(40,5,'Sales-taxes US-SC 6%'),(41,1,'Sales-taxes US-SD 4%'),(41,2,'Sales-taxes US-SD 4%'),(41,3,'Sales-taxes US-SD 4%'),(41,4,'Sales-taxes US-SD 4%'),(41,5,'Sales-taxes US-SD 4%'),(42,1,'Sales-taxes US-TN 7%'),(42,2,'Sales-taxes US-TN 7%'),(42,3,'Sales-taxes US-TN 7%'),(42,4,'Sales-taxes US-TN 7%'),(42,5,'Sales-taxes US-TN 7%'),(43,1,'Sales-taxes US-TX 6.25%'),(43,2,'Sales-taxes US-TX 6.25%'),(43,3,'Sales-taxes US-TX 6.25%'),(43,4,'Sales-taxes US-TX 6.25%'),(43,5,'Sales-taxes US-TX 6.25%'),(44,1,'Sales-taxes US-UT 4.75%'),(44,2,'Sales-taxes US-UT 4.75%'),(44,3,'Sales-taxes US-UT 4.75%'),(44,4,'Sales-taxes US-UT 4.75%'),(44,5,'Sales-taxes US-UT 4.75%'),(45,1,'Sales-taxes US-VT 6%'),(45,2,'Sales-taxes US-VT 6%'),(45,3,'Sales-taxes US-VT 6%'),(45,4,'Sales-taxes US-VT 6%'),(45,5,'Sales-taxes US-VT 6%'),(46,1,'Sales-taxes US-VA 4%'),(46,2,'Sales-taxes US-VA 4%'),(46,3,'Sales-taxes US-VA 4%'),(46,4,'Sales-taxes US-VA 4%'),(46,5,'Sales-taxes US-VA 4%'),(47,1,'Sales-taxes US-WA 6.5%'),(47,2,'Sales-taxes US-WA 6.5%'),(47,3,'Sales-taxes US-WA 6.5%'),(47,4,'Sales-taxes US-WA 6.5%'),(47,5,'Sales-taxes US-WA 6.5%'),(48,1,'Sales-taxes US-WV 6%'),(48,2,'Sales-taxes US-WV 6%'),(48,3,'Sales-taxes US-WV 6%'),(48,4,'Sales-taxes US-WV 6%'),(48,5,'Sales-taxes US-WV 6%'),(49,1,'Sales-taxes US-WI 5%'),(49,2,'Sales-taxes US-WI 5%'),(49,3,'Sales-taxes US-WI 5%'),(49,4,'Sales-taxes US-WI 5%'),(49,5,'Sales-taxes US-WI 5%'),(50,1,'Sales-taxes US-WY 4%'),(50,2,'Sales-taxes US-WY 4%'),(50,3,'Sales-taxes US-WY 4%'),(50,4,'Sales-taxes US-WY 4%'),(50,5,'Sales-taxes US-WY 4%'),(51,1,'Sales-taxes US-PR 5.5%'),(51,2,'Sales-taxes US-PR 5.5%'),(51,3,'Sales-taxes US-PR 5.5%'),(51,4,'Sales-taxes US-PR 5.5%'),(51,5,'Sales-taxes US-PR 5.5%'),(52,1,'Sales-taxes US-DC 6%'),(52,2,'Sales-taxes US-DC 6%'),(52,3,'Sales-taxes US-DC 6%'),(52,4,'Sales-taxes US-DC 6%'),(52,5,'Sales-taxes US-DC 6%');

--
-- Table structure for table `ps_tax_rule`
--

CREATE TABLE `ps_tax_rule` (
  `id_tax_rule` int(11) NOT NULL AUTO_INCREMENT,
  `id_tax_rules_group` int(11) NOT NULL,
  `id_country` int(11) NOT NULL,
  `id_state` int(11) NOT NULL,
  `zipcode_from` varchar(12) NOT NULL,
  `zipcode_to` varchar(12) NOT NULL,
  `id_tax` int(11) NOT NULL,
  `behavior` int(11) NOT NULL,
  `description` varchar(100) NOT NULL,
  PRIMARY KEY (`id_tax_rule`),
  KEY `id_tax_rules_group` (`id_tax_rules_group`),
  KEY `id_tax` (`id_tax`),
  KEY `category_getproducts` (`id_tax_rules_group`,`id_country`,`id_state`,`zipcode_from`)
) ENGINE=InnoDB AUTO_INCREMENT=53 DEFAULT CHARSET=utf8;

--
-- Dumping data for table `ps_tax_rule`
--

INSERT INTO `ps_tax_rule` VALUES (1,1,21,4,'0','0',1,1,''),(2,2,21,5,'0','0',2,1,''),(3,3,21,6,'0','0',3,1,''),(4,4,21,7,'0','0',4,1,''),(5,5,21,8,'0','0',5,1,''),(6,6,21,9,'0','0',6,1,''),(7,7,21,10,'0','0',7,1,''),(8,8,21,11,'0','0',8,1,''),(9,9,21,12,'0','0',9,1,''),(10,10,21,13,'0','0',10,1,''),(11,11,21,14,'0','0',11,1,''),(12,12,21,15,'0','0',12,1,''),(13,13,21,16,'0','0',13,1,''),(14,14,21,17,'0','0',14,1,''),(15,15,21,18,'0','0',15,1,''),(16,16,21,19,'0','0',16,1,''),(17,17,21,20,'0','0',17,1,''),(18,18,21,21,'0','0',18,1,''),(19,19,21,22,'0','0',19,1,''),(20,20,21,23,'0','0',20,1,''),(21,21,21,24,'0','0',21,1,''),(22,22,21,25,'0','0',22,1,''),(23,23,21,26,'0','0',23,1,''),(24,24,21,27,'0','0',24,1,''),(25,25,21,28,'0','0',25,1,''),(26,26,21,29,'0','0',26,1,''),(27,27,21,30,'0','0',27,1,''),(28,28,21,31,'0','0',28,1,''),(29,29,21,32,'0','0',29,1,''),(30,30,21,33,'0','0',30,1,''),(31,31,21,34,'0','0',31,1,''),(32,32,21,35,'0','0',32,1,''),(33,33,21,36,'0','0',33,1,''),(34,34,21,37,'0','0',34,1,''),(35,35,21,38,'0','0',35,1,''),(36,36,21,39,'0','0',36,1,''),(37,37,21,40,'0','0',37,1,''),(38,38,21,41,'0','0',38,1,''),(39,39,21,42,'0','0',39,1,''),(40,40,21,43,'0','0',40,1,''),(41,41,21,44,'0','0',41,1,''),(42,42,21,45,'0','0',42,1,''),(43,43,21,46,'0','0',43,1,''),(44,44,21,47,'0','0',44,1,''),(45,45,21,48,'0','0',45,1,''),(46,46,21,49,'0','0',46,1,''),(47,47,21,50,'0','0',47,1,''),(48,48,21,51,'0','0',48,1,''),(49,49,21,52,'0','0',49,1,''),(50,50,21,53,'0','0',50,1,''),(51,51,21,54,'0','0',51,1,''),(52,52,21,56,'0','0',52,1,'');

--
-- Table structure for table `ps_tax_rules_group`
--

CREATE TABLE `ps_tax_rules_group` (
  `id_tax_rules_group` int(11) NOT NULL AUTO_INCREMENT,
  `name` varchar(50) NOT NULL,
  `active` int(11) NOT NULL,
  `deleted` tinyint(1) unsigned NOT NULL,
  `date_add` datetime NOT NULL,
  `date_upd` datetime NOT NULL,
  PRIMARY KEY (`id_tax_rules_group`)
) ENGINE=InnoDB AUTO_INCREMENT=53 DEFAULT CHARSET=utf8;

--
-- Dumping data for table `ps_tax_rules_group`
--

INSERT INTO `ps_tax_rules_group` VALUES (1,'US-AL Rate (4%)',1,0,'2017-07-03 15:43:37','2017-07-03 15:43:37'),(2,'US-AK Rate (0%)',1,0,'2017-07-03 15:43:37','2017-07-03 15:43:37'),(3,'US-AZ Rate (6.6%)',1,0,'2017-07-03 15:43:37','2017-07-03 15:43:37'),(4,'US-AR Rate (6%)',1,0,'2017-07-03 15:43:37','2017-07-03 15:43:37'),(5,'US-CA Rate (8.25%)',1,0,'2017-07-03 15:43:37','2017-07-03 15:43:37'),(6,'US-CO Rate (2.9%)',1,0,'2017-07-03 15:43:37','2017-07-03 15:43:37'),(7,'US-CT Rate (0%)',1,0,'2017-07-03 15:43:37','2017-07-03 15:43:37'),(8,'US-DE Rate (0%)',1,0,'2017-07-03 15:43:37','2017-07-03 15:43:37'),(9,'US-FL Rate (6%)',1,0,'2017-07-03 15:43:37','2017-07-03 15:43:37'),(10,'US-GA Rate (4%)',1,0,'2017-07-03 15:43:37','2017-07-03 15:43:37'),(11,'US-HI Rate (4%)',1,0,'2017-07-03 15:43:37','2017-07-03 15:43:37'),(12,'US-ID Rate (6%)',1,0,'2017-07-03 15:43:37','2017-07-03 15:43:37'),(13,'US-IL Rate (6.25%)',1,0,'2017-07-03 15:43:38','2017-07-03 15:43:38'),(14,'US-IN Rate (7%)',1,0,'2017-07-03 15:43:38','2017-07-03 15:43:38'),(15,'US-IA Rate (6%)',1,0,'2017-07-03 15:43:38','2017-07-03 15:43:38'),(16,'US-KS Rate (5.3%)',1,0,'2017-07-03 15:43:38','2017-07-03 15:43:38'),(17,'US-KY Rate (6%)',1,0,'2017-07-03 15:43:38','2017-07-03 15:43:38'),(18,'US-LA Rate (4%)',1,0,'2017-07-03 15:43:38','2017-07-03 15:43:38'),(19,'US-ME Rate (5%)',1,0,'2017-07-03 15:43:38','2017-07-03 15:43:38'),(20,'US-MD Rate (6%)',1,0,'2017-07-03 15:43:38','2017-07-03 15:43:38'),(21,'US-MA Rate (6.25%)',1,0,'2017-07-03 15:43:38','2017-07-03 15:43:38'),(22,'US-MI Rate (6%)',1,0,'2017-07-03 15:43:38','2017-07-03 15:43:38'),(23,'US-MN Rate (6.875%)',1,0,'2017-07-03 15:43:38','2017-07-03 15:43:38'),(24,'US-MS Rate (7%)',1,0,'2017-07-03 15:43:38','2017-07-03 15:43:38'),(25,'US-MO Rate (4.225%)',1,0,'2017-07-03 15:43:38','2017-07-03 15:43:38'),(26,'US-MT Rate (0%)',1,0,'2017-07-03 15:43:38','2017-07-03 15:43:38'),(27,'US-NE Rate (5.5%)',1,0,'2017-07-03 15:43:38','2017-07-03 15:43:38'),(28,'US-NV Rate (6.85%)',1,0,'2017-07-03 15:43:38','2017-07-03 15:43:38'),(29,'US-NH Rate (0%)',1,0,'2017-07-03 15:43:38','2017-07-03 15:43:38'),(30,'US-NJ Rate (7%)',1,0,'2017-07-03 15:43:38','2017-07-03 15:43:38'),(31,'US-NM Rate (5.125%)',1,0,'2017-07-03 15:43:38','2017-07-03 15:43:38'),(32,'US-NY Rate (4%)',1,0,'2017-07-03 15:43:38','2017-07-03 15:43:38'),(33,'US-NC Rate (5.5%)',1,0,'2017-07-03 15:43:38','2017-07-03 15:43:38'),(34,'US-ND Rate (5%)',1,0,'2017-07-03 15:43:38','2017-07-03 15:43:38'),(35,'US-OH Rate (5.5%)',1,0,'2017-07-03 15:43:38','2017-07-03 15:43:38'),(36,'US-OK Rate (4.5%)',1,0,'2017-07-03 15:43:38','2017-07-03 15:43:38'),(37,'US-OR Rate (0%)',1,0,'2017-07-03 15:43:38','2017-07-03 15:43:38'),(38,'US-PA Rate (6%)',1,0,'2017-07-03 15:43:38','2017-07-03 15:43:38'),(39,'US-RI Rate (7%)',1,0,'2017-07-03 15:43:38','2017-07-03 15:43:38'),(40,'US-SC Rate (6%)',1,0,'2017-07-03 15:43:38','2017-07-03 15:43:38'),(41,'US-SD Rate (4%)',1,0,'2017-07-03 15:43:38','2017-07-03 15:43:38'),(42,'US-TN Rate (7%)',1,0,'2017-07-03 15:43:38','2017-07-03 15:43:38'),(43,'US-TX Rate (6.25%)',1,0,'2017-07-03 15:43:38','2017-07-03 15:43:38'),(44,'US-UT Rate (4.75%)',1,0,'2017-07-03 15:43:38','2017-07-03 15:43:38'),(45,'US-VT Rate (6%)',1,0,'2017-07-03 15:43:39','2017-07-03 15:43:39'),(46,'US-VA Rate (4%)',1,0,'2017-07-03 15:43:39','2017-07-03 15:43:39'),(47,'US-WA Rate (6.5%)',1,0,'2017-07-03 15:43:39','2017-07-03 15:43:39'),(48,'US-WV Rate (6%)',1,0,'2017-07-03 15:43:39','2017-07-03 15:43:39'),(49,'US-WI Rate (5%)',1,0,'2017-07-03 15:43:39','2017-07-03 15:43:39'),(50,'US-WY Rate (4%)',1,0,'2017-07-03 15:43:39','2017-07-03 15:43:39'),(51,'US-PR Rate (5.5%)',1,0,'2017-07-03 15:43:39','2017-07-03 15:43:39'),(52,'US-DC Rate (6%)',1,0,'2017-07-03 15:43:39','2017-07-03 15:43:39');

--
-- Table structure for table `ps_tax_rules_group_shop`
--

CREATE TABLE `ps_tax_rules_group_shop` (
  `id_tax_rules_group` int(11) unsigned NOT NULL,
  `id_shop` int(11) unsigned NOT NULL,
  PRIMARY KEY (`id_tax_rules_group`,`id_shop`),
  KEY `id_shop` (`id_shop`)
) ENGINE=InnoDB DEFAULT CHARSET=utf8;

--
-- Dumping data for table `ps_tax_rules_group_shop`
--

INSERT INTO `ps_tax_rules_group_shop` VALUES (1,1),(2,1),(3,1),(4,1),(5,1),(6,1),(7,1),(8,1),(9,1),(10,1),(11,1),(12,1),(13,1),(14,1),(15,1),(16,1),(17,1),(18,1),(19,1),(20,1),(21,1),(22,1),(23,1),(24,1),(25,1),(26,1),(27,1),(28,1),(29,1),(30,1),(31,1),(32,1),(33,1),(34,1),(35,1),(36,1),(37,1),(38,1),(39,1),(40,1),(41,1),(42,1),(43,1),(44,1),(45,1),(46,1),(47,1),(48,1),(49,1),(50,1),(51,1),(52,1);

--
-- Table structure for table `ps_timezone`
--

CREATE TABLE `ps_timezone` (
  `id_timezone` int(10) unsigned NOT NULL AUTO_INCREMENT,
  `name` varchar(32) NOT NULL,
  PRIMARY KEY (`id_timezone`)
) ENGINE=InnoDB AUTO_INCREMENT=561 DEFAULT CHARSET=utf8;

--
-- Dumping data for table `ps_timezone`
--

INSERT INTO `ps_timezone` VALUES (1,'Africa/Abidjan'),(2,'Africa/Accra'),(3,'Africa/Addis_Ababa'),(4,'Africa/Algiers'),(5,'Africa/Asmara'),(6,'Africa/Asmera'),(7,'Africa/Bamako'),(8,'Africa/Bangui'),(9,'Africa/Banjul'),(10,'Africa/Bissau'),(11,'Africa/Blantyre'),(12,'Africa/Brazzaville'),(13,'Africa/Bujumbura'),(14,'Africa/Cairo'),(15,'Africa/Casablanca'),(16,'Africa/Ceuta'),(17,'Africa/Conakry'),(18,'Africa/Dakar'),(19,'Africa/Dar_es_Salaam'),(20,'Africa/Djibouti'),(21,'Africa/Douala'),(22,'Africa/El_Aaiun'),(23,'Africa/Freetown'),(24,'Africa/Gaborone'),(25,'Africa/Harare'),(26,'Africa/Johannesburg'),(27,'Africa/Kampala'),(28,'Africa/Khartoum'),(29,'Africa/Kigali'),(30,'Africa/Kinshasa'),(31,'Africa/Lagos'),(32,'Africa/Libreville'),(33,'Africa/Lome'),(34,'Africa/Luanda'),(35,'Africa/Lubumbashi'),(36,'Africa/Lusaka'),(37,'Africa/Malabo'),(38,'Africa/Maputo'),(39,'Africa/Maseru'),(40,'Africa/Mbabane'),(41,'Africa/Mogadishu'),(42,'Africa/Monrovia'),(43,'Africa/Nairobi'),(44,'Africa/Ndjamena'),(45,'Africa/Niamey'),(46,'Africa/Nouakchott'),(47,'Africa/Ouagadougou'),(48,'Africa/Porto-Novo'),(49,'Africa/Sao_Tome'),(50,'Africa/Timbuktu'),(51,'Africa/Tripoli'),(52,'Africa/Tunis'),(53,'Africa/Windhoek'),(54,'America/Adak'),(55,'America/Anchorage '),(56,'America/Anguilla'),(57,'America/Antigua'),(58,'America/Araguaina'),(59,'America/Argentina/Buenos_Aires'),(60,'America/Argentina/Catamarca'),(61,'America/Argentina/ComodRivadavia'),(62,'America/Argentina/Cordoba'),(63,'America/Argentina/Jujuy'),(64,'America/Argentina/La_Rioja'),(65,'America/Argentina/Mendoza'),(66,'America/Argentina/Rio_Gallegos'),(67,'America/Argentina/Salta'),(68,'America/Argentina/San_Juan'),(69,'America/Argentina/San_Luis'),(70,'America/Argentina/Tucuman'),(71,'America/Argentina/Ushuaia'),(72,'America/Aruba'),(73,'America/Asuncion'),(74,'America/Atikokan'),(75,'America/Atka'),(76,'America/Bahia'),(77,'America/Barbados'),(78,'America/Belem'),(79,'America/Belize'),(80,'America/Blanc-Sablon'),(81,'America/Boa_Vista'),(82,'America/Bogota'),(83,'America/Boise'),(84,'America/Buenos_Aires'),(85,'America/Cambridge_Bay'),(86,'America/Campo_Grande'),(87,'America/Cancun'),(88,'America/Caracas'),(89,'America/Catamarca'),(90,'America/Cayenne'),(91,'America/Cayman'),(92,'America/Chicago'),(93,'America/Chihuahua'),(94,'America/Coral_Harbour'),(95,'America/Cordoba'),(96,'America/Costa_Rica'),(97,'America/Cuiaba'),(98,'America/Curacao'),(99,'America/Danmarkshavn'),(100,'America/Dawson'),(101,'America/Dawson_Creek'),(102,'America/Denver'),(103,'America/Detroit'),(104,'America/Dominica'),(105,'America/Edmonton'),(106,'America/Eirunepe'),(107,'America/El_Salvador'),(108,'America/Ensenada'),(109,'America/Fort_Wayne'),(110,'America/Fortaleza'),(111,'America/Glace_Bay'),(112,'America/Godthab'),(113,'America/Goose_Bay'),(114,'America/Grand_Turk'),(115,'America/Grenada'),(116,'America/Guadeloupe'),(117,'America/Guatemala'),(118,'America/Guayaquil'),(119,'America/Guyana'),(120,'America/Halifax'),(121,'America/Havana'),(122,'America/Hermosillo'),(123,'America/Indiana/Indianapolis'),(124,'America/Indiana/Knox'),(125,'America/Indiana/Marengo'),(126,'America/Indiana/Petersburg'),(127,'America/Indiana/Tell_City'),(128,'America/Indiana/Vevay'),(129,'America/Indiana/Vincennes'),(130,'America/Indiana/Winamac'),(131,'America/Indianapolis'),(132,'America/Inuvik'),(133,'America/Iqaluit'),(134,'America/Jamaica'),(135,'America/Jujuy'),(136,'America/Juneau'),(137,'America/Kentucky/Louisville'),(138,'America/Kentucky/Monticello'),(139,'America/Knox_IN'),(140,'America/La_Paz'),(141,'America/Lima'),(142,'America/Los_Angeles'),(143,'America/Louisville'),(144,'America/Maceio'),(145,'America/Managua'),(146,'America/Manaus'),(147,'America/Marigot'),(148,'America/Martinique'),(149,'America/Mazatlan'),(150,'America/Mendoza'),(151,'America/Menominee'),(152,'America/Merida'),(153,'America/Mexico_City'),(154,'America/Miquelon'),(155,'America/Moncton'),(156,'America/Monterrey'),(157,'America/Montevideo'),(158,'America/Montreal'),(159,'America/Montserrat'),(160,'America/Nassau'),(161,'America/New_York'),(162,'America/Nipigon'),(163,'America/Nome'),(164,'America/Noronha'),(165,'America/North_Dakota/Center'),(166,'America/North_Dakota/New_Salem'),(167,'America/Panama'),(168,'America/Pangnirtung'),(169,'America/Paramaribo'),(170,'America/Phoenix'),(171,'America/Port-au-Prince'),(172,'America/Port_of_Spain'),(173,'America/Porto_Acre'),(174,'America/Porto_Velho'),(175,'America/Puerto_Rico'),(176,'America/Rainy_River'),(177,'America/Rankin_Inlet'),(178,'America/Recife'),(179,'America/Regina'),(180,'America/Resolute'),(181,'America/Rio_Branco'),(182,'America/Rosario'),(183,'America/Santarem'),(184,'America/Santiago'),(185,'America/Santo_Domingo'),(186,'America/Sao_Paulo'),(187,'America/Scoresbysund'),(188,'America/Shiprock'),(189,'America/St_Barthelemy'),(190,'America/St_Johns'),(191,'America/St_Kitts'),(192,'America/St_Lucia'),(193,'America/St_Thomas'),(194,'America/St_Vincent'),(195,'America/Swift_Current'),(196,'America/Tegucigalpa'),(197,'America/Thule'),(198,'America/Thunder_Bay'),(199,'America/Tijuana'),(200,'America/Toronto'),(201,'America/Tortola'),(202,'America/Vancouver'),(203,'America/Virgin'),(204,'America/Whitehorse'),(205,'America/Winnipeg'),(206,'America/Yakutat'),(207,'America/Yellowknife'),(208,'Antarctica/Casey'),(209,'Antarctica/Davis'),(210,'Antarctica/DumontDUrville'),(211,'Antarctica/Mawson'),(212,'Antarctica/McMurdo'),(213,'Antarctica/Palmer'),(214,'Antarctica/Rothera'),(215,'Antarctica/South_Pole'),(216,'Antarctica/Syowa'),(217,'Antarctica/Vostok'),(218,'Arctic/Longyearbyen'),(219,'Asia/Aden'),(220,'Asia/Almaty'),(221,'Asia/Amman'),(222,'Asia/Anadyr'),(223,'Asia/Aqtau'),(224,'Asia/Aqtobe'),(225,'Asia/Ashgabat'),(226,'Asia/Ashkhabad'),(227,'Asia/Baghdad'),(228,'Asia/Bahrain'),(229,'Asia/Baku'),(230,'Asia/Bangkok'),(231,'Asia/Beirut'),(232,'Asia/Bishkek'),(233,'Asia/Brunei'),(234,'Asia/Calcutta'),(235,'Asia/Choibalsan'),(236,'Asia/Chongqing'),(237,'Asia/Chungking'),(238,'Asia/Colombo'),(239,'Asia/Dacca'),(240,'Asia/Damascus'),(241,'Asia/Dhaka'),(242,'Asia/Dili'),(243,'Asia/Dubai'),(244,'Asia/Dushanbe'),(245,'Asia/Gaza'),(246,'Asia/Harbin'),(247,'Asia/Ho_Chi_Minh'),(248,'Asia/Hong_Kong'),(249,'Asia/Hovd'),(250,'Asia/Irkutsk'),(251,'Asia/Istanbul'),(252,'Asia/Jakarta'),(253,'Asia/Jayapura'),(254,'Asia/Jerusalem'),(255,'Asia/Kabul'),(256,'Asia/Kamchatka'),(257,'Asia/Karachi'),(258,'Asia/Kashgar'),(259,'Asia/Kathmandu'),(260,'Asia/Katmandu'),(261,'Asia/Kolkata'),(262,'Asia/Krasnoyarsk'),(263,'Asia/Kuala_Lumpur'),(264,'Asia/Kuching'),(265,'Asia/Kuwait'),(266,'Asia/Macao'),(267,'Asia/Macau'),(268,'Asia/Magadan'),(269,'Asia/Makassar'),(270,'Asia/Manila'),(271,'Asia/Muscat'),(272,'Asia/Nicosia'),(273,'Asia/Novosibirsk'),(274,'Asia/Omsk'),(275,'Asia/Oral'),(276,'Asia/Phnom_Penh'),(277,'Asia/Pontianak'),(278,'Asia/Pyongyang'),(279,'Asia/Qatar'),(280,'Asia/Qyzylorda'),(281,'Asia/Rangoon'),(282,'Asia/Riyadh'),(283,'Asia/Saigon'),(284,'Asia/Sakhalin'),(285,'Asia/Samarkand'),(286,'Asia/Seoul'),(287,'Asia/Shanghai'),(288,'Asia/Singapore'),(289,'Asia/Taipei'),(290,'Asia/Tashkent'),(291,'Asia/Tbilisi'),(292,'Asia/Tehran'),(293,'Asia/Tel_Aviv'),(294,'Asia/Thimbu'),(295,'Asia/Thimphu'),(296,'Asia/Tokyo'),(297,'Asia/Ujung_Pandang'),(298,'Asia/Ulaanbaatar'),(299,'Asia/Ulan_Bator'),(300,'Asia/Urumqi'),(301,'Asia/Vientiane'),(302,'Asia/Vladivostok'),(303,'Asia/Yakutsk'),(304,'Asia/Yekaterinburg'),(305,'Asia/Yerevan'),(306,'Atlantic/Azores'),(307,'Atlantic/Bermuda'),(308,'Atlantic/Canary'),(309,'Atlantic/Cape_Verde'),(310,'Atlantic/Faeroe'),(311,'Atlantic/Faroe'),(312,'Atlantic/Jan_Mayen'),(313,'Atlantic/Madeira'),(314,'Atlantic/Reykjavik'),(315,'Atlantic/South_Georgia'),(316,'Atlantic/St_Helena'),(317,'Atlantic/Stanley'),(318,'Australia/ACT'),(319,'Australia/Adelaide'),(320,'Australia/Brisbane'),(321,'Australia/Broken_Hill'),(322,'Australia/Canberra'),(323,'Australia/Currie'),(324,'Australia/Darwin'),(325,'Australia/Eucla'),(326,'Australia/Hobart'),(327,'Australia/LHI'),(328,'Australia/Lindeman'),(329,'Australia/Lord_Howe'),(330,'Australia/Melbourne'),(331,'Australia/North'),(332,'Australia/NSW'),(333,'Australia/Perth'),(334,'Australia/Queensland'),(335,'Australia/South'),(336,'Australia/Sydney'),(337,'Australia/Tasmania'),(338,'Australia/Victoria'),(339,'Australia/West'),(340,'Australia/Yancowinna'),(341,'Europe/Amsterdam'),(342,'Europe/Andorra'),(343,'Europe/Athens'),(344,'Europe/Belfast'),(345,'Europe/Belgrade'),(346,'Europe/Berlin'),(347,'Europe/Bratislava'),(348,'Europe/Brussels'),(349,'Europe/Bucharest'),(350,'Europe/Budapest'),(351,'Europe/Chisinau'),(352,'Europe/Copenhagen'),(353,'Europe/Dublin'),(354,'Europe/Gibraltar'),(355,'Europe/Guernsey'),(356,'Europe/Helsinki'),(357,'Europe/Isle_of_Man'),(358,'Europe/Istanbul'),(359,'Europe/Jersey'),(360,'Europe/Kaliningrad'),(361,'Europe/Kiev'),(362,'Europe/Lisbon'),(363,'Europe/Ljubljana'),(364,'Europe/London'),(365,'Europe/Luxembourg'),(366,'Europe/Madrid'),(367,'Europe/Malta'),(368,'Europe/Mariehamn'),(369,'Europe/Minsk'),(370,'Europe/Monaco'),(371,'Europe/Moscow'),(372,'Europe/Nicosia'),(373,'Europe/Oslo'),(374,'Europe/Paris'),(375,'Europe/Podgorica'),(376,'Europe/Prague'),(377,'Europe/Riga'),(378,'Europe/Rome'),(379,'Europe/Samara'),(380,'Europe/San_Marino'),(381,'Europe/Sarajevo'),(382,'Europe/Simferopol'),(383,'Europe/Skopje'),(384,'Europe/Sofia'),(385,'Europe/Stockholm'),(386,'Europe/Tallinn'),(387,'Europe/Tirane'),(388,'Europe/Tiraspol'),(389,'Europe/Uzhgorod'),(390,'Europe/Vaduz'),(391,'Europe/Vatican'),(392,'Europe/Vienna'),(393,'Europe/Vilnius'),(394,'Europe/Volgograd'),(395,'Europe/Warsaw'),(396,'Europe/Zagreb'),(397,'Europe/Zaporozhye'),(398,'Europe/Zurich'),(399,'Indian/Antananarivo'),(400,'Indian/Chagos'),(401,'Indian/Christmas'),(402,'Indian/Cocos'),(403,'Indian/Comoro'),(404,'Indian/Kerguelen'),(405,'Indian/Mahe'),(406,'Indian/Maldives'),(407,'Indian/Mauritius'),(408,'Indian/Mayotte'),(409,'Indian/Reunion'),(410,'Pacific/Apia'),(411,'Pacific/Auckland'),(412,'Pacific/Chatham'),(413,'Pacific/Easter'),(414,'Pacific/Efate'),(415,'Pacific/Enderbury'),(416,'Pacific/Fakaofo'),(417,'Pacific/Fiji'),(418,'Pacific/Funafuti'),(419,'Pacific/Galapagos'),(420,'Pacific/Gambier'),(421,'Pacific/Guadalcanal'),(422,'Pacific/Guam'),(423,'Pacific/Honolulu'),(424,'Pacific/Johnston'),(425,'Pacific/Kiritimati'),(426,'Pacific/Kosrae'),(427,'Pacific/Kwajalein'),(428,'Pacific/Majuro'),(429,'Pacific/Marquesas'),(430,'Pacific/Midway'),(431,'Pacific/Nauru'),(432,'Pacific/Niue'),(433,'Pacific/Norfolk'),(434,'Pacific/Noumea'),(435,'Pacific/Pago_Pago'),(436,'Pacific/Palau'),(437,'Pacific/Pitcairn'),(438,'Pacific/Ponape'),(439,'Pacific/Port_Moresby'),(440,'Pacific/Rarotonga'),(441,'Pacific/Saipan'),(442,'Pacific/Samoa'),(443,'Pacific/Tahiti'),(444,'Pacific/Tarawa'),(445,'Pacific/Tongatapu'),(446,'Pacific/Truk'),(447,'Pacific/Wake'),(448,'Pacific/Wallis'),(449,'Pacific/Yap'),(450,'Brazil/Acre'),(451,'Brazil/DeNoronha'),(452,'Brazil/East'),(453,'Brazil/West'),(454,'Canada/Atlantic'),(455,'Canada/Central'),(456,'Canada/East-Saskatchewan'),(457,'Canada/Eastern'),(458,'Canada/Mountain'),(459,'Canada/Newfoundland'),(460,'Canada/Pacific'),(461,'Canada/Saskatchewan'),(462,'Canada/Yukon'),(463,'CET'),(464,'Chile/Continental'),(465,'Chile/EasterIsland'),(466,'CST6CDT'),(467,'Cuba'),(468,'EET'),(469,'Egypt'),(470,'Eire'),(471,'EST'),(472,'EST5EDT'),(473,'Etc/GMT'),(474,'Etc/GMT+0'),(475,'Etc/GMT+1'),(476,'Etc/GMT+10'),(477,'Etc/GMT+11'),(478,'Etc/GMT+12'),(479,'Etc/GMT+2'),(480,'Etc/GMT+3'),(481,'Etc/GMT+4'),(482,'Etc/GMT+5'),(483,'Etc/GMT+6'),(484,'Etc/GMT+7'),(485,'Etc/GMT+8'),(486,'Etc/GMT+9'),(487,'Etc/GMT-0'),(488,'Etc/GMT-1'),(489,'Etc/GMT-10'),(490,'Etc/GMT-11'),(491,'Etc/GMT-12'),(492,'Etc/GMT-13'),(493,'Etc/GMT-14'),(494,'Etc/GMT-2'),(495,'Etc/GMT-3'),(496,'Etc/GMT-4'),(497,'Etc/GMT-5'),(498,'Etc/GMT-6'),(499,'Etc/GMT-7'),(500,'Etc/GMT-8'),(501,'Etc/GMT-9'),(502,'Etc/GMT0'),(503,'Etc/Greenwich'),(504,'Etc/UCT'),(505,'Etc/Universal'),(506,'Etc/UTC'),(507,'Etc/Zulu'),(508,'Factory'),(509,'GB'),(510,'GB-Eire'),(511,'GMT'),(512,'GMT+0'),(513,'GMT-0'),(514,'GMT0'),(515,'Greenwich'),(516,'Hongkong'),(517,'HST'),(518,'Iceland'),(519,'Iran'),(520,'Israel'),(521,'Jamaica'),(522,'Japan'),(523,'Kwajalein'),(524,'Libya'),(525,'MET'),(526,'Mexico/BajaNorte'),(527,'Mexico/BajaSur'),(528,'Mexico/General'),(529,'MST'),(530,'MST7MDT'),(531,'Navajo'),(532,'NZ'),(533,'NZ-CHAT'),(534,'Poland'),(535,'Portugal'),(536,'PRC'),(537,'PST8PDT'),(538,'ROC'),(539,'ROK'),(540,'Singapore'),(541,'Turkey'),(542,'UCT'),(543,'Universal'),(544,'US/Alaska'),(545,'US/Aleutian'),(546,'US/Arizona'),(547,'US/Central'),(548,'US/East-Indiana'),(549,'US/Eastern'),(550,'US/Hawaii'),(551,'US/Indiana-Starke'),(552,'US/Michigan'),(553,'US/Mountain'),(554,'US/Pacific'),(555,'US/Pacific-New'),(556,'US/Samoa'),(557,'UTC'),(558,'W-SU'),(559,'WET'),(560,'Zulu');

--
-- Table structure for table `ps_translation`
--

CREATE TABLE `ps_translation` (
  `id_translation` int(11) NOT NULL AUTO_INCREMENT,
  `id_lang` int(11) NOT NULL,
  `key` text COLLATE utf8_unicode_ci NOT NULL,
  `translation` text COLLATE utf8_unicode_ci NOT NULL,
  `domain` varchar(80) COLLATE utf8_unicode_ci NOT NULL,
  `theme` varchar(32) COLLATE utf8_unicode_ci DEFAULT NULL,
  PRIMARY KEY (`id_translation`),
  KEY `IDX_ADEBEB36BA299860` (`id_lang`),
  KEY `key` (`domain`)
) ENGINE=InnoDB DEFAULT CHARSET=utf8 COLLATE=utf8_unicode_ci;

--
-- Dumping data for table `ps_translation`
--


--
-- Table structure for table `ps_tw_customer`
--

CREATE TABLE `ps_tw_customer` (
  `id` int(11) NOT NULL AUTO_INCREMENT,
  `twitter_id` bigint(20) NOT NULL,
  `user_id` int(11) NOT NULL,
  `id_shop` int(11) NOT NULL DEFAULT '0',
  PRIMARY KEY (`id`),
  UNIQUE KEY `FBTWEINONE_CUSTOMER` (`twitter_id`,`user_id`,`id_shop`)
) ENGINE=InnoDB AUTO_INCREMENT=3 DEFAULT CHARSET=utf8;

--
-- Dumping data for table `ps_tw_customer`
--

INSERT INTO `ps_tw_customer` VALUES (1,88671839,3,1),(2,330365955,6,1);

--
-- Table structure for table `ps_warehouse`
--

CREATE TABLE `ps_warehouse` (
  `id_warehouse` int(11) unsigned NOT NULL AUTO_INCREMENT,
  `id_currency` int(11) unsigned NOT NULL,
  `id_address` int(11) unsigned NOT NULL,
  `id_employee` int(11) unsigned NOT NULL,
  `reference` varchar(32) DEFAULT NULL,
  `name` varchar(45) NOT NULL,
  `management_type` enum('WA','FIFO','LIFO') NOT NULL DEFAULT 'WA',
  `deleted` tinyint(1) unsigned NOT NULL DEFAULT '0',
  PRIMARY KEY (`id_warehouse`)
) ENGINE=InnoDB DEFAULT CHARSET=utf8;

--
-- Dumping data for table `ps_warehouse`
--


--
-- Table structure for table `ps_warehouse_carrier`
--

CREATE TABLE `ps_warehouse_carrier` (
  `id_carrier` int(11) unsigned NOT NULL,
  `id_warehouse` int(11) unsigned NOT NULL,
  PRIMARY KEY (`id_warehouse`,`id_carrier`),
  KEY `id_warehouse` (`id_warehouse`),
  KEY `id_carrier` (`id_carrier`)
) ENGINE=InnoDB DEFAULT CHARSET=utf8;

--
-- Dumping data for table `ps_warehouse_carrier`
--


--
-- Table structure for table `ps_warehouse_product_location`
--

CREATE TABLE `ps_warehouse_product_location` (
  `id_warehouse_product_location` int(11) unsigned NOT NULL AUTO_INCREMENT,
  `id_product` int(11) unsigned NOT NULL,
  `id_product_attribute` int(11) unsigned NOT NULL,
  `id_warehouse` int(11) unsigned NOT NULL,
  `location` varchar(64) DEFAULT NULL,
  PRIMARY KEY (`id_warehouse_product_location`),
  UNIQUE KEY `id_product` (`id_product`,`id_product_attribute`,`id_warehouse`)
) ENGINE=InnoDB DEFAULT CHARSET=utf8;

--
-- Dumping data for table `ps_warehouse_product_location`
--


--
-- Table structure for table `ps_warehouse_shop`
--

CREATE TABLE `ps_warehouse_shop` (
  `id_shop` int(11) unsigned NOT NULL,
  `id_warehouse` int(11) unsigned NOT NULL,
  PRIMARY KEY (`id_warehouse`,`id_shop`),
  KEY `id_warehouse` (`id_warehouse`),
  KEY `id_shop` (`id_shop`)
) ENGINE=InnoDB DEFAULT CHARSET=utf8;

--
-- Dumping data for table `ps_warehouse_shop`
--


--
-- Table structure for table `ps_web_browser`
--

CREATE TABLE `ps_web_browser` (
  `id_web_browser` int(10) unsigned NOT NULL AUTO_INCREMENT,
  `name` varchar(64) DEFAULT NULL,
  PRIMARY KEY (`id_web_browser`)
) ENGINE=InnoDB AUTO_INCREMENT=12 DEFAULT CHARSET=utf8;

--
-- Dumping data for table `ps_web_browser`
--

INSERT INTO `ps_web_browser` VALUES (1,'Safari'),(2,'Safari iPad'),(3,'Firefox'),(4,'Opera'),(5,'IE 6'),(6,'IE 7'),(7,'IE 8'),(8,'IE 9'),(9,'IE 10'),(10,'IE 11'),(11,'Chrome');

--
-- Table structure for table `ps_webservice_account`
--

CREATE TABLE `ps_webservice_account` (
  `id_webservice_account` int(11) NOT NULL AUTO_INCREMENT,
  `key` varchar(32) NOT NULL,
  `description` text,
  `class_name` varchar(50) NOT NULL DEFAULT 'WebserviceRequest',
  `is_module` tinyint(2) NOT NULL DEFAULT '0',
  `module_name` varchar(50) DEFAULT NULL,
  `active` tinyint(2) NOT NULL,
  PRIMARY KEY (`id_webservice_account`),
  KEY `key` (`key`)
) ENGINE=InnoDB DEFAULT CHARSET=utf8;

--
-- Dumping data for table `ps_webservice_account`
--


--
-- Table structure for table `ps_webservice_account_shop`
--

CREATE TABLE `ps_webservice_account_shop` (
  `id_webservice_account` int(11) unsigned NOT NULL,
  `id_shop` int(11) unsigned NOT NULL,
  PRIMARY KEY (`id_webservice_account`,`id_shop`),
  KEY `id_shop` (`id_shop`)
) ENGINE=InnoDB DEFAULT CHARSET=utf8;

--
-- Dumping data for table `ps_webservice_account_shop`
--


--
-- Table structure for table `ps_webservice_permission`
--

CREATE TABLE `ps_webservice_permission` (
  `id_webservice_permission` int(11) NOT NULL AUTO_INCREMENT,
  `resource` varchar(50) NOT NULL,
  `method` enum('GET','POST','PUT','DELETE','HEAD') NOT NULL,
  `id_webservice_account` int(11) NOT NULL,
  PRIMARY KEY (`id_webservice_permission`),
  UNIQUE KEY `resource_2` (`resource`,`method`,`id_webservice_account`),
  KEY `resource` (`resource`),
  KEY `method` (`method`),
  KEY `id_webservice_account` (`id_webservice_account`)
) ENGINE=InnoDB DEFAULT CHARSET=utf8;

--
-- Dumping data for table `ps_webservice_permission`
--


--
-- Table structure for table `ps_zone`
--

CREATE TABLE `ps_zone` (
  `id_zone` int(10) unsigned NOT NULL AUTO_INCREMENT,
  `name` varchar(64) NOT NULL,
  `active` tinyint(1) unsigned NOT NULL DEFAULT '0',
  PRIMARY KEY (`id_zone`)
) ENGINE=InnoDB AUTO_INCREMENT=9 DEFAULT CHARSET=utf8;

--
-- Dumping data for table `ps_zone`
--

INSERT INTO `ps_zone` VALUES (1,'Europe',1),(2,'North America',1),(3,'Asia',1),(4,'Africa',1),(5,'Oceania',1),(6,'South America',1),(7,'Europe (non-EU)',1),(8,'Central America/Antilla',1);

--
-- Table structure for table `ps_zone_shop`
--

CREATE TABLE `ps_zone_shop` (
  `id_zone` int(11) unsigned NOT NULL,
  `id_shop` int(11) unsigned NOT NULL,
  PRIMARY KEY (`id_zone`,`id_shop`),
  KEY `id_shop` (`id_shop`)
) ENGINE=InnoDB DEFAULT CHARSET=utf8;

--
-- Dumping data for table `ps_zone_shop`
--

INSERT INTO `ps_zone_shop` VALUES (1,1),(2,1),(3,1),(4,1),(5,1),(6,1),(7,1),(8,1);


